000
CXUS51 KBTV 010800
CF6SLK
PRELIMINARY LOCAL CLIMATOLOGICAL DATA (WS FORM: F-6)
STATION: SARANAC LAKE NY
MONTH: NOVEMBER
YEAR: 2022
LATITUDE: 44 23 N
LONGITUDE: 74 12 W
TEMPERATURE IN F: :PCPN: SNOW: WIND :SUNSHINE: SKY :PK WND
================================================================================
1 2 3 4 5 6A 6B 7 8 9 10 11 12 13 14 15 16 17 18
12Z AVG MX 2MIN
DY MAX MIN AVG DEP HDD CDD WTR SNW DPTH SPD SPD DIR MIN PSBL S-S WX SPD DR
================================================================================
1 56 45 51 14 14 0 0.06 M M 3.6 8 260 M M 10 1 13 270
2 59 27 43 6 22 0 0.00 M M 0.9 7 50 M M 5 12 9 30
3 65 25 45 8 20 0 0.00 M M 2.8 18 210 M M 0 24 220
4 68 29 49 13 16 0 0.00 M M 6.5 17 210 M M 0 24 210
5 70 53 62 26 3 0 0.00 M M 15.7 30 190 M M 2 46 190
6 68 54 61 25 4 0 0.80 M M 9.2 25 220 M M 8 18 35 230
7 56 37 47 12 18 0 0.00 M M 8.7 23 240 M M 4 1 35 230
8 39 18 29 -6 36 0 0.00 M M 3.7 10 330 M M 1 18 350
9 56 15 36 2 29 0 0.00 M M 5.3 15 220 M M 0 22 220
10 66 30 48 14 17 0 0.00 M M 8.8 20 230 M M 4 27 210
11 63 41 52 18 13 0 0.49 M M 6.2 20 220 M M 6 1 25 230
12 66 40 53 20 12 0 0.78 M M 7.1 18 200 M M 10 1 23 210
13 40 24 32 -1 33 0 0.03 M M 4.8 13 290 M M 10 18 21 310
14 31 14 23 -9 42 0 T M M 4.4 13 290 M M 6 24 330
15 31 9 20 -12 45 0 0.02 M M 3.0 12 60 M M 4 1 15 50
16 34 26 30 -2 35 0 0.23 M M 4.2 9 250 M M 10 12 14 250
17 27 21 24 -7 41 0 0.03 M M 6.9 15 250 M M 10 18 22 260
18 28 16 22 -9 43 0 0.15 M M 8.6 18 220 M M 9 128 24 230
19 28 18 23 -8 42 0 T M M 9.9 20 210 M M 8 18 25 220
20 23 8 16 -14 49 0 0.02 M M 9.5 18 260 M M 7 18 34 260
21 33 0 17 -13 48 0 T M M 11.2 23 220 M M 7 8 35 220
22 34 13 24 -5 41 0 0.00 M M 4.6 17 250 M M 7 25 270
23 32 17 25 -4 40 0 T M M 3.4 8 260 M M 9 1 12 270
24 45 7 26 -3 39 0 0.00 M M 1.7 10 220 M M 0 1 13 230
25 39 23 31 3 34 0 0.11 M M 7.1 21 200 M M 9 1 27 220
26 45 30 38 10 27 0 0.00 M M 8.8 18 240 M M 5 26 240
27 47 30 39 11 26 0 0.29 M M 4.6 16 220 M M 4 1 21 230
28 37 26 32 5 33 0 0.04 M M 4.8 10 310 M M 10 1 18 310
29 30 21 26 -1 39 0 0.00 M M 4.1 10 170 M M 9 13 190
30 45 20 33 7 32 0 0.23 M M 13.6 26 240 M M 8 1 41 250
================================================================================
SM 1361 737 893 0 3.28 M 193.7 M 182
================================================================================
AV 45.4 24.6 6.5 FASTST M M 6 MAX(MPH)
MISC ----> 30 190 46 190
================================================================================
NOTES:
# LAST OF SEVERAL OCCURRENCES
COLUMN 17 PEAK WIND IN M.P.H.
PRELIMINARY LOCAL CLIMATOLOGICAL DATA (WS FORM: F-6) , PAGE 2
STATION: SARANAC LAKE NY
MONTH: NOVEMBER
YEAR: 2022
LATITUDE: 44 23 N
LONGITUDE: 74 12 W
[TEMPERATURE DATA] [PRECIPITATION DATA] SYMBOLS USED IN COLUMN 16
AVERAGE MONTHLY: 35.0 TOTAL FOR MONTH: 3.28 1 = FOG OR MIST
DPTR FM NORMAL: 3.1 DPTR FM NORMAL: 0.44 2 = FOG REDUCING VISIBILITY
HIGHEST: 70 ON 5 GRTST 24HR 1.25 ON 11-12 TO 1/4 MILE OR LESS
LOWEST: 0 ON 21 3 = THUNDER
SNOW, ICE PELLETS, HAIL 4 = ICE PELLETS
TOTAL MONTH: M 5 = HAIL
GRTST 24HR M ON M 6 = FREEZING RAIN OR DRIZZLE
GRTST DEPTH: M ON M 7 = DUSTSTORM OR SANDSTORM:
VSBY 1/2 MILE OR LESS
8 = SMOKE OR HAZE
[NO. OF DAYS WITH] [WEATHER - DAYS WITH] 9 = BLOWING SNOW
X = TORNADO
MAX 32 OR BELOW: 8 0.01 INCH OR MORE: 14
MAX 90 OR ABOVE: 0 0.10 INCH OR MORE: 8
MIN 32 OR BELOW: 24 0.50 INCH OR MORE: 2
MIN 0 OR BELOW: 1 1.00 INCH OR MORE: 0
[HDD (BASE 65) ]
TOTAL THIS MO. 893 CLEAR (SCALE 0-3) 6
DPTR FM NORMAL -100 PTCLDY (SCALE 4-7) 13
TOTAL FM JUL 1 1979 CLOUDY (SCALE 8-10) 11
DPTR FM NORMAL -239
[CDD (BASE 65) ]
TOTAL THIS MO. 0
DPTR FM NORMAL 0 [PRESSURE DATA]
TOTAL FM JAN 1 144 HIGHEST SLP 30.73 ON 8
DPTR FM NORMAL 24 LOWEST SLP 29.25 ON 27
[REMARKS]
#FINAL-11-22#