066
CXUS56 KLOX 011655
CF6SMO
PRELIMINARY LOCAL CLIMATOLOGICAL DATA (WS FORM: F-6)
STATION: SANTA MONICA AIRPORT CA
MONTH: MAY
YEAR: 2020
LATITUDE: 34 0 N
LONGITUDE: 118 27 W
TEMPERATURE IN F: :PCPN: SNOW: WIND :SUNSHINE: SKY :PK WND
================================================================================
1 2 3 4 5 6A 6B 7 8 9 10 11 12 13 14 15 16 17 18
12Z AVG MX 2MIN
DY MAX MIN AVG DEP HDD CDD WTR SNW DPTH SPD SPD DIR MIN PSBL S-S WX SPD DR
================================================================================
1 70 57 64 4 1 0 0.00 0.0 0 3.2 14 220 M M 3 18 18 210
2 71 58 65 5 0 0 0.00 0.0 0 5.3 16 240 M M 1 24 220
3 70 56 63 2 2 0 0.00 0.0 0 4.6 15 220 M M 0 21 210
4 72 56 64 3 1 0 0.00 0.0 0 3.3 13 240 M M 0 17 240
5 78 58 68 7 0 3 0.00 0.0 0 4.3 13 220 M M 0 16 220
6 83 59 71 10 0 6 0.00 0.0 0 3.6 12 210 M M 0 15 200
7 83 62 73 12 0 8 0.00 0.0 0 4.1 13 220 M M 0 16 220
8 75 59 67 6 0 2 0.00 0.0 0 4.4 13 240 M M 1 8 16 240
9 70 61 66 4 0 1 0.00 0.0 0 4.4 13 230 M M 6 18 17 250
10 70 60 65 3 0 0 0.00 0.0 0 6.2 15 260 M M 8 1 20 250
11 67 58 63 1 2 0 0.00 0.0 0 5.9 16 240 M M 5 23 230
12 69 54 62 0 3 0 T 0.0 0 5.7 15 240 M M 4 8 21 250
13 70 53 62 0 3 0 0.00 0.0 0 5.3 14 250 M M 0 19 230
14 71 56 64 2 1 0 0.00 0.0 0 5.1 20 240 M M 0 30 270
15 73 59 66 4 0 1 0.00 0.0 0 5.1 13 230 M M 0 18 220
16 73 59 66 4 0 1 0.00 0.0 0 4.7 12 230 M M 0 16 230
17 73 59 66 4 0 1 0.00 0.0 0 5.4 15 220 M M 2 20 210
18 68 57 63 0 2 0 0.15 0.0 0 8.1 17 240 M M 7 1 25 250
19 67 53 60 -3 5 0 0.00 0.0 0 6.0 20 250 M M 0 28 230
20 67 55 61 -2 4 0 0.00 0.0 0 5.9 15 230 M M 1 20 240
21 72 56 64 1 1 0 0.00 0.0 0 4.2 14 240 M M 0 18 260
22 71 57 64 1 1 0 0.00 0.0 0 4.9 14 230 M M 3 22 260
23 69 58 64 1 1 0 0.00 0.0 0 5.7 14 230 M M 2 19 240
24 70 56 63 0 2 0 0.00 0.0 0 4.6 15 230 M M 0 23 250
25 70 58 64 1 1 0 0.00 0.0 0 4.4 13 230 M M 1 16 240
26 70 57 64 1 1 0 0.00 0.0 0 4.1 13 230 M M 7 128 19 210
27 70 58 64 1 1 0 0.00 0.0 0 4.5 13 220 M M 7 128 17 220
28 68 60 64 0 1 0 0.00 0.0 0 4.9 12 220 M M 9 18 16 240
29 69 60 65 1 0 0 0.00 0.0 0 5.4 13 230 M M 9 1 17 210
30 71 59 65 1 0 0 0.00 0.0 0 6.4 17 250 M M 2 26 250
31 70 56 63 -1 2 0 0.00 0.0 0 5.6 15 250 M M 0 22 270
================================================================================
SM 2210 1784 35 23 0.15 0.0 155.3 M 78
================================================================================
AV 71.3 57.6 5.0 FASTST M M 3 MAX(MPH)
MISC ----> # 20 240 # 30 270
================================================================================
NOTES:
# LAST OF SEVERAL OCCURRENCES
COLUMN 17 PEAK WIND IN M.P.H.
PRELIMINARY LOCAL CLIMATOLOGICAL DATA (WS FORM: F-6) , PAGE 2
STATION: SANTA MONICA AIRPORT CA
MONTH: MAY
YEAR: 2020
LATITUDE: 34 0 N
LONGITUDE: 118 27 W
[TEMPERATURE DATA] [PRECIPITATION DATA] SYMBOLS USED IN COLUMN 16
AVERAGE MONTHLY: 64.4 TOTAL FOR MONTH: 0.15 1 = FOG OR MIST
DPTR FM NORMAL: 2.2 DPTR FM NORMAL: -0.07 2 = FOG REDUCING VISIBILITY
HIGHEST: 83 ON 7, 6 GRTST 24HR 0.15 ON 18-18 TO 1/4 MILE OR LESS
LOWEST: 53 ON 19,13 3 = THUNDER
SNOW, ICE PELLETS, HAIL 4 = ICE PELLETS
TOTAL MONTH: 0.0 INCH 5 = HAIL
GRTST 24HR 0.0 6 = FREEZING RAIN OR DRIZZLE
GRTST DEPTH: 0 7 = DUSTSTORM OR SANDSTORM:
VSBY 1/2 MILE OR LESS
8 = SMOKE OR HAZE
[NO. OF DAYS WITH] [WEATHER - DAYS WITH] 9 = BLOWING SNOW
X = TORNADO
MAX 32 OR BELOW: 0 0.01 INCH OR MORE: 1
MAX 90 OR ABOVE: 0 0.10 INCH OR MORE: 1
MIN 32 OR BELOW: 0 0.50 INCH OR MORE: 0
MIN 0 OR BELOW: 0 1.00 INCH OR MORE: 0
[HDD (BASE 65) ]
TOTAL THIS MO. 35 CLEAR (SCALE 0-3) 21
DPTR FM NORMAL -62 PTCLDY (SCALE 4-7) 7
TOTAL FM JUL 1 1305 CLOUDY (SCALE 8-10) 3
DPTR FM NORMAL -200
[CDD (BASE 65) ]
TOTAL THIS MO. 23
DPTR FM NORMAL 12 [PRESSURE DATA]
TOTAL FM JAN 1 56 HIGHEST SLP 30.07 ON 20
DPTR FM NORMAL 22 LOWEST SLP 29.81 ON 7
[REMARKS]
#FINAL-05-20#