000
CXUS56 KLOX 011155
CF6SMX
PRELIMINARY LOCAL CLIMATOLOGICAL DATA (WS FORM: F-6)
STATION: SANTA MARIA AIRPORT CA
MONTH: OCTOBER
YEAR: 2022
LATITUDE: 34 54 N
LONGITUDE: 120 27 W
TEMPERATURE IN F: :PCPN: SNOW: WIND :SUNSHINE: SKY :PK WND
================================================================================
1 2 3 4 5 6A 6B 7 8 9 10 11 12 13 14 15 16 17 18
12Z AVG MX 2MIN
DY MAX MIN AVG DEP HDD CDD WTR SNW DPTH SPD SPD DIR MIN PSBL S-S WX SPD DR
================================================================================
1 68 56 62 -2 3 0 0.00 M M 4.4 13 310 M M 9 1 19 320
2 69 53 61 -3 4 0 0.00 M M 3.7 16 300 M M 5 20 300
3 71 51 61 -3 4 0 0.00 M M 6.7 20 280 M M 1 128 24 290
4 71 50 61 -2 4 0 0.00 M M 5.8 12 330 M M 1 128 15 300
5 74 52 63 0 2 0 0.00 M M 4.4 13 310 M M 5 128 15 300
6 75 51 63 0 2 0 0.00 M M 3.9 12 300 M M 7 128 15 310
7 68 52 60 -3 5 0 0.00 M M 4.4 14 280 M M 6 12 17 290
8 69 51 60 -3 5 0 0.00 M M 4.7 12 310 M M 7 12 16 300
9 65 55 60 -3 5 0 0.00 M M 4.5 13 310 M M 9 1 16 310
10 68 56 62 -1 3 0 0.00 M M 4.0 14 310 M M 9 1 17 320
11 65 56 61 -2 4 0 0.00 M M 3.5 10 330 M M 10 1 12 340
12 67 56 62 -1 3 0 0.00 M M 4.2 13 340 M M 9 1 17 330
13 68 55 62 -1 3 0 0.00 M M 5.7 15 310 M M 7 138 19 320
14 67 55 61 -1 4 0 0.00 M M 4.2 13 290 M M 10 1 15 280
15 65 57 61 -1 4 0 T M M 3.5 13 330 M M 10 1 15 310
16 67 51 59 -3 6 0 0.00 M M 5.2 15 290 M M 6 18 290
17 71 48 60 -2 5 0 0.00 M M 3.8 14 330 M M 3 1 17 320
18 77 50 64 2 1 0 0.00 M M 3.2 14 280 M M 2 128 20 300
19 93 54 74 12 0 9 0.00 M M 4.2 17 240 M M 1 8 23 250
20 86 55 71 9 0 6 0.00 M M 3.7 12 330 M M 3 128 18 330
21 72 55 64 2 1 0 0.00 M M 3.8 14 320 M M 7 18 17 320
22 66 49 58 -4 7 0 0.00 M M 6.2 18 290 M M 9 18 22 310
23 68 42 55 -7 10 0 0.00 M M 7.3 24 300 M M 0 31 310
24 75 43 59 -2 6 0 0.00 M M 4.6 16 320 M M 0 19 320
25 69 44 57 -4 8 0 0.00 M M 7.9 22 300 M M 0 8 27 310
26 65 43 54 -7 11 0 0.00 M M 6.4 21 320 M M 3 12 26 320
27 70 42 56 -5 9 0 0.00 M M 4.6 14 310 M M 1 1 20 320
28 66 42 54 -7 11 0 0.00 M M 3.7 15 310 M M 4 12 19 320
29 74 45 60 -1 5 0 0.00 M M 5.8 20 300 M M 3 12 24 290
30 74 48 61 1 4 0 0.00 M M 8.0 20 320 M M 2 12 28 320
31 62 42 52 -8 13 0 0.00 M M 3.7 10 290 M M 8 128 13 300
================================================================================
SM 2185 1559 152 15 T M 149.7 M 157
================================================================================
AV 70.5 50.3 4.8 FASTST M M 5 MAX(MPH)
MISC ----> 24 300 31 310
================================================================================
NOTES:
# LAST OF SEVERAL OCCURRENCES
COLUMN 17 PEAK WIND IN M.P.H.
PRELIMINARY LOCAL CLIMATOLOGICAL DATA (WS FORM: F-6) , PAGE 2
STATION: SANTA MARIA AIRPORT CA
MONTH: OCTOBER
YEAR: 2022
LATITUDE: 34 54 N
LONGITUDE: 120 27 W
[TEMPERATURE DATA] [PRECIPITATION DATA] SYMBOLS USED IN COLUMN 16
AVERAGE MONTHLY: 60.4 TOTAL FOR MONTH: T 1 = FOG OR MIST
DPTR FM NORMAL: -1.8 DPTR FM NORMAL: -0.54 2 = FOG REDUCING VISIBILITY
HIGHEST: 93 ON 19 GRTST 24HR T ON 15-15 TO 1/4 MILE OR LESS
LOWEST: 42 ON 31,28 3 = THUNDER
SNOW, ICE PELLETS, HAIL 4 = ICE PELLETS
TOTAL MONTH: M 5 = HAIL
GRTST 24HR M ON M 6 = FREEZING RAIN OR DRIZZLE
GRTST DEPTH: M ON M 7 = DUSTSTORM OR SANDSTORM:
VSBY 1/2 MILE OR LESS
8 = SMOKE OR HAZE
[NO. OF DAYS WITH] [WEATHER - DAYS WITH] 9 = BLOWING SNOW
X = TORNADO
MAX 32 OR BELOW: 0 0.01 INCH OR MORE: 0
MAX 90 OR ABOVE: 1 0.10 INCH OR MORE: 0
MIN 32 OR BELOW: 0 0.50 INCH OR MORE: 0
MIN 0 OR BELOW: 0 1.00 INCH OR MORE: 0
[HDD (BASE 65) ]
TOTAL THIS MO. 152 CLEAR (SCALE 0-3) 12
DPTR FM NORMAL 31 PTCLDY (SCALE 4-7) 11
TOTAL FM JUL 1 276 CLOUDY (SCALE 8-10) 8
DPTR FM NORMAL -5
[CDD (BASE 65) ]
TOTAL THIS MO. 15
DPTR FM NORMAL -19 [PRESSURE DATA]
TOTAL FM JAN 1 202 HIGHEST SLP 30.22 ON 28
DPTR FM NORMAL 43 LOWEST SLP 29.78 ON 22
[REMARKS]
#FINAL-10-22#