000
CXUS55 KPIH 011449
CF6SNT
PRELIMINARY LOCAL CLIMATOLOGICAL DATA (WS FORM: F-6)
STATION: STANLEY_ID
MONTH: APRIL
YEAR: 2020
LATITUDE: 44 10 N
LONGITUDE: 114 56 W
TEMPERATURE IN F: :PCPN: SNOW: WIND :SUNSHINE: SKY :PK WND
================================================================================
1 2 3 4 5 6A 6B 7 8 9 10 11 12 13 14 15 16 17 18
12Z AVG MX 2MIN
DY MAX MIN AVG DEP HDD CDD WTR SNW DPTH SPD SPD DIR MIN PSBL S-S WX SPD DR
================================================================================
1 29 -3 13 -17 52 0 0.00 M M 1.8 12 310 M M 0 16 330
2 31 -9 11 -19 54 0 0.00 M M 3.4 13 20 M M 0 18 10
3 34 -8 13 -17 52 0 0.00 M M 2.4 12 270 M M 0 18 240
4 41 1 21 -10 44 0 0.00 M M 5.9 15 140 M M 0 21 140
5 47 21 34 3 31 0 0.03 M M 6.1 16 150 M M 0 28 170
6 48 29 39 8 26 0 0.06 M M 3.4 10 110 M M 0 13 170
7 51 21 36 5 29 0 0.00 M M 3.6 16 330 M M 0 23 340
8 57 17 37 5 28 0 0.00 M M 2.2 7 350 M M 0 9 350
9 60 16 38 6 27 0 0.00 M M 3.6 7 170 M M 0 10 350
10 57 22 40 8 25 0 0.00 M M 2.7 10 320 M M 0 17 320
11 47 23 35 3 30 0 0.10 M M 5.7 21 330 M M 0 29 20
12 35 11 23 -9 42 0 0.00 M M 4.1 16 330 M M 0 24 330
13 34 7 21 -12 44 0 0.00 M M 4.3 14 350 M M 0 18 330
14 43 11 27 -6 38 0 0.00 M M 4.9 14 310 M M 0 22 320
15 42 29 36 3 29 0 0.13 M M 3.0 23 30 M M 0 31 20
16 39 15 27 -6 38 0 0.00 M M 3.7 9 350 M M 0 15 320
17 50 8 29 -5 36 0 0.00 M M 2.9 9 360 M M 0 13 350
18 53 13 33 -1 32 0 0.00 M M 2.8 14 30 M M 0 20 30
19 51 20 36 2 29 0 0.00 M M 3.8 9 340 M M 0 14 320
20 54 19 37 2 28 0 0.00 M M 3.4 8 340 M M 0 11 340
21 55 20 38 3 27 0 0.00 M M 3.7 13 340 M M 0 22 350
22 54 24 39 4 26 0 0.00 M M 3.6 16 220 M M 0 26 220
23 46 31 39 3 26 0 0.09 M M 4.3 20 350 M M 0 28 360
24 50 25 38 2 27 0 0.00 M M 3.6 12 240 M M 0 17 260
25 56 25 41 5 24 0 0.00 M M 4.4 12 250 M M 0 19 260
26 57 33 45 8 20 0 0.14 M M 3.6 12 360 M M 0 18 30
27 54 29 42 5 23 0 0.16 M M 3.8 15 290 M M 0 24 310
28 63 28 46 9 19 0 0.00 M M 2.6 10 330 M M 0 15 330
29 71 26 49 11 16 0 0.00 M M 4.7 14 170 M M 0 19 160
30 60 33 47 9 18 0 0.46 M M 3.5 22 270 M M 0 30 260
================================================================================
SM 1469 537 940 0 1.17 M 111.5 M 0
================================================================================
AV 49.0 17.9 3.7 FASTST M M 0 MAX(MPH)
MISC ----> # 23 30 # 31 20
================================================================================
NOTES:
# LAST OF SEVERAL OCCURRENCES
PRECIPITATION SUSPECT DURING FREEZING/FROZEN EVENTS
COLUMN 17 PEAK WIND IN M.P.H.
PRELIMINARY LOCAL CLIMATOLOGICAL DATA (WS FORM: F-6) , PAGE 2
STATION: STANLEY_ID
MONTH: APRIL
YEAR: 2020
LATITUDE: 44 10 N
LONGITUDE: 114 56 W
[TEMPERATURE DATA] [PRECIPITATION DATA] SYMBOLS USED IN COLUMN 16
AVERAGE MONTHLY: 33.4 TOTAL FOR MONTH: 1.17 1 = FOG OR MIST
DPTR FM NORMAL: -0.2 DPTR FM NORMAL: -0.55 2 = FOG REDUCING VISIBILITY
HIGHEST: 71 ON 29 GRTST 24HR 0.56 ON 31- 1 TO 1/4 MILE OR LESS
LOWEST: -9 ON 2 3 = THUNDER
SNOW, ICE PELLETS, HAIL 4 = ICE PELLETS
TOTAL MONTH: M 5 = HAIL
GRTST 24HR M ON M 6 = FREEZING RAIN OR DRIZZLE
GRTST DEPTH: M ON M 7 = DUSTSTORM OR SANDSTORM:
VSBY 1/2 MILE OR LESS
8 = SMOKE OR HAZE
[NO. OF DAYS WITH] [WEATHER - DAYS WITH] 9 = BLOWING SNOW
X = TORNADO
MAX 32 OR BELOW: 2 0.01 INCH OR MORE: 8
MAX 90 OR ABOVE: 0 0.10 INCH OR MORE: 5
MIN 32 OR BELOW: 28 0.50 INCH OR MORE: 0
MIN 0 OR BELOW: 3 1.00 INCH OR MORE: 0
[HDD (BASE 65) ]
TOTAL THIS MO. 940 CLEAR (SCALE 0-3) 30
DPTR FM NORMAL -2 PTCLDY (SCALE 4-7) 0
TOTAL FM JUL 1 9168 CLOUDY (SCALE 8-10) 0
DPTR FM NORMAL -492
[CDD (BASE 65) ]
TOTAL THIS MO. 0
DPTR FM NORMAL 0 [PRESSURE DATA]
TOTAL FM JAN 1 0 HIGHEST SLP 30.29 ON 14
DPTR FM NORMAL 0 LOWEST SLP 29.50 ON 5
[REMARKS]
30TH: RAINFALL 0.46 BREAKS OLD RECORD OF 0.41 SET IN 2001 AND 1964.
#FINAL-04-20#