000
CXUS55 KCYS 161149
CF6SNY
PRELIMINARY LOCAL CLIMATOLOGICAL DATA (WS FORM: F-6)...CORRECTED
STATION: SIDNEY NEBRASKA AIRPORT
MONTH: JULY
YEAR: 2021
LATITUDE: 41 5 N
LONGITUDE: 102 59 W
TEMPERATURE IN F: :PCPN: SNOW: WIND :SUNSHINE: SKY :PK WND
================================================================================
1 2 3 4 5 6A 6B 7 8 9 10 11 12 13 14 15 16 17 18
12Z AVG MX 2MIN
DY MAX MIN AVG DEP HDD CDD WTR SNW DPTH SPD SPD DIR MIN PSBL S-S WX SPD DR
================================================================================
1 M M M M M M M M M M M M M M M M M
2 M M M M M M M M M M M M M M M M M
3 M M M M M M M M M M M M M M M M M
4 M M M M M M M M M M M M M M M M M
5 M M M M M M M M M M M M M M M M M
6 M M M M M M M M M M M M M M M M M
7 M M M M M M 0.00 M M M M M M M M M M
8 M M M M M M M M M M M M M M M M M
9 97 M M M M M M M M 11.5 26 10 M M 1 13 41 10
10 86 51 69 -4 0 4 0.00 M M 13.0 24 360 M M 1 34 30
11 88 47 68 -5 0 3 0.00 M M 7.1 15 130 M M 0 21 160
12 93 52 73 -1 0 8 0.00 M M 8.3 17 140 M M 0 8 23 150
13 88 61 75 1 0 10 T M M 12.6 30 320 M M 1 8 44 330
14 81 60 71 -3 0 6 T M M 9.2 17 30 M M 1 25 60
15 86 53 70 -4 0 5 0.00 M M 7.2 18 160 M M 3 12 24 170
16 95 56 76 2 0 11 0.00 M M 12.1 25 70 M M 0 1 35 70
17 92 57 75 1 0 10 T M M 10.1 23 160 M M 1 3 32 140
18 92 55 74 0 0 9 0.00 M M 7.5 15 140 M M 0 1 22 140
19 96 53 75 1 0 10 0.00 M M 9.0 22 110 M M 1 12 27 120
20 92 60 76 1 0 11 0.00 M M 15.1 24 150 M M 0 18 34 140
21 98 63 81 6 0 16 0.00 M M 12.0 20 170 M M 1 28 190
22 99 57 78 3 0 13 0.00 M M 9.0 20 150 M M 0 27 190
23 99 57 78 3 0 13 0.01 M M 9.6 26 350 M M 1 3 36 340
24 93 58 76 1 0 11 0.00 M M 9.3 18 100 M M 0 1 38 70
25 90 58 74 -1 0 9 0.00 M M 10.3 30 150 M M 1 1 41 150
26 96 51 74 -1 0 9 0.00 M M 8.7 20 140 M M 0 1 28 150
27 98 56 77 2 0 12 0.00 M M 11.3 20 150 M M 0 30 160
28 102 63 83 8 0 18 0.00 M M 9.2 17 150 M M 1 26 170
29 98 65 82 7 0 17 0.00 M M 14.6 26 60 M M 1 36 50
30 94 67 81 6 0 16 0.00 M M 7.3 20 50 M M 1 18 23 350
31 77 56 67 -7 0 2 1.91 M M 9.5 47 310 M M 6 1238 65 310
================================================================================
SM 2130 1256 0 223 1.92 M 233.5 M 21
================================================================================
AV 92.6 57.1 10.2 FASTST M M 1 MAX(MPH)
MISC ----> 47 310 65 310
================================================================================
NOTES:
# LAST OF SEVERAL OCCURRENCES
COLUMN 17 PEAK WIND IN M.P.H.
PRELIMINARY LOCAL CLIMATOLOGICAL DATA (WS FORM: F-6) , PAGE 2
STATION: SIDNEY NEBRASKA AIRPORT
MONTH: JULY
YEAR: 2021
LATITUDE: 41 5 N
LONGITUDE: 102 59 W
[TEMPERATURE DATA] [PRECIPITATION DATA] SYMBOLS USED IN COLUMN 16
AVERAGE MONTHLY: 74.8 TOTAL FOR MONTH: 1.92 1 = FOG OR MIST
DPTR FM NORMAL: 1.1 DPTR FM NORMAL: -0.23 2 = FOG REDUCING VISIBILITY
HIGHEST: 102 ON 28 GRTST 24HR 1.91 ON 31-31 TO 1/4 MILE OR LESS
LOWEST: 47 ON 11 3 = THUNDER
SNOW, ICE PELLETS, HAIL 4 = ICE PELLETS
TOTAL MONTH: M 5 = HAIL
GRTST 24HR M ON M 6 = FREEZING RAIN OR DRIZZLE
GRTST DEPTH: M ON M 7 = DUSTSTORM OR SANDSTORM:
VSBY 1/2 MILE OR LESS
8 = SMOKE OR HAZE
[NO. OF DAYS WITH] [WEATHER - DAYS WITH] 9 = BLOWING SNOW
X = TORNADO
MAX 32 OR BELOW: 0 0.01 INCH OR MORE: 2
MAX 90 OR ABOVE: 17 0.10 INCH OR MORE: 1
MIN 32 OR BELOW: 0 0.50 INCH OR MORE: 1
MIN 0 OR BELOW: 0 1.00 INCH OR MORE: 1
[HDD (BASE 65) ]
TOTAL THIS MO. 0 CLEAR (SCALE 0-3) 21
DPTR FM NORMAL -6 PTCLDY (SCALE 4-7) 2
TOTAL FM JUL 1 0 CLOUDY (SCALE 8-10) 8
DPTR FM NORMAL 0
[CDD (BASE 65) ]
TOTAL THIS MO. 223
DPTR FM NORMAL -52 [PRESSURE DATA]
TOTAL FM JAN 1 340 HIGHEST SLP M ON M
DPTR FM NORMAL -64 LOWEST SLP 25.65 ON 22
[REMARKS]
JULY 1-8...MISSING DATA DUE TO EQUIPMENT FAILURE.
JULY 9...MISSING MINIMUM TEMPERATURE.
JULY 28...RECORD HIGH 102 DEGREES (PREVIOUS 100 DEGREES IN 1959)
JULY 31...RECORD PRECIPITATION 1.91" (PREVIOUS 0.93" IN 1999)
#FINAL-07-21#