000
CXUS55 KCYS 231001
CF6SNY
PRELIMINARY LOCAL CLIMATOLOGICAL DATA (WS FORM: F-6) ...CORRECTED...
STATION: SIDNEY NEBRASKA AIRPORT
MONTH: JUNE
YEAR: 2021
LATITUDE: 41 5 N
LONGITUDE: 102 59 W
TEMPERATURE IN F: :PCPN: SNOW: WIND :SUNSHINE: SKY :PK WND
================================================================================
1 2 3 4 5 6A 6B 7 8 9 10 11 12 13 14 15 16 17 18
12Z AVG MX 2MIN
DY MAX MIN AVG DEP HDD CDD WTR SNW DPTH SPD SPD DIR MIN PSBL S-S WX SPD DR
================================================================================
1 70 41 56 -6 9 0 0.01 M M 6.6 15 180 M M 2 13 18 170
2 77 37 57 -5 8 0 0.00 M M 6.6 14 50 M M 1 1 23 350
3 81 43 62 0 3 0 0.00 M M 8.1 14 190 M M 0 18 190
4 84 52 68 5 0 3 0.00 M M 10.1 15 190 M M 0 21 180
5 86 50 68 5 0 3 0.00 M M 9.2 17 150 M M 0 22 150
6 89 52 71 7 0 6 0.00 M M 8.6 18 60 M M 0 25 50
7 88 47 68 4 0 3 0.00 M M 9.7 22 170 M M 0 31 180
8 88 60 74 10 0 9 0.21 M M 16.2 31 150 M M 1 13 41 160
9 84 53 69 4 0 4 T M M 7.9 15 110 M M 2 13 22 110
10 91 60 76 11 0 11 0.00 M M 14.8 32 310 M M 1 1238 44 310
11 76 48 62 -3 3 0 0.00 M M 12.1 35 310 M M 0 50 310
12 84 46 65 -1 0 0 0.00 M M 13.1 24 160 M M 0 34 160
13 92 56 74 8 0 9 0.00 M M 12.7 28 160 M M 1 39 160
14 94 64 79 13 0 14 0.00 M M 13.5 26 70 M M 0 34 70
15 96 62 79 13 0 14 0.00 M M 12.3 26 150 M M 0 44 150
16 103 59 81 14 0 16 0.00 M M 7.5 23 40 M M 0 31 20
17 96 52 74 7 0 9 0.00 M M 9.0 36 200 M M 0 53 200
18 85 52 69 2 0 4 0.00 M M 8.0 18 340 M M 0 27 360
19 87 54 71 3 0 6 0.00 M M 11.0 18 150 M M 0 13 27 160
20 M M M M M M 0.00 M M M M M M M M M M
21 M M M M M M 0.00 M M M M M M M M M M
22 M M M M M M 0.00 M M M M M M M M M M
23 M M M M M M 0.00 M M M M M M M M M M
24 M M M M M M M M M M M M M M M M M
25 M M M M M M 0.00 M M M M M M M M M M
26 M M M M M M 0.00 M M M M M M M M M M
27 M M M M M M M M M M M M M M M M M
28 M M M M M M M M M M M M M M M M M
29 M M M M M M M M M M M M M M M M M
30 M M M M M M 0.00 M M M M M M M M M M
================================================================================
SM 1651 988 23 111 0.22 M 197.0 M 8
================================================================================
AV 86.9 52.0 10.4 FASTST M M 0 MAX(MPH)
MISC ----> 36 200 53 200
================================================================================
NOTES:
# LAST OF SEVERAL OCCURRENCES
COLUMN 17 PEAK WIND IN M.P.H.
PRELIMINARY LOCAL CLIMATOLOGICAL DATA (WS FORM: F-6) , PAGE 2
STATION: SIDNEY NEBRASKA AIRPORT
MONTH: JUNE
YEAR: 2021
LATITUDE: 41 5 N
LONGITUDE: 102 59 W
[TEMPERATURE DATA] [PRECIPITATION DATA] SYMBOLS USED IN COLUMN 16
AVERAGE MONTHLY: 69.4 TOTAL FOR MONTH: 0.22 1 = FOG OR MIST
DPTR FM NORMAL: 2.9 DPTR FM NORMAL: -2.93 2 = FOG REDUCING VISIBILITY
HIGHEST: 103 ON 16 GRTST 24HR 0.21 ON 8- 8 TO 1/4 MILE OR LESS
LOWEST: 37 ON 2 3 = THUNDER
SNOW, ICE PELLETS, HAIL 4 = ICE PELLETS
TOTAL MONTH: M 5 = HAIL
GRTST 24HR M ON M 6 = FREEZING RAIN OR DRIZZLE
GRTST DEPTH: M ON M 7 = DUSTSTORM OR SANDSTORM:
VSBY 1/2 MILE OR LESS
8 = SMOKE OR HAZE
[NO. OF DAYS WITH] [WEATHER - DAYS WITH] 9 = BLOWING SNOW
X = TORNADO
MAX 32 OR BELOW: 0 0.01 INCH OR MORE: 2
MAX 90 OR ABOVE: 6 0.10 INCH OR MORE: 1
MIN 32 OR BELOW: 0 0.50 INCH OR MORE: 0
MIN 0 OR BELOW: 0 1.00 INCH OR MORE: 0
[HDD (BASE 65) ]
TOTAL THIS MO. 23 CLEAR (SCALE 0-3) 19
DPTR FM NORMAL -46 PTCLDY (SCALE 4-7) 0
TOTAL FM JUL 1 6819 CLOUDY (SCALE 8-10) 11
DPTR FM NORMAL 138
[CDD (BASE 65) ]
TOTAL THIS MO. 111
DPTR FM NORMAL -3 [PRESSURE DATA]
TOTAL FM JAN 1 117 HIGHEST SLP M ON M
DPTR FM NORMAL -12 LOWEST SLP 29.55 ON 6
[REMARKS]
JUNE 16TH...RECORD HIGH 103 DEGREES (PREVIOUS 100 DEGREES IN 2020)
JUNE 20TH-JUNE 30TH...MISSING DATA DUE TO DAMAGED POWER SUPPLY FROM
LIGHTNING STRIKE
#FINAL-06-21#