000
CXUS55 KPUB 151749
CF6SPD
PRELIMINARY LOCAL CLIMATOLOGICAL DATA (WS FORM: F-6)
STATION: SPRINGFIELD CO
MONTH: MARCH
YEAR: 2024
LATITUDE: 37 16 N
LONGITUDE: 102 37 W
TEMPERATURE IN F: :PCPN: SNOW: WIND :SUNSHINE: SKY :PK WND
================================================================================
1 2 3 4 5 6A 6B 7 8 9 10 11 12 13 14 15 16 17 18
12Z AVG MX 2MIN
DY MAX MIN AVG DEP HDD CDD WTR SNW DPTH SPD SPD DIR MIN PSBL S-S WX SPD DR
================================================================================
1 74 30 52 14 13 0 0.00 M M 10.3 20 270 M M 0 28 270
2 76 28 52 14 13 0 0.00 M M 14.3 31 230 M M 0 41 220
3 70 32 51 13 14 0 0.00 M M 12.5 36 280 M M 0 51 280
4 54 25 40 1 25 0 0.00 M M 12.0 24 360 M M 0 31 320
5 50 21 36 -3 29 0 0.00 M M 7.9 17 110 M M 0 22 110
6 67 22 45 5 20 0 0.00 M M 9.5 23 190 M M 0 29 200
7 52 30 41 1 24 0 0.00 M M 17.3 23 360 M M 0 30 360
8 32 27 30 -10 35 0 0.00 M M 19.4 28 350 M M 0 35 340
9 54 17 36 -5 29 0 0.00 M M 8.4 14 310 M M 0 18 200
10 68 24 46 5 19 0 0.00 M M 10.1 20 180 M M 0 27 170
11 74 25 50 9 15 0 0.00 M M 9.5 20 200 M M 0 28 190
12 70 38 54 12 11 0 0.00 M M 10.9 21 320 M M 0 29 320
13 66 36 51 9 14 0 0.00 M M 13.5 25 10 M M 0 35 320
14 47 38 43 1 22 0 0.12 M M 14.3 22 350 M M 0 30 30
15 46 29 38 -5 27 0 0.00 M M 9.1 22 30 M M 0 28 40
16 55 31 43 0 22 0 0.00 M M 9.1 17 350 M M 0 26 340
17 58 29 44 1 21 0 0.00 M M 7.7 24 10 M M 0 29 10
18 62 25 44 0 21 0 0.00 M M 6.9 13 230 M M 0 19 190
19 70 30 50 6 15 0 0.00 M M 7.1 15 340 M M 0 23 360
20 M M M M M M 0.00 M M M M M M M M M M
21 M M M M M M 0.00 M M M M M M M M M M
22 M M M M M M 0.00 M M M M M M M M M M
23 70 30 50 5 15 0 0.00 M M 6.3 22 110 M M M 29 110
24 70 30 50 4 15 0 0.00 M M 13.6 33 350 M M M 46 350
25 32 20 26 -20 39 0 0.04 M M 22.3 38 340 M M M 50 340
26 50 13 32 -14 33 0 0.00 M M 9.7 21 180 M M M 27 170
27 58 23 41 -5 24 0 0.00 M M 7.3 15 220 M M M 20 350
28 73 26 50 4 15 0 0.00 M M 10.9 28 190 M M M 38 170
29 77 40 59 12 6 0 0.00 M M 11.6 23 310 M M M 33 320
30 71 28 50 3 15 0 0.00 M M 12.4 32 140 M M M 39 140
31 81 41 61 14 4 0 0.00 M M 18.3 35 20 M M M 50 230
================================================================================
SM 1727 788 555 0 0.16 M 322.2 M 0
================================================================================
AV 61.7 28.1 11.5 FASTST M M 0 MAX(MPH)
MISC ----> 38 340 51 280
================================================================================
NOTES:
ASOS CRASHED BETWEEN THE 20TH AND 22ND AND THE DATA WAS LOST. NO BACKUP
DATA IS AVAILABLE.
COLUMN 17 PEAK WIND IN M.P.H.
PRELIMINARY LOCAL CLIMATOLOGICAL DATA (WS FORM: F-6) , PAGE 2
STATION: SPRINGFIELD CO
MONTH: MARCH
YEAR: 2024
LATITUDE: 37 16 N
LONGITUDE: 102 37 W
[TEMPERATURE DATA] [PRECIPITATION DATA] SYMBOLS USED IN COLUMN 16
AVERAGE MONTHLY: 44.9 TOTAL FOR MONTH: 0.16 1 = FOG OR MIST
DPTR FM NORMAL: 2.1 DPTR FM NORMAL: -0.75 2 = FOG REDUCING VISIBILITY
HIGHEST: 81 ON 31 GRTST 24HR 0.12 ON 14 TO 1/4 MILE OR LESS
LOWEST: 13 ON 26 3 = THUNDER
SNOW, ICE PELLETS, HAIL 4 = ICE PELLETS
TOTAL MONTH: M 5 = HAIL
GRTST 24HR M ON M 6 = FREEZING RAIN OR DRIZZLE
GRTST DEPTH: M ON M 7 = DUSTSTORM OR SANDSTORM:
VSBY 1/2 MILE OR LESS
8 = SMOKE OR HAZE
[NO. OF DAYS WITH] [WEATHER - DAYS WITH] 9 = BLOWING SNOW
X = TORNADO
MAX 32 OR BELOW: 2 0.01 INCH OR MORE: 2
MAX 90 OR ABOVE: 0 0.10 INCH OR MORE: 1
MIN 32 OR BELOW: 23 0.50 INCH OR MORE: 0
MIN 0 OR BELOW: 0 1.00 INCH OR MORE: 0
[HDD (BASE 65) ]
TOTAL THIS MO. 555 CLEAR (SCALE 0-3) 19
DPTR FM NORMAL -133 PTCLDY (SCALE 4-7) 0
TOTAL FM JUL 1 3999 CLOUDY (SCALE 8-10) 12
DPTR FM NORMAL -755
[CDD (BASE 65) ]
TOTAL THIS MO. 0
DPTR FM NORMAL 0 [PRESSURE DATA]
TOTAL FM JAN 1 0 HIGHEST SLP M ON M
DPTR FM NORMAL 0 LOWEST SLP 28.96 ON 24
[REMARKS]
#FINAL-03-24#