555
CXUS55 KPUB 011210
CF6SPD
PRELIMINARY LOCAL CLIMATOLOGICAL DATA (WS FORM: F-6)
STATION: SPRINGFIELD CO
MONTH: MARCH
YEAR: 2021
LATITUDE: 37 16 N
LONGITUDE: 102 37 W
TEMPERATURE IN F: :PCPN: SNOW: WIND :SUNSHINE: SKY :PK WND
================================================================================
1 2 3 4 5 6A 6B 7 8 9 10 11 12 13 14 15 16 17 18
12Z AVG MX 2MIN
DY MAX MIN AVG DEP HDD CDD WTR SNW DPTH SPD SPD DIR MIN PSBL S-S WX SPD DR
================================================================================
1 51 10 31 -7 34 0 0.00 M M 6.0 18 310 M M 0 22 310
2 72 16 44 5 21 0 0.00 M M 10.8 23 200 M M 0 33 180
3 69 25 47 8 18 0 0.00 M M 13.0 26 310 M M 0 35 320
4 72 23 48 9 17 0 0.00 M M 14.1 43 310 M M 0 55 300
5 60 30 45 5 20 0 0.10 M M 14.6 30 360 M M 0 42 40
6 66 25 46 6 19 0 0.00 M M 17.7 32 180 M M 0 45 170
7 73 33 53 13 12 0 0.00 M M 12.3 22 360 M M 0 29 360
8 77 36 57 17 8 0 0.00 M M 12.9 33 190 M M 0 41 190
9 77 37 57 16 8 0 0.00 M M 15.9 38 220 M M 0 55 230
10 64 32 48 7 17 0 0.00 M M 15.8 33 280 M M 0 49 270
11 55 17 36 -5 29 0 0.00 M M 10.0 24 120 M M 0 31 120
12 41 36 39 -3 26 0 0.06 M M 10.2 17 130 M M 0 22 130
13 38 33 36 -6 29 0 1.17 M M 12.7 23 40 M M 0 31 30
14 49 30 40 -2 25 0 0.00 M M 14.7 32 300 M M 0 43 290
15 M M M M M M M M M M M M M M 0 M M
16 M M M M M M M M M M M M M M M M M
17 M M M M M M M M M M M M M M M M M
18 M M M M M M 0.00 M M M M M M M M M M
19 M M M M M M 0.00 M M M M M M M M M M
20 M M M M M M 0.00 M M M M M M M M M M
21 M M M M M M 0.00 M M M M M M M M M M
22 M M M M M M M M M M M M M M M M M
23 M M M M M M M M M M M M M M M M M
24 M M M M M M M M M M M M M M M M M
25 56 20 38 -7 27 0 0.00 M M 8.7 21 140 M M 0 26 170
26 64 32 48 2 17 0 0.00 M M 9.3 21 240 M M 0 30 250
27 58 29 44 -2 21 0 0.00 M M 12.9 29 10 M M 0 37 350
28 72 27 50 4 15 0 0.00 M M 10.9 25 210 M M 0 39 210
29 87 34 61 14 4 0 0.00 M M 15.8 41 20 M M 0 52 230
30 49 26 38 -9 27 0 0.00 M M 12.0 28 40 M M 0 35 30
31 58 24 41 -6 24 0 0.00 M M 8.2 15 220 M M 0 23 250
================================================================================
SM 1308 575 418 0 1.33 M 258.5 M 0
================================================================================
AV 62.3 27.4 12.3 FASTST M M 0 MAX(MPH)
MISC ----> 43 310 # 55 300
================================================================================
NOTES:
# LAST OF SEVERAL OCCURRENCES
COLUMN 17 PEAK WIND IN M.P.H.
PRELIMINARY LOCAL CLIMATOLOGICAL DATA (WS FORM: F-6) , PAGE 2
STATION: SPRINGFIELD CO
MONTH: MARCH
YEAR: 2021
LATITUDE: 37 16 N
LONGITUDE: 102 37 W
[TEMPERATURE DATA] [PRECIPITATION DATA] SYMBOLS USED IN COLUMN 16
AVERAGE MONTHLY: 44.8 TOTAL FOR MONTH: 1.33 1 = FOG OR MIST
DPTR FM NORMAL: 2.0 DPTR FM NORMAL: 0.20 2 = FOG REDUCING VISIBILITY
HIGHEST: 87 ON 29 GRTST 24HR 1.21 ON 12-13 TO 1/4 MILE OR LESS
LOWEST: 10 ON 1 3 = THUNDER
SNOW, ICE PELLETS, HAIL 4 = ICE PELLETS
TOTAL MONTH: M 5 = HAIL
GRTST 24HR M ON M 6 = FREEZING RAIN OR DRIZZLE
GRTST DEPTH: M ON M 7 = DUSTSTORM OR SANDSTORM:
VSBY 1/2 MILE OR LESS
8 = SMOKE OR HAZE
[NO. OF DAYS WITH] [WEATHER - DAYS WITH] 9 = BLOWING SNOW
X = TORNADO
MAX 32 OR BELOW: 0 0.01 INCH OR MORE: 3
MAX 90 OR ABOVE: 0 0.10 INCH OR MORE: 2
MIN 32 OR BELOW: 15 0.50 INCH OR MORE: 1
MIN 0 OR BELOW: 0 1.00 INCH OR MORE: 1
[HDD (BASE 65) ]
TOTAL THIS MO. 418 CLEAR (SCALE 0-3) 22
DPTR FM NORMAL -269 PTCLDY (SCALE 4-7) 0
TOTAL FM JUL 1 4325 CLOUDY (SCALE 8-10) 9
DPTR FM NORMAL -367
[CDD (BASE 65) ]
TOTAL THIS MO. 0
DPTR FM NORMAL 0 [PRESSURE DATA]
TOTAL FM JAN 1 0 HIGHEST SLP 30.45 ON 31
DPTR FM NORMAL 0 LOWEST SLP 29.40 ON 29
[REMARKS]
#FINAL-03-21#