000
CXUS53 KILX 012300
CF6SPI
PRELIMINARY LOCAL CLIMATOLOGICAL DATA (WS FORM: F-6)
STATION: SPRINGFIELD IL
MONTH: JULY
YEAR: 2020
LATITUDE: 39 50 N
LONGITUDE: 89 41 W
TEMPERATURE IN F: :PCPN: SNOW: WIND :SUNSHINE: SKY :PK WND
================================================================================
1 2 3 4 5 6A 6B 7 8 9 10 11 12 13 14 15 16 17 18
12Z AVG MX 2MIN
DY MAX MIN AVG DEP HDD CDD WTR SNW DPTH SPD SPD DIR MIN PSBL S-S WX SPD DR
================================================================================
1 81 68 75 -1 0 10 0.34 0.0 0 5.7 18 110 M M 4 138 22 110
2 89 69 79 3 0 14 0.03 0.0 0 3.7 23 60 M M 5 123 31 70
3 89 71 80 4 0 15 0.00 0.0 0 4.5 13 100 M M 5 1 16 90
4 91 69 80 4 0 15 0.00 0.0 0 2.7 9 60 M M 1 18 14 30
5 92 69 81 5 0 16 0.50 0.0 0 4.1 30 40 M M 1 138 37 40
6 93 69 81 5 0 16 0.07 0.0 0 2.4 20 90 M M 0 13 25 220
7 93 72 83 7 0 18 0.26 0.0 0 1.9 29 190 M M 1 138 39 200
8 93 72 83 7 0 18 T 0.0 0 3.2 22 140 M M 1 13 29 130
9 90 72 81 5 0 16 0.11 0.0 0 8.5 23 280 M M 2 13 33 290
10 87 68 78 2 0 13 0.00 0.0 0 8.5 20 310 M M 2 32 290
11 91 67 79 3 0 14 0.00 0.0 0 6.3 25 20 M M 1 3 34 40
12 86 65 76 0 0 11 0.00 0.0 0 5.4 14 30 M M 2 18 40
13 85 60 73 -3 0 8 0.00 0.0 0 4.4 12 110 M M 1 16 80
14 88 64 76 0 0 11 0.00 0.0 0 8.2 18 170 M M 0 24 130
15 86 65 76 0 0 11 0.53 0.0 0 10.4 28 160 M M 4 13 37 160
16 83 66 75 -1 0 10 0.00 0.0 0 3.9 12 310 M M 4 1 19 310
17 88 67 78 2 0 13 0.00 0.0 0 7.7 16 160 M M 2 1 20 160
18 91 72 82 6 0 17 0.00 0.0 0 11.0 20 190 M M 1 26 200
19 89 70 80 4 0 15 0.00 0.0 0 8.5 20 260 M M 2 29 260
20 87 69 78 2 0 13 0.00 0.0 0 4.3 14 90 M M 1 17 90
21 82 70 76 0 0 11 2.35 0.0 0 7.0 29 300 M M 4 138 47 290
22 87 69 78 2 0 13 0.00 0.0 0 4.0 10 260 M M 5 1 14 270
23 86 65 76 0 0 11 0.00 0.0 0 3.4 9 20 M M 0 12 360
24 88 65 77 1 0 12 0.00 0.0 0 4.6 9 100 M M 1 12 90
25 90 69 80 4 0 15 0.00 0.0 0 5.5 13 160 M M 1 16 160
26 92 76 84 8 0 19 0.00 0.0 0 7.6 14 210 M M 0 18 200
27 82 68 75 -1 0 10 0.59 0.0 0 4.6 14 250 M M 5 13 22 250
28 87 62 75 0 0 10 0.00 0.0 0 2.4 8 270 M M 0 14 300
29 90 64 77 2 0 12 T 0.0 0 3.6 18 220 M M 1 27 220
30 76 70 73 -2 0 8 0.63 0.0 0 7.8 20 50 M M 8 1 25 60
31 77 67 72 -3 0 7 0.02 0.0 0 8.2 15 40 M M 7 22 30
================================================================================
SM 2709 2109 0 402 5.43 0.0 174.0 M 72
================================================================================
AV 87.4 68.0 5.6 FASTST M M 2 MAX(MPH)
MISC ----> # 30 40 # 47 290
================================================================================
NOTES:
# LAST OF SEVERAL OCCURRENCES
COLUMN 17 PEAK WIND IN M.P.H.
PRELIMINARY LOCAL CLIMATOLOGICAL DATA (WS FORM: F-6) , PAGE 2
STATION: SPRINGFIELD IL
MONTH: JULY
YEAR: 2020
LATITUDE: 39 50 N
LONGITUDE: 89 41 W
[TEMPERATURE DATA] [PRECIPITATION DATA] SYMBOLS USED IN COLUMN 16
AVERAGE MONTHLY: 77.7 TOTAL FOR MONTH: 5.43 1 = FOG OR MIST
DPTR FM NORMAL: 1.9 DPTR FM NORMAL: 1.49 2 = FOG REDUCING VISIBILITY
HIGHEST: 93 ON 8, 7 GRTST 24HR 2.35 ON 21-21 TO 1/4 MILE OR LESS
LOWEST: 60 ON 13 3 = THUNDER
SNOW, ICE PELLETS, HAIL 4 = ICE PELLETS
TOTAL MONTH: 0.0 INCH 5 = HAIL
GRTST 24HR 0.0 6 = FREEZING RAIN OR DRIZZLE
GRTST DEPTH: 0 7 = DUSTSTORM OR SANDSTORM:
VSBY 1/2 MILE OR LESS
8 = SMOKE OR HAZE
[NO. OF DAYS WITH] [WEATHER - DAYS WITH] 9 = BLOWING SNOW
X = TORNADO
MAX 32 OR BELOW: 0 0.01 INCH OR MORE: 11
MAX 90 OR ABOVE: 11 0.10 INCH OR MORE: 8
MIN 32 OR BELOW: 0 0.50 INCH OR MORE: 5
MIN 0 OR BELOW: 0 1.00 INCH OR MORE: 1
[HDD (BASE 65) ]
TOTAL THIS MO. 0 CLEAR (SCALE 0-3) 21
DPTR FM NORMAL -1 PTCLDY (SCALE 4-7) 9
TOTAL FM JUL 1 0 CLOUDY (SCALE 8-10) 1
DPTR FM NORMAL -1
[CDD (BASE 65) ]
TOTAL THIS MO. 402
DPTR FM NORMAL 67 [PRESSURE DATA]
TOTAL FM JAN 1 817 HIGHEST SLP 30.17 ON 24
DPTR FM NORMAL 138 LOWEST SLP 29.74 ON 9
[REMARKS]
#FINAL-07-20#