000
CXUS54 KOUN 010810
CF6SPS
PRELIMINARY LOCAL CLIMATOLOGICAL DATA (WS FORM: F-6)
STATION: WICHITA FALLS
MONTH: AUGUST
YEAR: 2022
LATITUDE: 33 58 N
LONGITUDE: 98 29 W
TEMPERATURE IN F: :PCPN: SNOW: WIND :SUNSHINE: SKY :PK WND
================================================================================
1 2 3 4 5 6A 6B 7 8 9 10 11 12 13 14 15 16 17 18
12Z AVG MX 2MIN
DY MAX MIN AVG DEP HDD CDD WTR SNW DPTH SPD SPD DIR MIN PSBL S-S WX SPD DR
================================================================================
1 101 83 92 6 0 27 0.00 0.0 0 11.6 20 170 M M 4 24 180
2 105 78 92 6 0 27 0.00 0.0 0 13.5 23 170 M M 2 30 220
3 107 82 95 9 0 30 0.00 0.0 0 14.3 23 220 M M 1 29 170
4 108 83 96 10 0 31 0.00 0.0 0 13.3 29 110 M M 4 37 140
5 107 77 92 6 0 27 0.00 0.0 0 11.9 22 140 M M 5 26 150
6 104 78 91 5 0 26 0.00 0.0 0 13.1 22 140 M M 1 27 140
7 102 78 90 4 0 25 0.00 0.0 0 12.7 21 190 M M 2 29 160
8 100 82 91 6 0 26 0.07 0.0 0 11.3 36 260 M M 5 3 46 270
9 101 75 88 3 0 23 0.01 0.0 0 9.6 22 180 M M 6 3 26 170
10 99 75 87 2 0 22 0.00 0.0 0 5.9 30 140 M M 4 3 35 130
11 101 71 86 1 0 21 0.00 0.0 0 7.4 18 60 M M 2 24 60
12 100 70 85 0 0 20 0.00 0.0 0 7.4 17 70 M M 2 25 80
13 100 73 87 2 0 22 0.00 0.0 0 7.8 16 110 M M 2 24 140
14 102 72 87 2 0 22 0.00 0.0 0 8.3 20 170 M M 0 25 170
15 101 74 88 3 0 23 0.00 0.0 0 10.2 18 170 M M 3 26 160
16 100 76 88 4 0 23 0.00 0.0 0 8.7 16 230 M M 5 20 250
17 96 75 86 2 0 21 0.00 0.0 0 13.2 22 10 M M 2 27 10
18 95 71 83 -1 0 18 0.01 0.0 0 8.5 18 40 M M 7 22 40
19 97 67 82 -2 0 17 0.00 0.0 0 6.2 14 160 M M 4 12 17 90
20 98 71 85 1 0 20 0.36 0.0 0 7.7 30 220 M M 2 13 39 230
21 74 70 72 -12 0 7 0.95 0.0 0 11.6 28 270 M M 10 13 36 270
22 85 72 79 -4 0 14 0.44 0.0 0 11.3 20 40 M M 9 1 24 40
23 89 69 79 -4 0 14 T 0.0 0 8.6 23 60 M M 5 27 70
24 90 72 81 -2 0 16 0.00 0.0 0 7.2 17 110 M M 6 20 90
25 96 70 83 0 0 18 0.00 0.0 0 5.2 14 40 M M 3 17 40
26 95 69 82 0 0 17 0.00 0.0 0 6.3 16 50 M M 2 20 110
27 98 71 85 3 0 20 0.00 0.0 0 8.4 18 130 M M 1 22 130
28 101 78 90 8 0 25 0.00 0.0 0 15.0 24 150 M M 1 30 150
29 97 71 84 2 0 19 T 0.0 0 14.7 32 20 M M 4 3 41 30
30 92 69 81 0 0 16 T 0.0 0 7.6 21 70 M M 5 3 25 70
31 88 73 81 0 0 16 T 0.0 M 6.2 15 210 M M 5 18 150
================================================================================
SM 3029 2295 0 653 1.84 0.0 304.7 M 114
================================================================================
AV 97.7 74.0 9.8 FASTST M M 4 MAX(MPH)
MISC ----> 36 260 46 270
================================================================================
NOTES:
# LAST OF SEVERAL OCCURRENCES
COLUMN 17 PEAK WIND IN M.P.H.
PRELIMINARY LOCAL CLIMATOLOGICAL DATA (WS FORM: F-6) , PAGE 2
STATION: WICHITA FALLS
MONTH: AUGUST
YEAR: 2022
LATITUDE: 33 58 N
LONGITUDE: 98 29 W
[TEMPERATURE DATA] [PRECIPITATION DATA] SYMBOLS USED IN COLUMN 16
AVERAGE MONTHLY: 85.9 TOTAL FOR MONTH: 1.84 1 = FOG OR MIST
DPTR FM NORMAL: 1.8 DPTR FM NORMAL: -0.69 2 = FOG REDUCING VISIBILITY
HIGHEST: 108 ON 4 GRTST 24HR 1.31 ON 20-21 TO 1/4 MILE OR LESS
LOWEST: 67 ON 19 3 = THUNDER
SNOW, ICE PELLETS, HAIL 4 = ICE PELLETS
TOTAL MONTH: 0.0 INCH 5 = HAIL
GRTST 24HR 0.0 6 = FREEZING RAIN OR DRIZZLE
GRTST DEPTH: 0 7 = DUSTSTORM OR SANDSTORM:
VSBY 1/2 MILE OR LESS
8 = SMOKE OR HAZE
[NO. OF DAYS WITH] [WEATHER - DAYS WITH] 9 = BLOWING SNOW
X = TORNADO
MAX 32 OR BELOW: 0 0.01 INCH OR MORE: 6
MAX 90 OR ABOVE: 27 0.10 INCH OR MORE: 3
MIN 32 OR BELOW: 0 0.50 INCH OR MORE: 1
MIN 0 OR BELOW: 0 1.00 INCH OR MORE: 0
[HDD (BASE 65) ]
TOTAL THIS MO. 0 CLEAR (SCALE 0-3) 15
DPTR FM NORMAL 0 PTCLDY (SCALE 4-7) 14
TOTAL FM JUL 1 0 CLOUDY (SCALE 8-10) 2
DPTR FM NORMAL 0
[CDD (BASE 65) ]
TOTAL THIS MO. 653
DPTR FM NORMAL 63 [PRESSURE DATA]
TOTAL FM JAN 1 2509 HIGHEST SLP M ON M
DPTR FM NORMAL 521 LOWEST SLP 29.64 ON 28
[REMARKS]
#FINAL-08-22#