000
CXUS54 KLZK 011130
CF6SRC
PRELIMINARY LOCAL CLIMATOLOGICAL DATA (WS FORM: F-6)
STATION: Searcy Airport
MONTH: AUGUST
YEAR: 2020
LATITUDE: 35 12 N
LONGITUDE: 91 44 W
TEMPERATURE IN F: :PCPN: SNOW: WIND :SUNSHINE: SKY :PK WND
================================================================================
1 2 3 4 5 6A 6B 7 8 9 10 11 12 13 14 15 16 17 18
12Z AVG MX 2MIN
DY MAX MIN AVG DEP HDD CDD WTR SNW DPTH SPD SPD DIR MIN PSBL S-S WX SPD DR
================================================================================
1 86 70 78 -4 0 13 T M M 5.7 12 340 M M 7 17 340
2 89 66 78 -4 0 13 T M M 1.9 6 99 M M 2 1 M M
3 89 65 77 -5 0 12 T M M 4.2 8 10 M M 3 M M
4 86 67 77 -5 0 12 0.00 M M 6.9 10 50 M M 3 M M
5 87 62 75 -6 0 10 0.00 M M 4.4 7 80 M M 3 M M
6 89 61 75 -6 0 10 0.00 M M 3.2 8 150 M M 0 M M
7 90 67 79 -2 0 14 0.00 M M 3.1 6 150 M M 2 M M
8 93 68 81 0 0 16 0.00 M M 3.3 12 150 M M 0 1 M M
9 97 72 85 4 0 20 0.00 M M 4.6 13 180 M M 1 M M
10 98 72 85 4 0 20 0.00 M M 4.5 12 190 M M 0 1 17 190
11 94 71 83 2 0 18 0.92 M M 2.2 13 170 M M 2 13 32 170
12 89 71 80 -1 0 15 0.04 M M 2.4 6 140 M M 4 1 M M
13 92 70 81 0 0 16 0.00 M M 2.4 7 170 M M 2 1 M M
14 93 72 83 2 0 18 0.02 M M 2.0 6 110 M M 4 13 M M
15 97 72 85 4 0 20 0.00 M M 1.5 7 110 M M 2 1 M M
16 91 68 80 -1 0 15 0.00 M M 7.4 14 50 M M 1 1 16 10
17 92 62 77 -4 0 12 0.00 M M 3.2 7 180 M M 0 M M
18 91 67 79 -2 0 14 0.00 M M 5.2 10 340 M M 2 17 10
19 86 70 78 -2 0 13 0.00 M M 8.8 17 30 M M 1 23 30
20 89 65 77 -3 0 12 0.00 M M 6.8 10 30 M M 1 16 60
21 93 66 80 0 0 15 0.00 M M 4.2 9 130 M M 2 M M
22 93 64 79 -1 0 14 0.00 M M 2.3 10 140 M M 2 12 M M
23 96 66 81 1 0 16 0.00 M M 3.0 9 160 M M 1 1 M M
24 96 66 81 1 0 16 0.00 M M 2.4 10 120 M M 0 1 M M
25 97 68 83 3 0 18 0.00 M M 5.8 14 70 M M 2 18 70
26 91 72 82 3 0 17 0.36 M M 4.3 9 210 M M 6 13 M M
27 80 71 76 -3 0 11 4.12 M M 10.8 24 60 M M 6 1 45 50
28 92 72 82 3 0 17 0.16 M M 6.4 13 160 M M 6 1 22 270
29 97 74 86 7 0 21 0.20 M M 2.4 8 110 M M 3 13 M M
30 86 72 79 1 0 14 0.12 M M 3.1 7 160 M M 7 13 M M
31 87 71 79 1 0 14 0.21 M M 2.5 10 70 M M 3 13 M M
================================================================================
SM 2826 2120 0 466 6.15 M 130.9 M 78
================================================================================
AV 91.2 68.4 4.2 FASTST M M 3 MAX(MPH)
MISC ----> # 24 60 # 45 50
================================================================================
NOTES:
# LAST OF SEVERAL OCCURRENCES
COLUMN 17 PEAK WIND IN M.P.H.
PRELIMINARY LOCAL CLIMATOLOGICAL DATA (WS FORM: F-6) , PAGE 2
STATION: Searcy Airport
MONTH: AUGUST
YEAR: 2020
LATITUDE: 35 12 N
LONGITUDE: 91 44 W
[TEMPERATURE DATA] [PRECIPITATION DATA] SYMBOLS USED IN COLUMN 16
AVERAGE MONTHLY: 79.8 TOTAL FOR MONTH: 6.15 1 = FOG OR MIST
DPTR FM NORMAL: -0.7 DPTR FM NORMAL: 3.46 2 = FOG REDUCING VISIBILITY
HIGHEST: 98 ON 10 GRTST 24HR 4.12 ON 27-27 TO 1/4 MILE OR LESS
LOWEST: 61 ON 6 3 = THUNDER
SNOW, ICE PELLETS, HAIL 4 = ICE PELLETS
TOTAL MONTH: M 5 = HAIL
GRTST 24HR M ON M 6 = FREEZING RAIN OR DRIZZLE
GRTST DEPTH: M ON M 7 = DUSTSTORM OR SANDSTORM:
VSBY 1/2 MILE OR LESS
8 = SMOKE OR HAZE
[NO. OF DAYS WITH] [WEATHER - DAYS WITH] 9 = BLOWING SNOW
X = TORNADO
MAX 32 OR BELOW: 0 0.01 INCH OR MORE: 9
MAX 90 OR ABOVE: 19 0.10 INCH OR MORE: 7
MIN 32 OR BELOW: 0 0.50 INCH OR MORE: 2
MIN 0 OR BELOW: 0 1.00 INCH OR MORE: 1
[HDD (BASE 65) ]
TOTAL THIS MO. 0 CLEAR (SCALE 0-3) 24
DPTR FM NORMAL 0 PTCLDY (SCALE 4-7) 7
TOTAL FM JUL 1 0 CLOUDY (SCALE 8-10) 0
DPTR FM NORMAL 0
[CDD (BASE 65) ]
TOTAL THIS MO. 466
DPTR FM NORMAL -14 [PRESSURE DATA]
TOTAL FM JAN 1 1544 HIGHEST SLP 30.10 ON 24
DPTR FM NORMAL -55 LOWEST SLP 29.53 ON 28
[REMARKS]
#FINAL-08-20#