000
CXUS54 KEPZ 011030
CF6SRR
PRELIMINARY LOCAL CLIMATOLOGICAL DATA (WS FORM: F-6)
STATION: RUIDOSO AWOS
MONTH: JUNE
YEAR: 2023
LATITUDE: 33 28 N
LONGITUDE: 105 32 W
TEMPERATURE IN F: :PCPN: SNOW: WIND :SUNSHINE: SKY :PK WND
================================================================================
1 2 3 4 5 6A 6B 7 8 9 10 11 12 13 14 15 16 17 18
12Z AVG MX 2MIN
DY MAX MIN AVG DEP HDD CDD WTR SNW DPTH SPD SPD DIR MIN PSBL S-S WX SPD DR
================================================================================
1 73 50 62 M 3 0 0.00 M M 11.1 23 230 M M 2 32 240
2 73 52 63 M 2 0 0.00 M M 7.5 20 240 M M 3 32 230
3 73 48 61 M 4 0 0.00 M M M M M M M M M M
4 70 46 58 M 7 0 0.33 M M 6.9 14 250 M M 2 22 250
5 68 50 59 M 6 0 0.13 M M 8.2 20 260 M M 8 13 32 90
6 68 48 58 M 7 0 0.11 M M 8.3 17 140 M M 4 23 140
7 73 46 60 M 5 0 0.00 M M 7.9 18 220 M M 0 27 220
8 77 50 64 M 1 0 0.00 M M 9.3 18 230 M M 0 22 230
9 73 57 65 M 0 0 0.00 M M 10.1 21 230 M M 1 30 240
10 79 50 65 M 0 0 0.00 M M 10.8 22 230 M M 0 31 230
11 81 54 68 M 0 3 0.00 M M 8.8 20 210 M M 0 28 260
12 75 57 66 M 0 1 0.00 M M 16.9 30 220 M M 0 38 230
13 75 54 65 M 0 0 0.00 M M 13.1 22 280 M M 0 33 240
14 81 55 68 M 0 3 0.00 M M 11.2 21 240 M M 0 28 200
15 81 57 69 M 0 4 0.00 M M 18.2 30 250 M M 0 46 250
16 82 64 73 M 0 8 0.00 M M 13.7 26 260 M M 0 8 33 260
17 84 63 74 M 0 9 0.00 M M 17.1 33 260 M M 0 48 260
18 84 55 70 M 0 5 0.00 M M 12.0 24 220 M M 0 38 260
19 86 63 75 M 0 10 0.00 M M 12.9 24 240 M M 0 41 260
20 86 66 76 M 0 11 0.00 M M 13.3 29 220 M M 0 8 36 220
21 88 63 76 M 0 11 0.00 M M 12.4 23 210 M M 0 39 210
22 88 63 76 M 0 11 0.00 M M 14.0 32 230 M M 0 8 43 230
23 88 64 76 M 0 11 0.00 M M 15.1 32 220 M M 0 8 46 280
24 90 63 77 M 0 12 0.00 M M 11.0 21 270 M M 0 31 260
25 91 64 78 M 0 13 0.00 M M 10.2 17 310 M M 0 25 330
26 93 66 80 M 0 15 0.00 M M 11.1 22 240 M M 0 27 240
27 91 70 81 M 0 16 0.00 M M 12.7 24 240 M M 0 33 240
28 90 66 78 M 0 13 0.00 M M 9.5 21 150 M M 2 29 150
29 84 64 74 M 0 9 T M M 8.1 16 150 M M 3 25 150
30 84 64 74 M 0 9 0.00 M M 7.2 16 240 M M 2 52 140
================================================================================
SM 2429 1732 35 174 0.57 M 328.6 M 27
================================================================================
AV 81.0 57.7 11.3 FASTST M M 1 MAX(MPH)
MISC ----> 33 260 52 140
================================================================================
NOTES:
# LAST OF SEVERAL OCCURRENCES
COLUMN 17 PEAK WIND IN M.P.H.
PRELIMINARY LOCAL CLIMATOLOGICAL DATA (WS FORM: F-6) , PAGE 2
STATION: RUIDOSO AWOS
MONTH: JUNE
YEAR: 2023
LATITUDE: 33 28 N
LONGITUDE: 105 32 W
[TEMPERATURE DATA] [PRECIPITATION DATA] SYMBOLS USED IN COLUMN 16
AVERAGE MONTHLY: 69.4 TOTAL FOR MONTH: 0.57 1 = FOG OR MIST
DPTR FM NORMAL: 0.0 DPTR FM NORMAL: M 2 = FOG REDUCING VISIBILITY
HIGHEST: 93 ON 26 GRTST 24HR 0.33 ON 4- 4 TO 1/4 MILE OR LESS
LOWEST: 46 ON 7, 4 3 = THUNDER
SNOW, ICE PELLETS, HAIL 4 = ICE PELLETS
TOTAL MONTH: M 5 = HAIL
GRTST 24HR M ON M 6 = FREEZING RAIN OR DRIZZLE
GRTST DEPTH: M ON M 7 = DUSTSTORM OR SANDSTORM:
VSBY 1/2 MILE OR LESS
8 = SMOKE OR HAZE
[NO. OF DAYS WITH] [WEATHER - DAYS WITH] 9 = BLOWING SNOW
X = TORNADO
MAX 32 OR BELOW: 0 0.01 INCH OR MORE: 3
MAX 90 OR ABOVE: 5 0.10 INCH OR MORE: 3
MIN 32 OR BELOW: 0 0.50 INCH OR MORE: 0
MIN 0 OR BELOW: 0 1.00 INCH OR MORE: 0
[HDD (BASE 65) ]
TOTAL THIS MO. 35 CLEAR (SCALE 0-3) 26
DPTR FM NORMAL M PTCLDY (SCALE 4-7) 2
TOTAL FM JUL 1 4932 CLOUDY (SCALE 8-10) 2
DPTR FM NORMAL M
[CDD (BASE 65) ]
TOTAL THIS MO. 174
DPTR FM NORMAL M [PRESSURE DATA]
TOTAL FM JAN 1 177 HIGHEST SLP M ON M
DPTR FM NORMAL M LOWEST SLP M ON M
[REMARKS]
#FINAL-06-23#