000
CXUS54 KEPZ 011130
CF6SRR
PRELIMINARY LOCAL CLIMATOLOGICAL DATA (WS FORM: F-6)
STATION: RUIDOSO AWOS
MONTH: OCTOBER
YEAR: 2020
LATITUDE: 33 28 N
LONGITUDE: 105 32 W
TEMPERATURE IN F: :PCPN: SNOW: WIND :SUNSHINE: SKY :PK WND
================================================================================
1 2 3 4 5 6A 6B 7 8 9 10 11 12 13 14 15 16 17 18
12Z AVG MX 2MIN
DY MAX MIN AVG DEP HDD CDD WTR SNW DPTH SPD SPD DIR MIN PSBL S-S WX SPD DR
================================================================================
1 70 46 58 M 7 0 0.00 M M 7.9 16 120 M M 0 24 120
2 77 43 60 M 5 0 0.00 M M 7.0 13 230 M M 0 20 320
3 72 46 59 M 6 0 0.00 M M 8.8 17 140 M M 0 22 330
4 73 39 56 M 9 0 0.00 M M 6.0 14 140 M M 0 17 80
5 77 50 64 M 1 0 0.00 M M 9.9 18 300 M M 0 32 320
6 77 54 66 M 0 1 0.00 M M 8.2 16 120 M M 0 22 100
7 81 48 65 M 0 0 0.00 M M 4.8 10 130 M M 0 18 20
8 81 54 68 M 0 3 0.00 M M 6.2 18 210 M M 0 24 210
9 79 54 67 M 0 2 0.00 M M 9.8 15 310 M M 1 23 310
10 81 54 68 M 0 3 0.00 M M 10.0 22 220 M M 0 26 220
11 75 57 66 M 0 1 0.00 M M 13.9 23 290 M M 0 33 270
12 73 41 57 M 8 0 0.00 M M 6.6 12 160 M M 0 20 140
13 77 48 63 M 2 0 0.00 M M 7.8 15 310 M M 0 22 360
14 77 52 65 M 0 0 0.00 M M 12.9 22 300 M M 1 31 310
15 66 41 54 M 11 0 0.00 M M 8.7 14 170 M M 0 30 330
16 63 32 48 M 17 0 0.00 M M 7.3 12 140 M M 0 16 140
17 75 48 62 M 3 0 0.00 M M 8.8 20 320 M M 2 28 320
18 77 57 67 M 0 2 0.00 M M 11.0 16 330 M M 0 23 310
19 75 54 65 M 0 0 0.00 M M 10.2 17 320 M M 1 24 310
20 77 50 64 M 1 0 0.00 M M 7.6 15 300 M M 0 23 360
21 77 54 66 M 0 1 0.00 M M 10.8 20 230 M M 0 24 230
22 73 48 61 M 4 0 0.00 M M 8.2 20 300 M M 0 27 300
23 55 34 45 M 20 0 0.00 M M 7.4 14 140 M M 1 17 150
24 73 32 53 M 12 0 0.00 M M 10.8 21 250 M M 0 29 280
25 72 28 50 M 15 0 0.01 M M 13.1 26 230 M M 2 1 35 210
26 28 10 19 M 46 0 0.03 M M 9.4 27 M M M 10 12 32 M
27 23 10 17 M 48 0 0.07 M M 6.1 10 150 M M 8 1 M M
28 39 21 30 M 35 0 0.36 M M 13.2 23 310 M M 6 37 310
29 54 32 43 M 22 0 0.18 M M 6.4 16 320 M M 0 20 340
30 63 37 50 M 15 0 0.00 M M 6.8 10 270 M M 0 M M
31 64 41 53 M 12 0 0.00 M M 8.2 14 300 M M 0 25 340
================================================================================
SM 2124 1315 299 13 0.65 M 273.7 M 32
================================================================================
AV 68.5 42.4 8.8 FASTST M M 1 MAX(MPH)
MISC ----> 27 9999 37 310
================================================================================
NOTES:
# LAST OF SEVERAL OCCURRENCES
COLUMN 17 PEAK WIND IN M.P.H.
PRELIMINARY LOCAL CLIMATOLOGICAL DATA (WS FORM: F-6) , PAGE 2
STATION: RUIDOSO AWOS
MONTH: OCTOBER
YEAR: 2020
LATITUDE: 33 28 N
LONGITUDE: 105 32 W
[TEMPERATURE DATA] [PRECIPITATION DATA] SYMBOLS USED IN COLUMN 16
AVERAGE MONTHLY: 55.5 TOTAL FOR MONTH: 0.65 1 = FOG OR MIST
DPTR FM NORMAL: 0.0 DPTR FM NORMAL: M 2 = FOG REDUCING VISIBILITY
HIGHEST: 81 ON 10, 8 GRTST 24HR 0.36 ON 28-28 TO 1/4 MILE OR LESS
LOWEST: 10 ON 27,26 3 = THUNDER
SNOW, ICE PELLETS, HAIL 4 = ICE PELLETS
TOTAL MONTH: M 5 = HAIL
GRTST 24HR M ON M 6 = FREEZING RAIN OR DRIZZLE
GRTST DEPTH: M ON M 7 = DUSTSTORM OR SANDSTORM:
VSBY 1/2 MILE OR LESS
8 = SMOKE OR HAZE
[NO. OF DAYS WITH] [WEATHER - DAYS WITH] 9 = BLOWING SNOW
X = TORNADO
MAX 32 OR BELOW: 2 0.01 INCH OR MORE: 5
MAX 90 OR ABOVE: 0 0.10 INCH OR MORE: 2
MIN 32 OR BELOW: 7 0.50 INCH OR MORE: 0
MIN 0 OR BELOW: 0 1.00 INCH OR MORE: 0
[HDD (BASE 65) ]
TOTAL THIS MO. 299 CLEAR (SCALE 0-3) 28
DPTR FM NORMAL M PTCLDY (SCALE 4-7) 1
TOTAL FM JUL 1 446 CLOUDY (SCALE 8-10) 2
DPTR FM NORMAL M
[CDD (BASE 65) ]
TOTAL THIS MO. 13
DPTR FM NORMAL M [PRESSURE DATA]
TOTAL FM JAN 1 761 HIGHEST SLP M ON M
DPTR FM NORMAL M LOWEST SLP M ON M
[REMARKS]
#FINAL-10-20#