000
CXUS54 KEWX 011011
CF6SSF
PRELIMINARY LOCAL CLIMATOLOGICAL DATA (WS FORM: F-6)
STATION: SAN ANTONIO STINSON FIELD
MONTH: SEPTEMBER
YEAR: 2020
LATITUDE: 29 19 N
LONGITUDE: 98 29 W
TEMPERATURE IN F: :PCPN: SNOW: WIND :SUNSHINE: SKY :PK WND
================================================================================
1 2 3 4 5 6A 6B 7 8 9 10 11 12 13 14 15 16 17 18
12Z AVG MX 2MIN
DY MAX MIN AVG DEP HDD CDD WTR SNW DPTH SPD SPD DIR MIN PSBL S-S WX SPD DR
================================================================================
1 99 81 90 6 0 25 0.00 M M 10.9 23 140 M M 7 31 130
2 94 78 86 2 0 21 T M M 8.1 21 130 M M 2 26 120
3 97 72 85 1 0 20 0.35 M M 9.3 31 340 M M 5 13 44 330
4 81 71 76 -7 0 11 0.06 M M 6.1 21 90 M M 6 13 32 80
5 92 71 82 -1 0 17 0.01 M M 7.0 20 120 M M 5 1 26 80
6 92 72 82 -1 0 17 0.00 M M 4.3 16 220 M M 1 22 210
7 93 70 82 0 0 17 0.00 M M 4.4 15 190 M M 0 21 180
8 94 75 85 3 0 20 0.23 M M 10.5 29 150 M M 4 13 41 150
9 89 62 76 -6 0 11 0.87 M M 9.0 22 110 M M 8 13 29 190
10 71 58 65 -17 0 0 0.63 M M 8.9 15 10 M M 10 13 21 10
11 86 63 75 -6 0 10 0.00 M M 6.1 14 20 M M 6 19 20
12 92 69 81 0 0 16 0.00 M M 3.9 10 30 M M 2 14 30
13 94 74 84 3 0 19 0.00 M M 8.1 16 60 M M 0 25 70
14 92 74 83 3 0 18 0.00 M M 9.6 17 50 M M 2 28 50
15 91 74 83 3 0 18 0.00 M M 7.2 13 40 M M 3 18 10
16 93 74 84 4 0 19 T M M 4.2 17 130 M M 5 38 28 30
17 88 73 81 2 0 16 T M M 7.8 24 30 M M 2 3 32 40
18 89 71 80 1 0 15 0.00 M M 9.2 18 20 M M 1 28 50
19 85 68 77 -2 0 12 0.00 M M 8.3 16 40 M M 1 24 50
20 86 62 74 -4 0 9 T M M 9.6 18 40 M M 2 30 40
21 76 68 72 -6 0 7 0.30 M M 10.0 20 20 M M 10 1 28 30
22 83 68 76 -2 0 11 T M M 11.1 18 360 M M 8 27 350
23 84 65 75 -3 0 10 0.00 M M 6.7 15 10 M M 4 24 10
24 85 60 73 -4 0 8 0.00 M M 3.6 9 110 M M 1 13 70
25 87 60 74 -3 0 9 0.00 M M 3.4 12 150 M M 2 17 130
26 91 67 79 2 0 14 0.00 M M 5.9 16 150 M M 5 23 140
27 93 74 84 8 0 19 0.00 M M 10.8 15 180 M M 5 23 180
28 81 67 74 -2 0 9 T M M 13.2 25 20 M M 8 41 330
29 83 48 66 -10 0 1 0.00 M M 4.0 13 320 M M 0 20 310
30 86 47 67 -9 0 2 0.00 M M 3.7 14 170 M M 0 20 260
================================================================================
SM 2647 2036 0 401 2.45 M 224.9 M 115
================================================================================
AV 88.2 67.9 7.5 FASTST M M 4 MAX(MPH)
MISC ----> # 31 340 # 44 330
================================================================================
NOTES:
# LAST OF SEVERAL OCCURRENCES
COLUMN 17 PEAK WIND IN M.P.H.
PRELIMINARY LOCAL CLIMATOLOGICAL DATA (WS FORM: F-6) , PAGE 2
STATION: SAN ANTONIO STINSON FIELD
MONTH: SEPTEMBER
YEAR: 2020
LATITUDE: 29 19 N
LONGITUDE: 98 29 W
[TEMPERATURE DATA] [PRECIPITATION DATA] SYMBOLS USED IN COLUMN 16
AVERAGE MONTHLY: 78.1 TOTAL FOR MONTH: 2.45 1 = FOG OR MIST
DPTR FM NORMAL: -1.8 DPTR FM NORMAL: -0.37 2 = FOG REDUCING VISIBILITY
HIGHEST: 99 ON 1 GRTST 24HR 0.87 ON 9- 9 TO 1/4 MILE OR LESS
LOWEST: 47 ON 30 3 = THUNDER
SNOW, ICE PELLETS, HAIL 4 = ICE PELLETS
TOTAL MONTH: M 5 = HAIL
GRTST 24HR M ON M 6 = FREEZING RAIN OR DRIZZLE
GRTST DEPTH: M ON M 7 = DUSTSTORM OR SANDSTORM:
VSBY 1/2 MILE OR LESS
8 = SMOKE OR HAZE
[NO. OF DAYS WITH] [WEATHER - DAYS WITH] 9 = BLOWING SNOW
X = TORNADO
MAX 32 OR BELOW: 0 0.01 INCH OR MORE: 7
MAX 90 OR ABOVE: 14 0.10 INCH OR MORE: 5
MIN 32 OR BELOW: 0 0.50 INCH OR MORE: 2
MIN 0 OR BELOW: 0 1.00 INCH OR MORE: 0
[HDD (BASE 65) ]
TOTAL THIS MO. 0 CLEAR (SCALE 0-3) 15
DPTR FM NORMAL -1 PTCLDY (SCALE 4-7) 12
TOTAL FM JUL 1 0 CLOUDY (SCALE 8-10) 3
DPTR FM NORMAL -1
[CDD (BASE 65) ]
TOTAL THIS MO. 401
DPTR FM NORMAL -45 [PRESSURE DATA]
TOTAL FM JAN 1 2935 HIGHEST SLP 30.23 ON 29
DPTR FM NORMAL 45 LOWEST SLP 29.63 ON 27
[REMARKS]
#FINAL-09-20#