000
CXUS52 KJAX 021904
CF6SSI
PRELIMINARY LOCAL CLIMATOLOGICAL DATA (WS FORM: F-6)
STATION: ST SIMONS ISLAND
MONTH: APRIL
YEAR: 2022
LATITUDE: 31 9 N
LONGITUDE: 81 23 W
TEMPERATURE IN F: :PCPN: SNOW: WIND :SUNSHINE: SKY :PK WND
================================================================================
1 2 3 4 5 6A 6B 7 8 9 10 11 12 13 14 15 16 17 18
12Z AVG MX 2MIN
DY MAX MIN AVG DEP HDD CDD WTR SNW DPTH SPD SPD DIR MIN PSBL S-S WX SPD DR
================================================================================
1 80 60 70 5 0 5 0.00 0.0 0 7.3 15 160 M M 1 21 180
2 73 55 64 -1 1 0 0.00 0.0 0 5.3 13 30 M M 4 1 17 20
3 79 56 68 3 0 3 0.00 0.0 0 5.7 16 350 M M 1 1 25 360
4 77 50 64 -1 1 0 0.00 0.0 0 6.2 14 110 M M 0 1 18 110
5 78 67 73 7 0 8 0.51 0.0 0 9.6 30 200 M M 5 13 47 220
6 84 66 75 9 0 10 T 0.0 0 8.4 16 220 M M 4 1 24 210
7 87 66 77 11 0 12 0.21 0.0 0 9.2 24 230 M M 5 13 35 230
8 72 56 64 -2 1 0 0.00 0.0 0 12.8 24 230 M M 2 36 250
9 65 47 56 -10 9 0 0.00 0.0 0 10.3 28 260 M M 2 43 270
10 75 44 60 -7 5 0 0.00 0.0 0 6.9 15 150 M M 0 21 140
11 75 51 63 -4 2 0 0.00 0.0 0 7.4 14 160 M M 0 21 160
12 78 63 71 4 0 6 0.00 0.0 0 9.0 16 150 M M 0 24 140
13 80 67 74 7 0 9 0.00 0.0 0 8.9 16 130 M M 0 23 160
14 85 68 77 9 0 12 0.00 0.0 0 5.2 16 170 M M 3 25 180
15 76 67 72 4 0 7 0.00 0.0 0 11.3 25 50 M M 6 35 40
16 80 65 73 5 0 8 0.00 0.0 0 4.1 15 160 M M 6 21 150
17 81 67 74 6 0 9 1.13 0.0 0 7.3 18 270 M M 5 13 25 270
18 82 68 75 6 0 10 0.01 0.0 0 8.6 16 290 M M 4 24 300
19 70 53 62 -7 3 0 0.00 0.0 0 6.9 18 350 M M 0 25 360
20 76 57 67 -2 0 2 0.00 0.0 0 12.4 20 70 M M 3 30 70
21 77 67 72 3 0 7 0.00 0.0 0 10.7 17 70 M M 4 26 100
22 77 62 70 0 0 5 0.00 0.0 0 8.9 17 70 M M 1 26 80
23 78 65 72 2 0 7 0.00 0.0 0 8.3 14 100 M M 1 20 100
24 80 65 73 3 0 8 0.00 0.0 0 7.7 15 100 M M 0 20 100
25 81 65 73 3 0 8 0.00 0.0 0 7.9 16 130 M M 0 21 130
26 85 68 77 6 0 12 0.00 0.0 0 7.8 18 150 M M 1 26 140
27 77 66 72 1 0 7 0.05 0.0 0 9.3 22 60 M M 4 1 29 60
28 77 67 72 1 0 7 0.00 0.0 0 12.1 20 60 M M 0 27 50
29 79 68 74 3 0 9 0.00 0.0 0 12.2 18 130 M M 1 24 140
30 80 70 75 3 0 10 0.00 0.0 0 10.8 17 140 M M 0 25 130
================================================================================
SM 2344 1856 22 181 1.91 0.0 258.5 M 63
================================================================================
AV 78.1 61.9 8.6 FASTST M M 2 MAX(MPH)
MISC ----> 30 200 47 220
================================================================================
NOTES:
# LAST OF SEVERAL OCCURRENCES
COLUMN 17 PEAK WIND IN M.P.H.
PRELIMINARY LOCAL CLIMATOLOGICAL DATA (WS FORM: F-6) , PAGE 2
STATION: ST SIMONS ISLAND
MONTH: APRIL
YEAR: 2022
LATITUDE: 31 9 N
LONGITUDE: 81 23 W
[TEMPERATURE DATA] [PRECIPITATION DATA] SYMBOLS USED IN COLUMN 16
AVERAGE MONTHLY: 70.0 TOTAL FOR MONTH: 1.91 1 = FOG OR MIST
DPTR FM NORMAL: 2.0 DPTR FM NORMAL: -0.91 2 = FOG REDUCING VISIBILITY
HIGHEST: 87 ON 7 GRTST 24HR 1.13 ON 17-17 TO 1/4 MILE OR LESS
LOWEST: 44 ON 10 3 = THUNDER
SNOW, ICE PELLETS, HAIL 4 = ICE PELLETS
TOTAL MONTH: 0.0 INCH 5 = HAIL
GRTST 24HR 0.0 6 = FREEZING RAIN OR DRIZZLE
GRTST DEPTH: 0 7 = DUSTSTORM OR SANDSTORM:
VSBY 1/2 MILE OR LESS
8 = SMOKE OR HAZE
[NO. OF DAYS WITH] [WEATHER - DAYS WITH] 9 = BLOWING SNOW
X = TORNADO
MAX 32 OR BELOW: 0 0.01 INCH OR MORE: 5
MAX 90 OR ABOVE: 0 0.10 INCH OR MORE: 3
MIN 32 OR BELOW: 0 0.50 INCH OR MORE: 2
MIN 0 OR BELOW: 0 1.00 INCH OR MORE: 1
[HDD (BASE 65) ]
TOTAL THIS MO. 22 CLEAR (SCALE 0-3) 19
DPTR FM NORMAL -20 PTCLDY (SCALE 4-7) 11
TOTAL FM JUL 1 982 CLOUDY (SCALE 8-10) 0
DPTR FM NORMAL -325
[CDD (BASE 65) ]
TOTAL THIS MO. 181
DPTR FM NORMAL 49 [PRESSURE DATA]
TOTAL FM JAN 1 299 HIGHEST SLP 30.43 ON 21
DPTR FM NORMAL 101 LOWEST SLP 29.65 ON 7
[REMARKS]
#FINAL-04-22#