000
CXUS54 KEPZ 011130
CF6SVC
PRELIMINARY LOCAL CLIMATOLOGICAL DATA (WS FORM: F-6)
STATION: SILVER CITY
MONTH: FEBRUARY
YEAR: 2023
LATITUDE: 32 37 N
LONGITUDE: 108 10 W
TEMPERATURE IN F: :PCPN: SNOW: WIND :SUNSHINE: SKY :PK WND
================================================================================
1 2 3 4 5 6A 6B 7 8 9 10 11 12 13 14 15 16 17 18
12Z AVG MX 2MIN
DY MAX MIN AVG DEP HDD CDD WTR SNW DPTH SPD SPD DIR MIN PSBL S-S WX SPD DR
================================================================================
1 58 24 41 M 24 0 0.00 0.0 0 8.1 17 190 M M 2 24 160
2 60 26 43 M 22 0 0.00 M M 6.7 13 140 M M 0 17 260
3 58 21 40 M 25 0 0.00 M M 7.9 14 130 M M 0 30 130
4 68 25 47 M 18 0 0.00 M M 10.4 16 300 M M 0 22 300
5 72 29 51 M 14 0 0.00 M M 9.7 24 280 M M 0 28 280
6 59 30 45 M 20 0 0.00 M M 14.0 28 280 M M 0 35 280
7 47 24 36 M 29 0 0.00 M M 7.7 13 40 M M 4 20 40
8 55 22 39 M 26 0 0.00 M M 9.9 16 280 M M 0 21 280
9 56 26 41 M 24 0 0.00 M M 9.9 16 290 M M 0 25 290
10 46 13 30 M 35 0 0.00 M M 5.8 12 140 M M 0 18 130
11 55 16 36 M 29 0 0.00 M M 7.0 13 130 M M 2 17 120
12 65 28 47 M 18 0 0.00 M M 7.9 15 140 M M 4 20 160
13 54 33 44 M 21 0 0.00 M M 9.4 26 270 M M 6 39 220
14 51 32 42 M 23 0 0.00 M M 15.0 26 280 M M 7 33 270
15 42 19 31 M 34 0 0.06 M M 18.7 33 300 M M 6 41 300
16 43 11 27 M 38 0 0.00 M M 6.1 18 320 M M 0 23 320
17 47 17 32 M 33 0 0.00 M M 10.1 20 100 M M 0 25 140
18 60 32 46 M 19 0 0.00 M M 5.6 10 10 M M 3 10 210
19 51 34 43 M 22 0 0.25 M M 3.4 10 160 M M 9 M M
20 62 41 52 M 13 0 T M M 5.7 16 210 M M 6 20 250
21 61 40 51 M 14 0 0.02 M M 9.7 24 210 M M 9 35 210
22 53 32 43 M 22 0 0.00 M M 18.2 30 300 M M 10 40 230
23 54 31 43 M 22 0 0.00 M M 8.9 21 240 M M 6 25 240
24 64 28 46 M 19 0 0.00 M M 7.0 15 240 M M 0 22 230
25 68 40 54 M 11 0 0.00 M M 7.3 14 200 M M 1 20 180
26 55 24 40 M 25 0 0.00 M M 15.6 40 220 M M 2 49 220
27 59 25 42 M 23 0 0.00 M M 12.5 21 280 M M 0 28 280
28 62 36 49 M 16 0 0.00 M M 12.3 21 290 M M 0 29 270
================================================================================
SM 1585 759 639 0 0.33 0.0 270.5 M 77
================================================================================
AV 56.6 27.1 9.7 FASTST M M 3 MAX(MPH)
MISC ----> 40 220 49 220
================================================================================
NOTES:
# LAST OF SEVERAL OCCURRENCES
COLUMN 17 PEAK WIND IN M.P.H.
PRELIMINARY LOCAL CLIMATOLOGICAL DATA (WS FORM: F-6) , PAGE 2
STATION: SILVER CITY
MONTH: FEBRUARY
YEAR: 2023
LATITUDE: 32 37 N
LONGITUDE: 108 10 W
[TEMPERATURE DATA] [PRECIPITATION DATA] SYMBOLS USED IN COLUMN 16
AVERAGE MONTHLY: 41.9 TOTAL FOR MONTH: 0.33 1 = FOG OR MIST
DPTR FM NORMAL: 0.0 DPTR FM NORMAL: 0.33 2 = FOG REDUCING VISIBILITY
HIGHEST: 72 ON 5 GRTST 24HR 0.25 ON 19-19 TO 1/4 MILE OR LESS
LOWEST: 11 ON 16 3 = THUNDER
SNOW, ICE PELLETS, HAIL 4 = ICE PELLETS
TOTAL MONTH: 0.0 INCH 5 = HAIL
GRTST 24HR 0.0 6 = FREEZING RAIN OR DRIZZLE
GRTST DEPTH: 0 7 = DUSTSTORM OR SANDSTORM:
VSBY 1/2 MILE OR LESS
8 = SMOKE OR HAZE
[NO. OF DAYS WITH] [WEATHER - DAYS WITH] 9 = BLOWING SNOW
X = TORNADO
MAX 32 OR BELOW: 0 0.01 INCH OR MORE: 3
MAX 90 OR ABOVE: 0 0.10 INCH OR MORE: 1
MIN 32 OR BELOW: 22 0.50 INCH OR MORE: 0
MIN 0 OR BELOW: 0 1.00 INCH OR MORE: 0
[HDD (BASE 65) ]
TOTAL THIS MO. 639 CLEAR (SCALE 0-3) 17
DPTR FM NORMAL M PTCLDY (SCALE 4-7) 8
TOTAL FM JUL 1 2843 CLOUDY (SCALE 8-10) 3
DPTR FM NORMAL M
[CDD (BASE 65) ]
TOTAL THIS MO. 0
DPTR FM NORMAL M [PRESSURE DATA]
TOTAL FM JAN 1 0 HIGHEST SLP M ON M
DPTR FM NORMAL M LOWEST SLP M ON M
[REMARKS]
#FINAL-02-23#