000
CXUS54 KEPZ 011200
CF6SVC
PRELIMINARY LOCAL CLIMATOLOGICAL DATA (WS FORM: F-6)
STATION: SILVER CITY
MONTH: FEBRUARY
YEAR: 2020
LATITUDE: 32 37 N
LONGITUDE: 108 10 W
TEMPERATURE IN F: :PCPN: SNOW: WIND :SUNSHINE: SKY :PK WND
================================================================================
1 2 3 4 5 6A 6B 7 8 9 10 11 12 13 14 15 16 17 18
12Z AVG MX 2MIN
DY MAX MIN AVG DEP HDD CDD WTR SNW DPTH SPD SPD DIR MIN PSBL S-S WX SPD DR
================================================================================
1 61 21 41 M 24 0 0.00 0.0 0 5.8 10 180 M M 0 M M
2 65 25 45 M 20 0 0.00 0.0 0 8.0 18 310 M M 0 24 310
3 59 34 47 M 18 0 0.00 0.0 0 12.3 21 280 M M 4 31 230
4 44 28 36 M 29 0 0.00 0.0 0 15.0 22 300 M M 9 32 290
5 39 15 27 M 38 0 0.00 0.0 0 11.4 22 270 M M 3 29 270
6 48 17 33 M 32 0 0.00 0.0 0 14.5 27 300 M M 0 31 300
7 60 30 45 M 20 0 0.00 0.0 0 14.5 25 300 M M 0 29 300
8 68 28 48 M 17 0 0.00 0.0 0 9.1 14 260 M M 0 17 250
9 62 29 46 M 19 0 0.00 0.0 0 9.1 17 200 M M 1 23 210
10 55 37 46 M 19 0 0.56 M 0 4.9 12 350 M M 8 3 M M
11 42 31 37 M 28 0 0.38 M 0 3.7 9 270 M M 10 M M
12 46 28 37 M 28 0 0.03 0.0 0 9.1 21 300 M M 6 24 300
13 51 27 39 M 26 0 0.00 0.0 0 4.3 8 350 M M 1 M M
14 56 28 42 M 23 0 0.00 0.0 0 6.5 10 340 M M 1 M M
15 60 31 46 M 19 0 0.00 0.0 0 10.4 17 280 M M 1 24 290
16 64 30 47 M 18 0 0.00 0.0 0 11.6 17 290 M M 0 21 280
17 64 32 48 M 17 0 0.00 0.0 0 12.9 21 280 M M 1 29 280
18 65 31 48 M 17 0 0.00 0.0 0 8.3 12 210 M M 1 17 200
19 60 33 47 M 18 0 0.00 0.0 0 4.7 12 340 M M 0 M M
20 59 31 45 M 20 0 0.00 0.0 0 12.2 18 140 M M 1 28 140
21 48 31 40 M 25 0 0.00 0.0 0 7.2 14 100 M M 9 M M
22 50 38 44 M 21 0 0.08 M 0 2.5 10 220 M M 9 M M
23 50 33 42 M 23 0 0.01 M 0 15.5 27 310 M M 6 33 270
24 59 32 46 M 19 0 0.00 0.0 0 14.1 24 300 M M 0 28 310
25 49 23 36 M 29 0 0.00 0.0 0 12.0 23 350 M M 0 40 350
26 44 14 29 M 36 0 0.00 0.0 0 5.7 9 170 M M 0 M M
27 57 18 38 M 27 0 0.00 0.0 0 7.0 12 140 M M 0 17 140
28 61 30 46 M 19 0 0.00 0.0 0 7.4 12 140 M M 0 21 140
29 66 33 50 M 15 0 0.00 0.0 0 11.7 27 280 M M 3 35 280
================================================================================
SM 1612 818 664 0 1.06 0.0 271.4 M 74
================================================================================
AV 55.6 28.2 9.4 FASTST M M 3 MAX(MPH)
MISC ----> # 27 300 # 40 350
================================================================================
NOTES:
# LAST OF SEVERAL OCCURRENCES
COLUMN 17 PEAK WIND IN M.P.H.
PRELIMINARY LOCAL CLIMATOLOGICAL DATA (WS FORM: F-6) , PAGE 2
STATION: SILVER CITY
MONTH: FEBRUARY
YEAR: 2020
LATITUDE: 32 37 N
LONGITUDE: 108 10 W
[TEMPERATURE DATA] [PRECIPITATION DATA] SYMBOLS USED IN COLUMN 16
AVERAGE MONTHLY: 41.9 TOTAL FOR MONTH: 1.06 1 = FOG OR MIST
DPTR FM NORMAL: M DPTR FM NORMAL: M 2 = FOG REDUCING VISIBILITY
HIGHEST: 68 ON 8 GRTST 24HR 0.56 ON 10-10 TO 1/4 MILE OR LESS
LOWEST: 14 ON 26 3 = THUNDER
SNOW, ICE PELLETS, HAIL 4 = ICE PELLETS
TOTAL MONTH: 0.0 INCH 5 = HAIL
GRTST 24HR 0.0 6 = FREEZING RAIN OR DRIZZLE
GRTST DEPTH: 0 7 = DUSTSTORM OR SANDSTORM:
VSBY 1/2 MILE OR LESS
8 = SMOKE OR HAZE
[NO. OF DAYS WITH] [WEATHER - DAYS WITH] 9 = BLOWING SNOW
X = TORNADO
MAX 32 OR BELOW: 0 0.01 INCH OR MORE: 5
MAX 90 OR ABOVE: 0 0.10 INCH OR MORE: 2
MIN 32 OR BELOW: 23 0.50 INCH OR MORE: 1
MIN 0 OR BELOW: 0 1.00 INCH OR MORE: 0
[HDD (BASE 65) ]
TOTAL THIS MO. 664 CLEAR (SCALE 0-3) 21
DPTR FM NORMAL M PTCLDY (SCALE 4-7) 4
TOTAL FM JUL 1 2974 CLOUDY (SCALE 8-10) 4
DPTR FM NORMAL M
[CDD (BASE 65) ]
TOTAL THIS MO. 0
DPTR FM NORMAL M [PRESSURE DATA]
TOTAL FM JAN 1 0 HIGHEST SLP M ON M
DPTR FM NORMAL M LOWEST SLP M ON M
[REMARKS]
#FINAL-02-20#