000
CXUS54 KOUN 010810
CF6SWO
PRELIMINARY LOCAL CLIMATOLOGICAL DATA (WS FORM: F-6)
STATION: STILLWATER
MONTH: JUNE
YEAR: 2022
LATITUDE: 36 10 N
LONGITUDE: 97 5 W
TEMPERATURE IN F: :PCPN: SNOW: WIND :SUNSHINE: SKY :PK WND
================================================================================
1 2 3 4 5 6A 6B 7 8 9 10 11 12 13 14 15 16 17 18
12Z AVG MX 2MIN
DY MAX MIN AVG DEP HDD CDD WTR SNW DPTH SPD SPD DIR MIN PSBL S-S WX SPD DR
================================================================================
1 81 61 71 -4 0 6 0.40 M M 8.1 21 100 M M 4 13 26 110
2 81 61 71 -4 0 6 0.00 M M 7.2 15 50 M M 4 19 50
3 82 61 72 -3 0 7 0.00 M M 5.0 13 90 M M 3 17 40
4 85 61 73 -3 0 8 0.00 M M 9.7 18 180 M M 2 22 180
5 83 63 73 -3 0 8 1.14 M M 11.0 26 30 M M 3 13 32 30
6 89 65 77 1 0 12 1.60 M M 7.1 37 360 M M 2 13 48 360
7 88 70 79 2 0 14 0.01 M M 7.5 23 10 M M 1 3 30 10
8 82 64 73 -4 0 8 0.06 M M 6.8 21 10 M M 5 30 20
9 87 60 74 -3 0 9 0.00 M M 6.9 15 190 M M 1 1 19 160
10 91 64 78 1 0 13 1.01 M M 8.6 53 20 M M 2 13 71 30
11 94 74 84 6 0 19 0.00 M M 9.4 22 40 M M 0 28 40
12 100 75 88 10 0 23 0.00 M M 13.0 21 190 M M 0 26 190
13 97 81 89 11 0 24 0.00 M M 15.9 25 170 M M 0 31 160
14 93 79 86 8 0 21 0.00 M M 19.2 30 190 M M 0 37 180
15 93 79 86 7 0 21 0.00 M M 16.3 26 180 M M 1 35 200
16 97 76 87 8 0 22 0.00 M M 11.0 18 170 M M 0 22 180
17 97 74 86 7 0 21 0.00 M M 9.0 15 150 M M 0 18 170
18 96 71 84 5 0 19 T M M 7.2 29 180 M M 1 38 45 180
19 94 71 83 3 0 18 0.00 M M 10.2 20 150 M M 1 27 170
20 95 75 85 5 0 20 0.00 0.0 M 12.2 18 180 M M 0 22 170
21 99 75 87 7 0 22 0.00 0.0 M 9.9 17 150 M M 0 23 150
22 98 72 85 5 0 20 0.00 0.0 M 7.2 17 160 M M 0 22 150
23 99 73 86 6 0 21 0.00 M M 8.1 17 150 M M 0 22 120
24 102 79 91 10 0 26 0.00 M M 14.1 22 160 M M 0 29 180
25 103 78 91 10 0 26 0.00 M M 11.1 20 200 M M 0 25 200
26 85 67 76 -5 0 11 0.00 M M 14.6 29 30 M M 2 36 40
27 87 62 75 -6 0 10 0.00 M M 9.2 16 60 M M 1 24 40
28 91 66 79 -2 0 14 T M M 5.0 10 90 M M 3 14 110
29 94 60 77 -5 0 12 0.00 M M 6.1 15 150 M M 0 19 160
30 98 61 80 -2 0 15 0.00 0.0 0 10.3 18 170 M M 0 23 170
================================================================================
SM 2761 2078 0 476 4.22 0.0 296.9 M 36
================================================================================
AV 92.0 69.3 9.9 FASTST M M 1 MAX(MPH)
MISC ----> 53 20 71 30
================================================================================
NOTES:
# LAST OF SEVERAL OCCURRENCES
COLUMN 17 PEAK WIND IN M.P.H.
PRELIMINARY LOCAL CLIMATOLOGICAL DATA (WS FORM: F-6) , PAGE 2
STATION: STILLWATER
MONTH: JUNE
YEAR: 2022
LATITUDE: 36 10 N
LONGITUDE: 97 5 W
[TEMPERATURE DATA] [PRECIPITATION DATA] SYMBOLS USED IN COLUMN 16
AVERAGE MONTHLY: 80.7 TOTAL FOR MONTH: 4.22 1 = FOG OR MIST
DPTR FM NORMAL: 2.1 DPTR FM NORMAL: -0.27 2 = FOG REDUCING VISIBILITY
HIGHEST: 103 ON 25 GRTST 24HR 2.74 ON 5- 6 TO 1/4 MILE OR LESS
LOWEST: 60 ON 29, 9 3 = THUNDER
SNOW, ICE PELLETS, HAIL 4 = ICE PELLETS
TOTAL MONTH: 0.0 INCH 5 = HAIL
GRTST 24HR 0.0 6 = FREEZING RAIN OR DRIZZLE
GRTST DEPTH: 0 7 = DUSTSTORM OR SANDSTORM:
VSBY 1/2 MILE OR LESS
8 = SMOKE OR HAZE
[NO. OF DAYS WITH] [WEATHER - DAYS WITH] 9 = BLOWING SNOW
X = TORNADO
MAX 32 OR BELOW: 0 0.01 INCH OR MORE: 6
MAX 90 OR ABOVE: 19 0.10 INCH OR MORE: 4
MIN 32 OR BELOW: 0 0.50 INCH OR MORE: 3
MIN 0 OR BELOW: 0 1.00 INCH OR MORE: 3
[HDD (BASE 65) ]
TOTAL THIS MO. 0 CLEAR (SCALE 0-3) 26
DPTR FM NORMAL -1 PTCLDY (SCALE 4-7) 4
TOTAL FM JUL 1 3090 CLOUDY (SCALE 8-10) 0
DPTR FM NORMAL -358
[CDD (BASE 65) ]
TOTAL THIS MO. 476
DPTR FM NORMAL 67 [PRESSURE DATA]
TOTAL FM JAN 1 840 HIGHEST SLP M ON M
DPTR FM NORMAL 162 LOWEST SLP 29.55 ON 5
[REMARKS]
#FINAL-06-22#