000
CXUS52 KTBW 011243
CF6TBW
PRELIMINARY LOCAL CLIMATOLOGICAL DATA (WS FORM: F-6)
STATION: RUSKIN WFO
MONTH: JUNE
YEAR: 2023
LATITUDE: 27 42 N
LONGITUDE: 82 24 W
TEMPERATURE IN F: :PCPN: SNOW: WIND :SUNSHINE: SKY :PK WND
================================================================================
1 2 3 4 5 6A 6B 7 8 9 10 11 12 13 14 15 16 17 18
12Z AVG MX 2MIN
DY MAX MIN AVG DEP HDD CDD WTR SNW DPTH SPD SPD DIR MIN PSBL S-S WX SPD DR
================================================================================
1 89 72 81 1 0 16 0.21 0.0 0 M M M M M M 13 M M
2 88 70 79 -1 0 14 0.38 0.0 0 M M M M M M 13 M M
3 89 69 79 -1 0 14 T 0.0 0 M M M M M M 3 M M
4 89 68 79 -1 0 14 0.03 0.0 0 M M M M M M 3 M M
5 89 70 80 0 0 15 0.00 0.0 0 M M M M M M M M
6 91 69 80 0 0 15 0.00 0.0 0 M M M M M M M M
7 87 71 79 -1 0 14 0.00 0.0 0 M M M M M M M M
8 86 72 79 -1 0 14 0.13 0.0 0 M M M M M M 3 M M
9 88 72 80 0 0 15 0.00 0.0 0 M M M M M M M M
10 90 72 81 0 0 16 0.00 0.0 0 M M M M M M M M
11 89 73 81 0 0 16 0.00 0.0 0 M M M M M M M M
12 89 73 81 0 0 16 0.00 0.0 0 M M M M M M M M
13 90 75 83 2 0 18 0.00 0.0 0 M M M M M M M M
14 91 75 83 2 0 18 0.00 0.0 0 M M M M M M M M
15 93 73 83 2 0 18 0.02 0.0 0 M M M M M M M M
16 89 74 82 1 0 17 0.32 0.0 0 M M M M M M 3 M M
17 91 75 83 2 0 18 0.30 0.0 0 M M M M M M 3 M M
18 89 71 80 -1 0 15 0.31 0.0 0 M M M M M M 13 M M
19 91 76 84 3 0 19 0.00 0.0 0 M M M M M M M M
20 89 76 83 1 0 18 0.00 0.0 0 M M M M M M M M
21 87 71 79 -3 0 14 1.05 0.0 0 M M M M M M 13 M M
22 91 70 81 -1 0 16 0.00 0.0 0 M M M M M M M M
23 91 76 84 2 0 19 T 0.0 0 M M M M M M M M
24 91 74 83 1 0 18 0.00 0.0 0 M M M M M M M M
25 92 75 84 2 0 19 0.00 0.0 0 M M M M M M M M
26 92 73 83 1 0 18 0.00 0.0 0 M M M M M M M M
27 91 73 82 0 0 17 0.00 0.0 0 M M M M M M M M
28 92 79 86 4 0 21 T 0.0 0 M M M M M M M M
29 94 78 86 4 0 21 0.13 0.0 0 M M M M M M 3 M M
30 96 74 85 3 0 20 0.00 0.0 0 M M M M M M M M
================================================================================
SM 2704 2189 0 503 2.88 0.0 M M M
================================================================================
AV 90.1 73.0 M FASTST M M M MAX(MPH)
MISC ----> M M M M
================================================================================
NOTES:
# LAST OF SEVERAL OCCURRENCES
COLUMN 17 PEAK WIND IN M.P.H.
PRELIMINARY LOCAL CLIMATOLOGICAL DATA (WS FORM: F-6) , PAGE 2
STATION: RUSKIN WFO
MONTH: JUNE
YEAR: 2023
LATITUDE: 27 42 N
LONGITUDE: 82 24 W
[TEMPERATURE DATA] [PRECIPITATION DATA] SYMBOLS USED IN COLUMN 16
AVERAGE MONTHLY: 81.6 TOTAL FOR MONTH: 2.88 1 = FOG OR MIST
DPTR FM NORMAL: 0.6 DPTR FM NORMAL: -5.04 2 = FOG REDUCING VISIBILITY
HIGHEST: 96 ON 30 GRTST 24HR 1.05 ON 21-21 TO 1/4 MILE OR LESS
LOWEST: 68 ON 4 3 = THUNDER
SNOW, ICE PELLETS, HAIL 4 = ICE PELLETS
TOTAL MONTH: 0.0 INCH 5 = HAIL
GRTST 24HR 0.0 6 = FREEZING RAIN OR DRIZZLE
GRTST DEPTH: 0 7 = DUSTSTORM OR SANDSTORM:
VSBY 1/2 MILE OR LESS
8 = SMOKE OR HAZE
[NO. OF DAYS WITH] [WEATHER - DAYS WITH] 9 = BLOWING SNOW
X = TORNADO
MAX 32 OR BELOW: 0 0.01 INCH OR MORE: 10
MAX 90 OR ABOVE: 16 0.10 INCH OR MORE: 8
MIN 32 OR BELOW: 0 0.50 INCH OR MORE: 1
MIN 0 OR BELOW: 0 1.00 INCH OR MORE: 1
[HDD (BASE 65) ]
TOTAL THIS MO. 0 CLEAR (SCALE 0-3) 0
DPTR FM NORMAL 0 PTCLDY (SCALE 4-7) 0
TOTAL FM JUL 1 289 CLOUDY (SCALE 8-10) 30
DPTR FM NORMAL -211
[CDD (BASE 65) ]
TOTAL THIS MO. 503
DPTR FM NORMAL 23 [PRESSURE DATA]
TOTAL FM JAN 1 1739 HIGHEST SLP M ON M
DPTR FM NORMAL 400 LOWEST SLP M ON M
[REMARKS]
#FINAL-06-23#