000
CXUS52 KTBW 051743
CF6TBW
PRELIMINARY LOCAL CLIMATOLOGICAL DATA (WS FORM: F-6)
STATION: RUSKIN WFO
MONTH: NOVEMBER
YEAR: 2022
LATITUDE: 27 42 N
LONGITUDE: 82 24 W
TEMPERATURE IN F: :PCPN: SNOW: WIND :SUNSHINE: SKY :PK WND
================================================================================
1 2 3 4 5 6A 6B 7 8 9 10 11 12 13 14 15 16 17 18
12Z AVG MX 2MIN
DY MAX MIN AVG DEP HDD CDD WTR SNW DPTH SPD SPD DIR MIN PSBL S-S WX SPD DR
================================================================================
1 91 70 81 9 0 16 0.00 0.0 0 M M M M M M M M
2 91 73 82 11 0 17 0.01 0.0 0 M M M M M M M M
3 89 71 80 9 0 15 0.00 0.0 0 M M M M M M M M
4 86 65 76 5 0 11 T 0.0 0 M M M M M M M M
5 88 67 78 7 0 13 0.00 0.0 0 M M M M M M M M
6 91 71 81 11 0 16 0.00 0.0 0 M M M M M M M M
7 85 69 77 7 0 12 0.00 0.0 0 M M M M M M M M
8 86 69 78 8 0 13 0.04 0.0 0 M M M M M M M M
9 75 66 71 1 0 6 0.15 0.0 0 M M M M M M M M
10 73 67 70 1 0 5 1.74 0.0 0 M M M M M M 1 M M
11 83 69 76 7 0 11 0.14 0.0 0 M M M M M M M M
12 81 67 74 5 0 9 0.00 0.0 0 M M M M M M M M
13 79 66 73 4 0 8 0.23 0.0 0 M M M M M M 13 M M
14 82 63 73 4 0 8 0.00 0.0 0 M M M M M M M M
15 82 67 75 7 0 10 0.00 0.0 0 M M M M M M M M
16 77 63 70 2 0 5 0.15 0.0 0 M M M M M M M M
17 69 53 61 -7 4 0 0.00 0.0 0 M M M M M M M M
18 69 51 60 -8 5 0 0.00 0.0 0 M M M M M M M M
19 75 53 64 -4 1 0 0.00 0.0 0 M M M M M M M M
20 61 54 58 -10 7 0 0.09 0.0 0 M M M M M M M M
21 78 56 67 0 0 2 0.00 0.0 0 M M M M M M M M
22 77 65 71 4 0 6 0.00 0.0 0 M M M M M M M M
23 81 66 74 7 0 9 T 0.0 0 M M M M M M M M
24 81 67 74 7 0 9 0.00 0.0 0 M M M M M M 1 M M
25 83 69 76 9 0 11 0.00 0.0 0 M M M M M M 1 M M
26 82 69 76 9 0 11 0.00 0.0 0 M M M M M M 12 M M
27 83 69 76 10 0 11 0.05 0.0 0 M M M M M M M M
28 78 61 70 4 0 5 0.00 0.0 0 M M M M M M M M
29 84 59 72 6 0 7 0.00 0.0 0 M M M M M M M M
30 83 63 73 7 0 8 0.05 0.0 0 M M M M M M M M
================================================================================
SM 2423 1938 17 254 2.65 0.0 M M M
================================================================================
AV 80.8 64.6 M FASTST M M M MAX(MPH)
MISC ----> M M M M
================================================================================
NOTES:
# LAST OF SEVERAL OCCURRENCES
COLUMN 17 PEAK WIND IN M.P.H.
PRELIMINARY LOCAL CLIMATOLOGICAL DATA (WS FORM: F-6) , PAGE 2
STATION: RUSKIN WFO
MONTH: NOVEMBER
YEAR: 2022
LATITUDE: 27 42 N
LONGITUDE: 82 24 W
[TEMPERATURE DATA] [PRECIPITATION DATA] SYMBOLS USED IN COLUMN 16
AVERAGE MONTHLY: 72.7 TOTAL FOR MONTH: 2.65 1 = FOG OR MIST
DPTR FM NORMAL: 4.2 DPTR FM NORMAL: 0.65 2 = FOG REDUCING VISIBILITY
HIGHEST: 91 ON 6, 2 GRTST 24HR 1.74 ON 10-10 TO 1/4 MILE OR LESS
LOWEST: 51 ON 18 3 = THUNDER
SNOW, ICE PELLETS, HAIL 4 = ICE PELLETS
TOTAL MONTH: 0.0 INCH 5 = HAIL
GRTST 24HR 0.0 6 = FREEZING RAIN OR DRIZZLE
GRTST DEPTH: 0 7 = DUSTSTORM OR SANDSTORM:
VSBY 1/2 MILE OR LESS
8 = SMOKE OR HAZE
[NO. OF DAYS WITH] [WEATHER - DAYS WITH] 9 = BLOWING SNOW
X = TORNADO
MAX 32 OR BELOW: 0 0.01 INCH OR MORE: 10
MAX 90 OR ABOVE: 3 0.10 INCH OR MORE: 5
MIN 32 OR BELOW: 0 0.50 INCH OR MORE: 1
MIN 0 OR BELOW: 0 1.00 INCH OR MORE: 1
[HDD (BASE 65) ]
TOTAL THIS MO. 17 CLEAR (SCALE 0-3) 0
DPTR FM NORMAL -25 PTCLDY (SCALE 4-7) 0
TOTAL FM JUL 1 40 CLOUDY (SCALE 8-10) 30
DPTR FM NORMAL -8
[CDD (BASE 65) ]
TOTAL THIS MO. 254
DPTR FM NORMAL 107 [PRESSURE DATA]
TOTAL FM JAN 1 3849 HIGHEST SLP M ON M
DPTR FM NORMAL 459 LOWEST SLP M ON M
[REMARKS]
#FINAL-11-22#