000
CXUS52 KTBW 012045
CF6TBW
PRELIMINARY LOCAL CLIMATOLOGICAL DATA (WS FORM: F-6)
STATION: RUSKIN WFO
MONTH: NOVEMBER
YEAR: 2023
LATITUDE: 27 42 N
LONGITUDE: 82 24 W
TEMPERATURE IN F: :PCPN: SNOW: WIND :SUNSHINE: SKY :PK WND
================================================================================
1 2 3 4 5 6A 6B 7 8 9 10 11 12 13 14 15 16 17 18
12Z AVG MX 2MIN
DY MAX MIN AVG DEP HDD CDD WTR SNW DPTH SPD SPD DIR MIN PSBL S-S WX SPD DR
================================================================================
1 79 58 69 -3 0 4 0.00 0.0 0 M M M M M M M M
2 81 53 67 -4 0 2 0.00 0.0 0 M M M M M M M M
3 83 59 71 0 0 6 0.00 0.0 0 M M M M M M M M
4 84 61 73 2 0 8 0.00 0.0 0 M M M M M M M M
5 82 58 70 -1 0 5 0.00 0.0 0 M M M M M M M M
6 84 52 68 -2 0 3 0.00 0.0 0 M M M M M M M M
7 85 57 71 1 0 6 0.00 0.0 0 M M M M M M M M
8 87 60 74 4 0 9 0.00 0.0 0 M M M M M M M M
9 87 65 76 6 0 11 0.00 0.0 0 M M M M M M M M
10 89 69 79 10 0 14 0.00 0.0 0 M M M M M M M M
11 91 69 80 11 0 15 0.00 0.0 0 M M M M M M M M
12 90 71 81 12 0 16 0.00 0.0 0 M M M M M M M M
13 82 68 75 6 0 10 0.00 0.0 0 M M M M M M M M
14 79 68 74 5 0 9 0.87 0.0 0 M M M M M M M M
15 77 69 73 5 0 8 0.37 0.0 0 M M M M M M M M
16 76 69 73 5 0 8 0.06 0.0 0 M M M M M M M M
17 80 67 74 6 0 9 T 0.0 0 M M M M M M 18 M M
18 79 69 74 6 0 9 T 0.0 0 M M M M M M M M
19 82 63 73 5 0 8 0.00 0.0 0 M M M M M M M M
20 86 60 73 5 0 8 0.00 0.0 0 M M M M M M M M
21 86 68 77 10 0 12 0.00 0.0 0 M M M M M M M M
22 83 67 75 8 0 10 0.29 0.0 0 M M M M M M M M
23 70 57 64 -3 1 0 0.00 0.0 0 M M M M M M M M
24 65 56 61 -6 4 0 T 0.0 0 M M M M M M M M
25 78 60 69 2 0 4 T 0.0 0 M M M M M M M M
26 79 65 72 5 0 7 0.13 0.0 0 M M M M M M M M
27 71 59 65 -1 0 0 0.00 0.0 0 M M M M M M M M
28 61 48 55 -11 10 0 0.00 0.0 0 M M M M M M M M
29 68 44 56 -10 9 0 0.00 0.0 0 M M M M M M M M
30 80 49 65 -1 0 0 T 0.0 0 M M M M M M M M
================================================================================
SM 2404 1838 24 201 1.72 0.0 M M M
================================================================================
AV 80.1 61.3 M FASTST M M M MAX(MPH)
MISC ----> M M M M
================================================================================
NOTES:
# LAST OF SEVERAL OCCURRENCES
COLUMN 17 PEAK WIND IN M.P.H.
PRELIMINARY LOCAL CLIMATOLOGICAL DATA (WS FORM: F-6) , PAGE 2
STATION: RUSKIN WFO
MONTH: NOVEMBER
YEAR: 2023
LATITUDE: 27 42 N
LONGITUDE: 82 24 W
[TEMPERATURE DATA] [PRECIPITATION DATA] SYMBOLS USED IN COLUMN 16
AVERAGE MONTHLY: 70.7 TOTAL FOR MONTH: 1.72 1 = FOG OR MIST
DPTR FM NORMAL: 2.2 DPTR FM NORMAL: -0.28 2 = FOG REDUCING VISIBILITY
HIGHEST: 91 ON 11 GRTST 24HR 0.87 ON 14-14 TO 1/4 MILE OR LESS
LOWEST: 44 ON 29 3 = THUNDER
SNOW, ICE PELLETS, HAIL 4 = ICE PELLETS
TOTAL MONTH: 0.0 INCH 5 = HAIL
GRTST 24HR 0.0 6 = FREEZING RAIN OR DRIZZLE
GRTST DEPTH: 0 7 = DUSTSTORM OR SANDSTORM:
VSBY 1/2 MILE OR LESS
8 = SMOKE OR HAZE
[NO. OF DAYS WITH] [WEATHER - DAYS WITH] 9 = BLOWING SNOW
X = TORNADO
MAX 32 OR BELOW: 0 0.01 INCH OR MORE: 5
MAX 90 OR ABOVE: 2 0.10 INCH OR MORE: 4
MIN 32 OR BELOW: 0 0.50 INCH OR MORE: 1
MIN 0 OR BELOW: 0 1.00 INCH OR MORE: 0
[HDD (BASE 65) ]
TOTAL THIS MO. 24 CLEAR (SCALE 0-3) 0
DPTR FM NORMAL -18 PTCLDY (SCALE 4-7) 0
TOTAL FM JUL 1 25 CLOUDY (SCALE 8-10) 30
DPTR FM NORMAL -23
[CDD (BASE 65) ]
TOTAL THIS MO. 201
DPTR FM NORMAL 54 [PRESSURE DATA]
TOTAL FM JAN 1 4094 HIGHEST SLP M ON M
DPTR FM NORMAL 704 LOWEST SLP M ON M
[REMARKS]
#FINAL-11-23#