000
CXUS54 KBMX 011110
CF6TCL
PRELIMINARY LOCAL CLIMATOLOGICAL DATA (WS FORM: F-6)
STATION: TUSCALOOSA
MONTH: JANUARY
YEAR: 2023
LATITUDE: 33 13 N
LONGITUDE: 87 37 W
TEMPERATURE IN F: :PCPN: SNOW: WIND :SUNSHINE: SKY :PK WND
================================================================================
1 2 3 4 5 6A 6B 7 8 9 10 11 12 13 14 15 16 17 18
12Z AVG MX 2MIN
DY MAX MIN AVG DEP HDD CDD WTR SNW DPTH SPD SPD DIR MIN PSBL S-S WX SPD DR
================================================================================
1 76 54 65 19 0 0 0.00 0.0 0 3.0 10 200 M M 5 12 13 170
2 76 56 66 20 0 1 0.01 0.0 0 6.4 18 170 M M 9 1 23 160
3 75 67 71 25 0 6 0.91 0.0 0 11.0 22 170 M M 9 13 31 180
4 70 45 58 12 7 0 0.17 0.0 0 5.0 17 250 M M 3 13 22 230
5 63 38 51 5 14 0 0.00 0.0 0 4.1 20 260 M M 0 1 25 260
6 60 32 46 0 19 0 0.00 0.0 0 1.3 10 210 M M 0 1 12 210
7 72 35 54 8 11 0 0.00 0.0 0 4.4 14 200 M M 1 18 210
8 60 48 54 8 11 0 0.86 0.0 0 6.5 21 190 M M 9 13 29 190
9 58 36 47 1 18 0 0.00 0.0 0 2.7 9 40 M M 0 18 12 40
10 64 31 48 2 17 0 0.00 0.0 0 3.3 12 180 M M 1 12 13 190
11 73 44 59 14 6 0 0.00 0.0 M 7.3 13 180 M M 6 18 17 170
12 70 46 58 13 7 0 0.58 0.0 0 12.5 25 260 M M 8 13 37 260
13 46 38 42 -3 23 0 T 0.0 M 11.3 20 310 M M 10 26 320
14 50 31 41 -4 24 0 0.00 0.0 M 6.2 17 350 M M 4 23 360
15 59 26 43 -2 22 0 0.00 0.0 0 2.2 8 200 M M 0 10 210
16 68 32 50 5 15 0 T 0.0 0 7.1 20 190 M M 5 25 170
17 72 53 63 18 2 0 0.78 0.0 M 4.5 13 320 M M 7 12 16 310
18 72 52 62 17 3 0 0.00 0.0 0 7.0 20 180 M M 8 12 26 180
19 70 49 60 15 5 0 0.36 0.0 0 9.0 23 240 M M 3 18 29 240
20 59 39 49 3 16 0 0.00 0.0 0 4.6 14 350 M M 0 17 360
21 56 42 49 3 16 0 0.73 0.0 0 4.6 12 130 M M 5 1 15 70
22 51 39 45 -1 20 0 0.19 0.0 0 3.8 9 290 M M 9 1 15 80
23 54 33 44 -2 21 0 0.00 0.0 0 4.3 14 20 M M 4 1 18 20
24 57 29 43 -3 22 0 0.21 M M 6.3 18 150 M M 3 138 32 160
25 54 38 46 0 19 0 0.64 0.0 0 8.2 21 260 M M 9 1 27 260
26 50 35 43 -3 22 0 T 0.0 0 6.5 17 260 M M 3 22 250
27 56 27 42 -4 23 0 0.00 0.0 0 4.0 14 240 M M 0 1 21 230
28 60 28 44 -2 21 0 0.00 0.0 0 4.9 14 180 M M 2 20 170
29 55 47 51 5 14 0 1.06 0.0 0 4.5 16 170 M M 9 1 22 170
30 63 54 59 13 6 0 0.24 0.0 0 4.0 10 20 M M 10 1 13 20
31 59 45 52 6 13 0 0.41 0.0 0 4.6 14 320 M M 10 1 17 350
================================================================================
SM 1928 1269 417 7 7.15 0.0 175.1 M 152
================================================================================
AV 62.2 40.9 5.6 FASTST M M 5 MAX(MPH)
MISC ----> 25 260 37 260
================================================================================
NOTES:
# LAST OF SEVERAL OCCURRENCES
COLUMN 17 PEAK WIND IN M.P.H.
PRELIMINARY LOCAL CLIMATOLOGICAL DATA (WS FORM: F-6) , PAGE 2
STATION: TUSCALOOSA
MONTH: JANUARY
YEAR: 2023
LATITUDE: 33 13 N
LONGITUDE: 87 37 W
[TEMPERATURE DATA] [PRECIPITATION DATA] SYMBOLS USED IN COLUMN 16
AVERAGE MONTHLY: 51.6 TOTAL FOR MONTH: 7.15 1 = FOG OR MIST
DPTR FM NORMAL: 5.9 DPTR FM NORMAL: 2.18 2 = FOG REDUCING VISIBILITY
HIGHEST: 76 ON 2, 1 GRTST 24HR 2.54 ON 3- 4 TO 1/4 MILE OR LESS
LOWEST: 26 ON 15 3 = THUNDER
SNOW, ICE PELLETS, HAIL 4 = ICE PELLETS
TOTAL MONTH: 0.0 INCH 5 = HAIL
GRTST 24HR 0.0 6 = FREEZING RAIN OR DRIZZLE
GRTST DEPTH: 0 7 = DUSTSTORM OR SANDSTORM:
VSBY 1/2 MILE OR LESS
8 = SMOKE OR HAZE
[NO. OF DAYS WITH] [WEATHER - DAYS WITH] 9 = BLOWING SNOW
X = TORNADO
MAX 32 OR BELOW: 0 0.01 INCH OR MORE: 14
MAX 90 OR ABOVE: 0 0.10 INCH OR MORE: 13
MIN 32 OR BELOW: 8 0.50 INCH OR MORE: 7
MIN 0 OR BELOW: 0 1.00 INCH OR MORE: 1
[HDD (BASE 65) ]
TOTAL THIS MO. 417 CLEAR (SCALE 0-3) 12
DPTR FM NORMAL -183 PTCLDY (SCALE 4-7) 10
TOTAL FM JUL 1 1297 CLOUDY (SCALE 8-10) 9
DPTR FM NORMAL -280
[CDD (BASE 65) ]
TOTAL THIS MO. 7
DPTR FM NORMAL 5 [PRESSURE DATA]
TOTAL FM JAN 1 7 HIGHEST SLP 30.41 ON 28
DPTR FM NORMAL 5 LOWEST SLP 29.66 ON 25
[REMARKS]
#FINAL-01-23#