607
CXUS54 KBMX 011110
CF6TCL
PRELIMINARY LOCAL CLIMATOLOGICAL DATA (WS FORM: F-6)
STATION: TUSCALOOSA
MONTH: JANUARY
YEAR: 2021
LATITUDE: 33 13 N
LONGITUDE: 87 37 W
TEMPERATURE IN F: :PCPN: SNOW: WIND :SUNSHINE: SKY :PK WND
================================================================================
1 2 3 4 5 6A 6B 7 8 9 10 11 12 13 14 15 16 17 18
12Z AVG MX 2MIN
DY MAX MIN AVG DEP HDD CDD WTR SNW DPTH SPD SPD DIR MIN PSBL S-S WX SPD DR
================================================================================
1 73 50 62 17 3 0 0.42 0.0 0 10.0 20 200 M M 5 1 27 140
2 55 39 47 2 18 0 0.00 0.0 0 5.4 16 290 M M 4 21 280
3 55 34 45 0 20 0 0.00 0.0 0 4.0 14 290 M M 2 19 280
4 62 30 46 1 19 0 0.00 0.0 0 1.9 12 190 M M 2 12 14 190
5 57 34 46 1 19 0 0.00 0.0 0 2.7 13 360 M M 3 12 17 360
6 58 27 43 -1 22 0 0.00 0.0 0 3.0 9 70 M M 0 1 13 130
7 50 43 47 3 18 0 0.40 0.0 0 6.9 16 100 M M 7 1 23 80
8 44 39 42 -2 23 0 T 0.0 0 9.0 15 320 M M 10 1 22 310
9 40 37 39 -5 26 0 0.00 0.0 0 7.7 14 340 M M 10 19 330
10 43 33 38 -6 27 0 T 0.0 M 4.5 13 10 M M 8 15 20
11 43 35 39 -5 26 0 0.26 0.0 M 6.2 12 330 M M 10 1 14 330
12 45 27 36 -8 29 0 0.00 0.0 M 3.9 13 320 M M 6 1 16 10
13 43 27 35 -9 30 0 0.03 T M 2.0 8 180 M M 8 12 10 190
14 59 24 42 -2 23 0 0.00 0.0 M 4.8 16 170 M M 2 12 22 190
15 56 34 45 1 20 0 0.00 0.0 M 8.1 25 260 M M 3 34 260
16 50 30 40 -4 25 0 0.00 0.0 0 6.3 18 280 M M 2 23 270
17 57 28 43 -1 22 0 0.00 0.0 0 4.6 16 250 M M 1 23 250
18 59 27 43 -1 22 0 0.00 0.0 0 2.0 14 270 M M 0 17 250
19 51 29 40 -4 25 0 0.18 0.0 0 0.7 7 150 M M 7 1 10 170
20 57 40 49 4 16 0 0.05 0.0 M 2.1 9 10 M M 5 12 12 20
21 57 47 52 7 13 0 0.39 0.0 M 2.8 9 350 M M 10 1 12 310
22 55 39 47 2 18 0 0.40 0.0 0 4.3 10 20 M M 7 1 14 30
23 63 36 50 5 15 0 0.00 0.0 0 5.2 13 50 M M 3 18 100
24 65 44 55 10 10 0 0.15 0.0 0 3.7 12 140 M M 6 1 16 130
25 76 62 69 24 0 4 T 0.0 0 11.9 24 200 M M 10 13 33 210
26 70 M M M M M 0.66 0.0 0 3.3 20 300 M M 4 13 30 300
27 59 42 51 6 14 0 0.43 0.0 M 7.4 21 310 M M 8 13 27 320
28 51 32 42 -3 23 0 0.00 0.0 0 9.1 18 350 M M 4 25 340
29 57 29 43 -2 22 0 0.00 0.0 0 2.4 8 40 M M 0 12 50
30 64 36 50 4 15 0 T 0.0 0 8.1 23 170 M M 7 31 170
31 71 43 57 11 8 0 0.36 0.0 0 11.4 25 300 M M 8 18 34 300
================================================================================
SM 1745 1077 571 4 3.73 T 165.4 M 162
================================================================================
AV 56.3 35.9 5.3 FASTST M M 5 MAX(MPH)
MISC ----> # 25 260 # 34 260
================================================================================
NOTES:
# LAST OF SEVERAL OCCURRENCES
COLUMN 17 PEAK WIND IN M.P.H.
PRELIMINARY LOCAL CLIMATOLOGICAL DATA (WS FORM: F-6) , PAGE 2
STATION: TUSCALOOSA
MONTH: JANUARY
YEAR: 2021
LATITUDE: 33 13 N
LONGITUDE: 87 37 W
[TEMPERATURE DATA] [PRECIPITATION DATA] SYMBOLS USED IN COLUMN 16
AVERAGE MONTHLY: 46.1 TOTAL FOR MONTH: 3.73 1 = FOG OR MIST
DPTR FM NORMAL: 1.4 DPTR FM NORMAL: -1.62 2 = FOG REDUCING VISIBILITY
HIGHEST: 76 ON 25 GRTST 24HR 0.75 ON 21-22 TO 1/4 MILE OR LESS
LOWEST: 24 ON 14 3 = THUNDER
SNOW, ICE PELLETS, HAIL 4 = ICE PELLETS
TOTAL MONTH: T 5 = HAIL
GRTST 24HR T ON 13-13 6 = FREEZING RAIN OR DRIZZLE
GRTST DEPTH: 0 7 = DUSTSTORM OR SANDSTORM:
VSBY 1/2 MILE OR LESS
8 = SMOKE OR HAZE
[NO. OF DAYS WITH] [WEATHER - DAYS WITH] 9 = BLOWING SNOW
X = TORNADO
MAX 32 OR BELOW: 0 0.01 INCH OR MORE: 12
MAX 90 OR ABOVE: 0 0.10 INCH OR MORE: 10
MIN 32 OR BELOW: 11 0.50 INCH OR MORE: 1
MIN 0 OR BELOW: 0 1.00 INCH OR MORE: 0
[HDD (BASE 65) ]
TOTAL THIS MO. 571 CLEAR (SCALE 0-3) 10
DPTR FM NORMAL -60 PTCLDY (SCALE 4-7) 15
TOTAL FM JUL 1 1410 CLOUDY (SCALE 8-10) 6
DPTR FM NORMAL -224
[CDD (BASE 65) ]
TOTAL THIS MO. 4
DPTR FM NORMAL 2 [PRESSURE DATA]
TOTAL FM JAN 1 4 HIGHEST SLP 30.59 ON 28
DPTR FM NORMAL 2 LOWEST SLP 29.70 ON 25
[REMARKS]
#FINAL-01-21#