000
CXUS54 KFWD 010732
CF6TKI
PRELIMINARY LOCAL CLIMATOLOGICAL DATA (WS FORM: F-6)
STATION: MCKINNEY
MONTH: AUGUST
YEAR: 2021
LATITUDE: 33 10 N
LONGITUDE: 96 35 W
TEMPERATURE IN F: :PCPN: SNOW: WIND :SUNSHINE: SKY :PK WND
================================================================================
1 2 3 4 5 6A 6B 7 8 9 10 11 12 13 14 15 16 17 18
12Z AVG MX 2MIN
DY MAX MIN AVG DEP HDD CDD WTR SNW DPTH SPD SPD DIR MIN PSBL S-S WX SPD DR
================================================================================
1 94 76 85 -1 0 20 0.56 M M 5.3 28 50 M M 1 3 36 60
2 87 74 81 -5 0 16 0.03 M M 6.2 17 50 M M 6 18 23 60
3 90 70 80 -6 0 15 0.00 M M 3.4 10 50 M M 2 18 14 50
4 90 70 80 -6 0 15 0.00 M M 5.1 14 170 M M 1 18 22 160
5 90 71 81 -5 0 16 0.00 M M 6.7 20 10 M M 3 1 27 350
6 92 72 82 -4 0 17 0.00 M M 8.6 17 160 M M 2 22 170
7 94 74 84 -2 0 19 0.00 M M 12.5 21 150 M M 2 27 140
8 96 78 87 1 0 22 0.00 M M 15.8 26 170 M M 1 34 170
9 98 79 89 4 0 24 0.00 M M 14.7 24 170 M M 3 33 170
10 97 78 88 3 0 23 0.00 M M 14.1 23 160 M M 1 36 200
11 98 77 88 3 0 23 0.00 M M 12.9 22 170 M M 0 29 190
12 96 77 87 2 0 22 0.00 M M 10.1 18 140 M M 0 25 180
13 96 75 86 1 0 21 0.00 M M 6.0 15 140 M M 0 20 130
14 87 74 81 -4 0 16 0.21 M M 5.4 24 20 M M 2 3 32 10
15 91 75 83 -2 0 18 0.00 M M 4.1 15 140 M M 5 20 140
16 92 72 82 -3 0 17 0.24 M M 3.9 20 320 M M 2 138 24 320
17 88 72 80 -4 0 15 1.41 M M 5.6 23 360 M M 3 13 27 360
18 81 73 77 -7 0 12 1.37 M M 6.6 22 170 M M 7 1 27 170
19 93 75 84 0 0 19 0.21 M M 9.6 17 150 M M 5 13 26 200
20 95 77 86 2 0 21 0.00 M M 11.5 21 180 M M 1 27 180
21 95 76 86 2 0 21 0.00 M M 8.6 16 150 M M 0 22 240
22 95 76 86 2 0 21 0.00 M M 7.3 16 150 M M 0 21 130
23 95 73 84 0 0 19 0.00 M M 6.7 15 140 M M 0 20 150
24 95 70 83 0 0 18 0.00 M M 7.3 17 150 M M 0 23 150
25 97 79 88 5 0 23 0.00 M M 6.4 12 120 M M 0 12 120
26 96 79 88 5 0 23 0.00 M M 4.8 14 110 M M 1 20 90
27 92 76 84 1 0 19 0.00 M M 7.2 14 130 M M 2 20 170
28 92 72 82 0 0 17 T M M 5.4 14 80 M M 2 20 120
29 89 74 82 0 0 17 T M M 3.5 12 60 M M 5 17 110
30 96 73 85 3 0 20 0.00 M M 4.2 10 350 M M 1 15 350
31 98 73 86 4 0 21 0.00 M M 3.5 12 160 M M 0 15 170
================================================================================
SM 2885 2310 0 590 4.03 M 233.0 M 58
================================================================================
AV 93.1 74.5 7.5 FASTST M M 2 MAX(MPH)
MISC ----> 28 50 # 36 60
================================================================================
NOTES:
# LAST OF SEVERAL OCCURRENCES
COLUMN 17 PEAK WIND IN M.P.H.
PRELIMINARY LOCAL CLIMATOLOGICAL DATA (WS FORM: F-6) , PAGE 2
STATION: MCKINNEY
MONTH: AUGUST
YEAR: 2021
LATITUDE: 33 10 N
LONGITUDE: 96 35 W
[TEMPERATURE DATA] [PRECIPITATION DATA] SYMBOLS USED IN COLUMN 16
AVERAGE MONTHLY: 83.8 TOTAL FOR MONTH: 4.03 1 = FOG OR MIST
DPTR FM NORMAL: -0.5 DPTR FM NORMAL: 2.30 2 = FOG REDUCING VISIBILITY
HIGHEST: 98 ON 31,11 GRTST 24HR 2.74 ON 17-18 TO 1/4 MILE OR LESS
LOWEST: 70 ON 24, 4 3 = THUNDER
SNOW, ICE PELLETS, HAIL 4 = ICE PELLETS
TOTAL MONTH: M 5 = HAIL
GRTST 24HR M ON M 6 = FREEZING RAIN OR DRIZZLE
GRTST DEPTH: M ON M 7 = DUSTSTORM OR SANDSTORM:
VSBY 1/2 MILE OR LESS
8 = SMOKE OR HAZE
[NO. OF DAYS WITH] [WEATHER - DAYS WITH] 9 = BLOWING SNOW
X = TORNADO
MAX 32 OR BELOW: 0 0.01 INCH OR MORE: 7
MAX 90 OR ABOVE: 26 0.10 INCH OR MORE: 6
MIN 32 OR BELOW: 0 0.50 INCH OR MORE: 3
MIN 0 OR BELOW: 0 1.00 INCH OR MORE: 2
[HDD (BASE 65) ]
TOTAL THIS MO. 0 CLEAR (SCALE 0-3) 24
DPTR FM NORMAL 0 PTCLDY (SCALE 4-7) 7
TOTAL FM JUL 1 0 CLOUDY (SCALE 8-10) 0
DPTR FM NORMAL 0
[CDD (BASE 65) ]
TOTAL THIS MO. 590
DPTR FM NORMAL -8 [PRESSURE DATA]
TOTAL FM JAN 1 1853 HIGHEST SLP M ON M
DPTR FM NORMAL -170 LOWEST SLP 29.68 ON 31
[REMARKS]
#FINAL-08-21#