000
CXUS52 KTAE 010800
CF6TLH
PRELIMINARY LOCAL CLIMATOLOGICAL DATA (WS FORM: F-6)
STATION: TALLAHASSEE
MONTH: APRIL
YEAR: 2021
LATITUDE: 30 22 N
LONGITUDE: 84 22 W
TEMPERATURE IN F: :PCPN: SNOW: WIND :SUNSHINE: SKY :PK WND
================================================================================
1 2 3 4 5 6A 6B 7 8 9 10 11 12 13 14 15 16 17 18
12Z AVG MX 2MIN
DY MAX MIN AVG DEP HDD CDD WTR SNW DPTH SPD SPD DIR MIN PSBL S-S WX SPD DR
================================================================================
1 67 49 58 -5 7 0 0.01 0.0 0 14.2 26 330 M M 3 1 32 10
2 63 39 51 -12 14 0 0.00 0.0 0 8.1 16 10 M M 0 8 22 360
3 70 34 52 -12 13 0 0.00 0.0 0 4.3 17 110 M M 1 22 110
4 75 39 57 -7 8 0 0.00 0.0 M 3.3 13 190 M M 2 17 240
5 79 43 61 -3 4 0 0.00 0.0 M 3.4 17 200 M M 1 8 20 200
6 81 42 62 -2 3 0 0.00 M M 2.8 15 170 M M 1 18 20 150
7 81 49 65 1 0 0 0.00 M M 3.5 16 180 M M 6 12 21 190
8 74 50 62 -2 3 0 T 0.0 M 6.4 25 160 M M 7 1 34 170
9 70 60 65 0 0 0 0.66 M M 5.9 25 150 M M 8 13 33 170
10 71 55 63 -2 2 0 0.27 0.0 M 6.1 28 240 M M 7 123 36 230
11 72 55 64 -1 1 0 0.36 0.0 0 5.0 15 90 M M 10 13 17 90
12 86 53 70 5 0 5 0.00 0.0 0 2.7 13 360 M M 4 12 15 360
13 92 49 71 6 0 6 0.00 0.0 0 2.8 14 210 M M 4 16 210
14 87 57 72 6 0 7 0.00 0.0 0 6.1 16 280 M M 5 20 170
15 74 62 68 2 0 3 0.17 0.0 0 5.9 21 240 M M 7 3 27 240
16 68 61 65 -1 0 0 0.26 0.0 0 3.0 10 30 M M 8 3 13 40
17 73 61 67 1 0 2 1.02 0.0 0 4.1 13 350 M M 10 13 15 330
18 70 61 66 0 0 1 0.59 0.0 M 3.6 10 200 M M 9 13 12 240
19 77 55 66 -1 0 1 T M M 6.3 15 290 M M 4 21 330
20 81 54 68 1 0 3 T 0.0 M 2.7 12 290 M M 5 14 310
21 83 51 67 0 0 2 0.00 0.0 M 9.5 23 300 M M 1 30 310
22 70 48 59 -9 6 0 0.00 0.0 0 7.2 17 50 M M 2 23 50
23 77 45 61 -7 4 0 0.00 0.0 0 5.3 18 90 M M 6 24 100
24 82 64 73 5 0 8 0.17 0.0 0 14.9 25 220 M M 9 13 34 210
25 80 58 69 1 0 4 0.00 0.0 0 8.4 20 310 M M 1 24 340
26 85 53 69 0 0 4 0.00 0.0 0 5.0 12 120 M M 4 16 120
27 84 62 73 4 0 8 0.00 0.0 0 6.7 16 130 M M 2 24 160
28 85 62 74 5 0 9 0.00 0.0 0 5.7 14 160 M M 3 19 190
29 88 60 74 5 0 9 0.00 0.0 0 5.4 20 220 M M 5 12 23 230
30 88 65 77 7 0 12 0.00 0.0 M 6.8 15 320 M M 7 1 19 290
================================================================================
SM 2333 1596 65 84 3.51 0.0 175.1 M 142
================================================================================
AV 77.8 53.2 5.8 FASTST M M 5 MAX(MPH)
MISC ----> 28 240 36 230
================================================================================
NOTES:
# LAST OF SEVERAL OCCURRENCES
COLUMN 17 PEAK WIND IN M.P.H.
PRELIMINARY LOCAL CLIMATOLOGICAL DATA (WS FORM: F-6) , PAGE 2
STATION: TALLAHASSEE
MONTH: APRIL
YEAR: 2021
LATITUDE: 30 22 N
LONGITUDE: 84 22 W
[TEMPERATURE DATA] [PRECIPITATION DATA] SYMBOLS USED IN COLUMN 16
AVERAGE MONTHLY: 65.5 TOTAL FOR MONTH: 3.51 1 = FOG OR MIST
DPTR FM NORMAL: -0.6 DPTR FM NORMAL: 0.45 2 = FOG REDUCING VISIBILITY
HIGHEST: 92 ON 13 GRTST 24HR 1.48 ON 17-18 TO 1/4 MILE OR LESS
LOWEST: 34 ON 3 3 = THUNDER
SNOW, ICE PELLETS, HAIL 4 = ICE PELLETS
TOTAL MONTH: 0.0 INCH 5 = HAIL
GRTST 24HR 0.0 6 = FREEZING RAIN OR DRIZZLE
GRTST DEPTH: 0 7 = DUSTSTORM OR SANDSTORM:
VSBY 1/2 MILE OR LESS
8 = SMOKE OR HAZE
[NO. OF DAYS WITH] [WEATHER - DAYS WITH] 9 = BLOWING SNOW
X = TORNADO
MAX 32 OR BELOW: 0 0.01 INCH OR MORE: 9
MAX 90 OR ABOVE: 1 0.10 INCH OR MORE: 8
MIN 32 OR BELOW: 0 0.50 INCH OR MORE: 3
MIN 0 OR BELOW: 0 1.00 INCH OR MORE: 1
[HDD (BASE 65) ]
TOTAL THIS MO. 65 CLEAR (SCALE 0-3) 11
DPTR FM NORMAL -1 PTCLDY (SCALE 4-7) 14
TOTAL FM JUL 1 1331 CLOUDY (SCALE 8-10) 5
DPTR FM NORMAL -260
[CDD (BASE 65) ]
TOTAL THIS MO. 84
DPTR FM NORMAL -15 [PRESSURE DATA]
TOTAL FM JAN 1 211 HIGHEST SLP M ON M
DPTR FM NORMAL 58 LOWEST SLP 29.68 ON 11
[REMARKS]
#FINAL-04-21#