000
CXUS54 KBMX 011010
CF6TOI
PRELIMINARY LOCAL CLIMATOLOGICAL DATA (WS FORM: F-6)
STATION: TROY
MONTH: JUNE
YEAR: 2021
LATITUDE: 31 51 N
LONGITUDE: 86 1 W
TEMPERATURE IN F: :PCPN: SNOW: WIND :SUNSHINE: SKY :PK WND
================================================================================
1 2 3 4 5 6A 6B 7 8 9 10 11 12 13 14 15 16 17 18
12Z AVG MX 2MIN
DY MAX MIN AVG DEP HDD CDD WTR SNW DPTH SPD SPD DIR MIN PSBL S-S WX SPD DR
================================================================================
1 88 63 76 0 0 11 0.00 0.0 0 4.4 12 150 M M 3 16 130
2 90 63 77 1 0 12 0.00 0.0 0 3.0 12 200 M M 1 16 150
3 89 68 79 3 0 14 0.01 0.0 0 2.4 16 190 M M 3 1238 21 190
4 88 69 79 3 0 14 0.04 0.0 0 1.9 16 320 M M 3 138 20 320
5 87 70 79 3 0 14 T 0.0 0 2.9 12 200 M M 3 12 14 200
6 89 73 81 4 0 16 0.08 0.0 0 4.4 13 140 M M 5 1 18 130
7 85 73 79 2 0 14 0.99 0.0 0 4.3 13 120 M M 4 13 15 120
8 90 73 82 5 0 17 0.09 0.0 0 4.4 14 160 M M 6 138 18 160
9 92 71 82 5 0 17 0.00 0.0 M 4.7 14 210 M M 4 128 18 190
10 86 73 80 3 0 15 1.08 0.0 0 6.3 20 240 M M 6 1238 27 240
11 92 74 83 5 0 18 T 0.0 M 5.8 15 250 M M 4 13 20 250
12 93 73 83 5 0 18 0.77 0.0 0 5.2 26 290 M M 4 13 42 290
13 94 72 83 5 0 18 0.00 0.0 0 4.7 15 110 M M 1 138 19 130
14 95 71 83 5 0 18 0.00 0.0 M 1.5 10 350 M M 1 1 12 330
15 97 M M M M M 0.00 0.0 0 6.6 13 320 M M 1 18 350
16 90 66 78 0 0 13 0.00 0.0 0 3.6 15 340 M M 1 19 340
17 92 62 77 -1 0 12 0.00 0.0 0 2.9 12 100 M M 0 14 60
18 91 67 79 0 0 14 T 0.0 0 2.4 17 210 M M 3 138 25 220
19 83 73 78 -1 0 13 1.78 0.0 0 9.7 23 240 M M 7 138 38 230
20 91 72 82 3 0 17 0.31 0.0 0 7.8 15 240 M M 5 1 21 220
21 86 72 79 0 0 14 0.34 0.0 0 7.6 17 210 M M 5 13 23 210
22 88 72 80 1 0 15 0.11 0.0 0 5.1 15 200 M M 6 18 20 210
23 90 71 81 2 0 16 T 0.0 0 2.4 9 80 M M 7 12 100
24 90 73 82 3 0 17 T 0.0 0 5.8 16 80 M M 5 12 21 110
25 89 67 78 -2 0 13 0.00 0.0 0 4.9 14 110 M M 1 18 80
26 91 69 80 0 0 15 0.00 0.0 0 3.2 10 160 M M 4 16 130
27 91 74 83 3 0 18 0.22 0.0 0 4.2 23 150 M M 4 13 31 140
28 91 72 82 2 0 17 0.00 0.0 0 4.0 12 110 M M 1 17 110
29 93 71 82 2 0 17 0.84 0.0 0 3.0 24 110 M M 4 3 33 110
30 89 70 80 0 0 15 T 0.0 0 4.4 14 100 M M 4 19 110
================================================================================
SM 2700 2037 0 442 6.66 0.0 133.5 M 106
================================================================================
AV 90.0 70.2 4.4 FASTST M M 4 MAX(MPH)
MISC ----> 26 290 42 290
================================================================================
NOTES:
# LAST OF SEVERAL OCCURRENCES
COLUMN 17 PEAK WIND IN M.P.H.
PRELIMINARY LOCAL CLIMATOLOGICAL DATA (WS FORM: F-6) , PAGE 2
STATION: TROY
MONTH: JUNE
YEAR: 2021
LATITUDE: 31 51 N
LONGITUDE: 86 1 W
[TEMPERATURE DATA] [PRECIPITATION DATA] SYMBOLS USED IN COLUMN 16
AVERAGE MONTHLY: 80.1 TOTAL FOR MONTH: 6.66 1 = FOG OR MIST
DPTR FM NORMAL: 2.0 DPTR FM NORMAL: 1.62 2 = FOG REDUCING VISIBILITY
HIGHEST: 97 ON 15 GRTST 24HR 2.07 ON 19-20 TO 1/4 MILE OR LESS
LOWEST: 62 ON 17 3 = THUNDER
SNOW, ICE PELLETS, HAIL 4 = ICE PELLETS
TOTAL MONTH: 0.0 INCH 5 = HAIL
GRTST 24HR 0.0 6 = FREEZING RAIN OR DRIZZLE
GRTST DEPTH: 0 7 = DUSTSTORM OR SANDSTORM:
VSBY 1/2 MILE OR LESS
8 = SMOKE OR HAZE
[NO. OF DAYS WITH] [WEATHER - DAYS WITH] 9 = BLOWING SNOW
X = TORNADO
MAX 32 OR BELOW: 0 0.01 INCH OR MORE: 13
MAX 90 OR ABOVE: 18 0.10 INCH OR MORE: 9
MIN 32 OR BELOW: 0 0.50 INCH OR MORE: 5
MIN 0 OR BELOW: 0 1.00 INCH OR MORE: 2
[HDD (BASE 65) ]
TOTAL THIS MO. 0 CLEAR (SCALE 0-3) 12
DPTR FM NORMAL 0 PTCLDY (SCALE 4-7) 18
TOTAL FM JUL 1 1653 CLOUDY (SCALE 8-10) 0
DPTR FM NORMAL -527
[CDD (BASE 65) ]
TOTAL THIS MO. 442
DPTR FM NORMAL 49 [PRESSURE DATA]
TOTAL FM JAN 1 852 HIGHEST SLP 30.21 ON 29
DPTR FM NORMAL 135 LOWEST SLP 29.77 ON 19
[REMARKS]
#FINAL-06-21#