000
CXUS51 KCLE 041811
CLSTOL
CLIMATE REPORT
NATIONAL WEATHER SERVICE CLEVELAND, OH
111 PM EST MON DEC 04 2023
...................................
...THE TOLEDO OH CLIMATE SUMMARY FOR THE SEASON, FROM
9/1/2023 TO 11/30/2023...
CLIMATE NORMAL PERIOD 1991 TO 2020
CLIMATE RECORD PERIOD 1873 TO 2023
WEATHER OBSERVED NORMAL DEPART
VALUE DATE(S) VALUE FROM
NORMAL
................................................
TEMPERATURE (F)
RECORD
HIGH 100 09/02/1953
09/01/1953
09/15/1939
LOW 0 10/10/2008
HIGHEST 93 09/05
LOWEST 19 11/29
AVG. MAXIMUM 64.8 64.6 0.2
AVG. MINIMUM 45.7 44.6 1.1
MEAN 55.2 54.6 0.6
DAYS MAX >= 90 3 1.7
DAYS MAX <= 32 1 1.4
DAYS MIN <= 32 17 18.5
DAYS MIN <= 0 0 0.0
PRECIPITATION (INCHES)
RECORD
MAXIMUM 18.56 1881
MINIMUM 2.50 1908
TOTALS 5.44 8.17 -2.73
DAYS >= .01 28 30.3
DAYS >= .10 17 16.7
DAYS >= .50 4 5.1
DAYS >= 1.00 0 1.8
SNOWFALL (INCHES)
RECORDS
TOTAL 17.9 1996
TOTALS 0.9 1.8
DAYS >= TRACE 4
DAYS >= 1.0 0 0.7
DEGREE DAYS
HEATING TOTAL 1001 1077 -76
COOLING TOTAL 138 132 6
................................................
WIND (MPH)
HIGHEST GUST SPEED/DIRECTION 40/300 DATE 10/06
SKY COVER
POSSIBLE SUNSHINE (PERCENT) MM
NUMBER OF DAYS FAIR 41
NUMBER OF DAYS PC 29
NUMBER OF DAYS CLOUDY 21
WEATHER CONDITIONS. NUMBER OF DAYS WITH
THUNDERSTORM 3 MIXED PRECIP 0
HEAVY RAIN 6 RAIN 12
LIGHT RAIN 33 FREEZING RAIN 0
LT FREEZING RAIN 0 HAIL 0
HEAVY SNOW 1 SNOW 1
LIGHT SNOW 4 SLEET 0
FOG 42 FOG W/VIS <= 1/4 MILE 3
HAZE 8
- INDICATES NEGATIVE NUMBERS.
R INDICATES RECORD WAS SET OR TIED.
MM INDICATES DATA IS MISSING.
T INDICATES TRACE AMOUNT.
$$