000
CXUS55 KCYS 091243 CCA
CF6TOR
PRELIMINARY LOCAL CLIMATOLOGICAL DATA (WS FORM: F-6)...CORRECTED
STATION: TORRINGTON WY AIRPORT
MONTH: JANUARY
YEAR: 2022
LATITUDE: 42 3 N
LONGITUDE: 104 9 W
TEMPERATURE IN F: :PCPN: SNOW: WIND :SUNSHINE: SKY :PK WND
================================================================================
1 2 3 4 5 6A 6B 7 8 9 10 11 12 13 14 15 16 17 18
12Z AVG MX 2MIN
DY MAX MIN AVG DEP HDD CDD WTR SNW DPTH SPD SPD DIR MIN PSBL S-S WX SPD DR
================================================================================
1 12 -7 3 -25 62 0 T M M 5.2 10 280 M M 4 18 14 280
2 40 -6 17 -11 48 0 0.00 M M 10.5 28 280 M M 0 42 280
3 46 25 36 8 29 0 0.00 M M 10.1 25 240 M M 0 32 240
4 48 21 35 7 30 0 T M M 16.6 41 260 M M 4 61 270
5 21 -1 10 -18 55 0 T M M 11.1 23 10 M M 8 12 28 360
6 12 -2 5 -23 60 0 T M M 7.0 20 100 M M 9 18 23 100
7 46 3 25 -3 40 0 0.00 M M 5.0 14 140 M M 0 17 140
8 46 26 36 8 29 0 0.00 M M 10.1 24 360 M M 5 33 10
9 42 7 25 -4 40 0 0.00 M M 5.8 21 290 M M 1 26 300
10 46 16 31 2 34 0 0.00 M M 5.9 15 250 M M 0 24 230
11 50 33 42 13 23 0 0.00 M M 10.7 23 280 M M 0 31 290
12 50 33 42 13 23 0 0.00 M M 10.4 23 250 M M 0 8 35 250
13 53 32 43 14 22 0 0.00 M M 4.8 15 30 M M 0 17 220
14 47 21 34 5 31 0 0.00 M M 17.9 36 330 M M 7 53 330
15 51 12 32 3 33 0 0.00 M M 5.5 14 270 M M 0 17 270
16 47 22 35 6 30 0 0.00 M M 8.9 24 360 M M 0 35 330
17 58 19 39 10 26 0 0.00 M M 8.0 23 280 M M 0 33 280
18 53 24 39 10 26 0 0.00 M M 10.8 25 20 M M 3 34 20
19 24 6 15 -14 50 0 T M M 8.4 17 360 M M 8 22 10
20 34 2 18 -11 47 0 0.00 M M 5.3 12 120 M M 0 14 120
21 38 22 30 1 35 0 T M M 9.3 17 340 M M 6 1 27 330
22 43 12 28 -1 37 0 0.00 M M 7.0 21 280 M M 1 28 280
23 52 29 41 12 24 0 0.00 M M 10.2 22 270 M M 1 29 270
24 43 26 35 6 30 0 T M M 8.2 22 310 M M 2 29 320
25 32 17 25 -4 40 0 T M M 7.9 20 360 M M 6 27 320
26 44 16 30 1 35 0 0.00 M M 9.3 26 270 M M 0 33 260
27 35 15 25 -4 40 0 0.00 M M 9.9 24 330 M M 7 38 340
28 48 14 31 2 34 0 0.00 M M 11.6 21 270 M M 1 31 280
29 56 27 42 13 23 0 0.00 M M 9.8 22 290 M M 0 30 300
30 56 17 37 8 28 0 0.00 M M 4.6 18 300 M M 0 26 330
31 56 19 38 9 27 0 0.00 M M 16.2 49 280 M M 0 72 270
================================================================================
SM 1329 500 1091 0 T M 282.0 M 73
================================================================================
AV 42.9 16.1 9.1 FASTST M M 2 MAX(MPH)
MISC ----> 49 280 72 270
================================================================================
NOTES:
# LAST OF SEVERAL OCCURRENCES
COLUMN 17 PEAK WIND IN M.P.H.
PRELIMINARY LOCAL CLIMATOLOGICAL DATA (WS FORM: F-6) , PAGE 2
STATION: TORRINGTON WY AIRPORT
MONTH: JANUARY
YEAR: 2022
LATITUDE: 42 3 N
LONGITUDE: 104 9 W
[TEMPERATURE DATA] [PRECIPITATION DATA] SYMBOLS USED IN COLUMN 16
AVERAGE MONTHLY: 29.5 TOTAL FOR MONTH: T 1 = FOG OR MIST
DPTR FM NORMAL: 0.7 DPTR FM NORMAL: -0.23 2 = FOG REDUCING VISIBILITY
HIGHEST: 58 ON 17 GRTST 24HR T ON 25 TO 1/4 MILE OR LESS
LOWEST: -7 ON 1 3 = THUNDER
SNOW, ICE PELLETS, HAIL 4 = ICE PELLETS
TOTAL MONTH: M 5 = HAIL
GRTST 24HR M ON M 6 = FREEZING RAIN OR DRIZZLE
GRTST DEPTH: M ON M 7 = DUSTSTORM OR SANDSTORM:
VSBY 1/2 MILE OR LESS
8 = SMOKE OR HAZE
[NO. OF DAYS WITH] [WEATHER - DAYS WITH] 9 = BLOWING SNOW
X = TORNADO
MAX 32 OR BELOW: 5 0.01 INCH OR MORE: 0
MAX 90 OR ABOVE: 0 0.10 INCH OR MORE: 0
MIN 32 OR BELOW: 29 0.50 INCH OR MORE: 0
MIN 0 OR BELOW: 4 1.00 INCH OR MORE: 0
[HDD (BASE 65) ]
TOTAL THIS MO. 1091 CLEAR (SCALE 0-3) 21
DPTR FM NORMAL -33 PTCLDY (SCALE 4-7) 7
TOTAL FM JUL 1 3049 CLOUDY (SCALE 8-10) 3
DPTR FM NORMAL -750
[CDD (BASE 65) ]
TOTAL THIS MO. 0
DPTR FM NORMAL 0 [PRESSURE DATA]
TOTAL FM JAN 1 0 HIGHEST SLP 30.67 ON 9
DPTR FM NORMAL 0 LOWEST SLP 29.57 ON 7
[REMARKS]
#FINAL-01-22#