000
CXUS56 KLKN 041159
CF6TPH
PRELIMINARY LOCAL CLIMATOLOGICAL DATA (WS FORM: F-6)
STATION: TONOPAH AIRPORT NV
MONTH: APRIL
YEAR: 2021
LATITUDE: 38 3 N
LONGITUDE: 117 5 W
TEMPERATURE IN F: :PCPN: SNOW: WIND :SUNSHINE: SKY :PK WND
================================================================================
1 2 3 4 5 6A 6B 7 8 9 10 11 12 13 14 15 16 17 18
12Z AVG MX 2MIN
DY MAX MIN AVG DEP HDD CDD WTR SNW DPTH SPD SPD DIR MIN PSBL S-S WX SPD DR
================================================================================
1 71 26 49 3 16 0 0.00 M M 8.6 17 210 M M 0 23 190
2 76 35 56 10 9 0 0.00 M M 7.8 16 10 M M 0 8 19 170
3 77 39 58 12 7 0 0.00 M M 7.8 16 180 M M 0 22 190
4 76 38 57 11 8 0 0.00 M M 9.1 21 270 M M 0 29 300
5 72 37 55 8 10 0 0.00 M M 18.1 38 320 M M 0 48 310
6 66 35 51 4 14 0 0.00 M M 12.5 26 340 M M 0 31 340
7 73 33 53 6 12 0 0.00 M M 9.4 21 270 M M 1 8 28 210
8 66 42 54 7 11 0 0.00 M M 16.2 31 330 M M 0 39 320
9 70 34 52 4 13 0 0.00 M M 6.9 17 30 M M 0 19 30
10 72 36 54 6 11 0 0.00 M M 13.1 29 320 M M 0 33 320
11 70 35 53 5 12 0 0.00 M M 12.0 23 330 M M 0 30 330
12 67 36 52 4 13 0 0.00 M M 11.5 20 330 M M 2 28 300
13 73 35 54 5 11 0 0.00 M M 15.5 33 330 M M 0 41 340
14 54 35 45 -4 20 0 0.00 M M 16.3 24 320 M M 3 32 350
15 59 28 44 -5 21 0 0.00 M M 12.8 25 320 M M 0 33 300
16 60 30 45 -4 20 0 0.00 M M 10.6 21 40 M M 4 29 50
17 63 35 49 -1 16 0 0.00 M M 11.1 23 20 M M 4 32 30
18 71 31 51 1 14 0 0.00 M M 11.6 24 360 M M 0 36 360
19 73 34 54 4 11 0 0.00 M M 14.0 30 330 M M 0 40 330
20 73 40 57 6 8 0 0.00 M M 10.3 23 190 M M 0 31 180
21 58 39 49 -2 16 0 T M M 16.2 33 320 M M 5 8 39 320
22 66 32 49 -2 16 0 0.00 M M 14.4 29 330 M M 0 43 310
23 70 42 56 4 9 0 0.00 M M 12.6 25 340 M M M 37 330
24 72 39 56 4 9 0 0.00 M M 10.7 23 320 M M 1 28 320
25 65 39 52 0 13 0 0.06 M M 11.5 28 210 M M 6 1 36 210
26 54 36 45 -7 20 0 0.01 M M 12.0 22 330 M M 6 26 320
27 57 33 45 -8 20 0 0.00 M M 12.4 25 40 M M 2 32 300
28 72 30 51 -2 14 0 0.00 M M 14.1 28 330 M M 0 35 320
29 80 43 62 8 3 0 0.00 M M 7.1 18 360 M M 0 21 350
30 88 46 67 13 0 2 0.00 M M 8.8 20 220 M M 0 27 230
================================================================================
SM 2064 1073 377 2 0.07 M 355.0 M 34
================================================================================
AV 68.8 35.8 11.8 FASTST M M 1 MAX(MPH)
MISC ----> 38 320 48 310
================================================================================
NOTES:
# LAST OF SEVERAL OCCURRENCES
COLUMN 17 PEAK WIND IN M.P.H.
PRELIMINARY LOCAL CLIMATOLOGICAL DATA (WS FORM: F-6) , PAGE 2
STATION: TONOPAH AIRPORT NV
MONTH: APRIL
YEAR: 2021
LATITUDE: 38 3 N
LONGITUDE: 117 5 W
[TEMPERATURE DATA] [PRECIPITATION DATA] SYMBOLS USED IN COLUMN 16
AVERAGE MONTHLY: 52.3 TOTAL FOR MONTH: 0.07 1 = FOG OR MIST
DPTR FM NORMAL: 2.8 DPTR FM NORMAL: -0.35 2 = FOG REDUCING VISIBILITY
HIGHEST: 88 ON 30 GRTST 24HR 0.07 ON 25-26 TO 1/4 MILE OR LESS
LOWEST: 26 ON 1 3 = THUNDER
SNOW, ICE PELLETS, HAIL 4 = ICE PELLETS
TOTAL MONTH: M 5 = HAIL
GRTST 24HR M ON M 6 = FREEZING RAIN OR DRIZZLE
GRTST DEPTH: M ON M 7 = DUSTSTORM OR SANDSTORM:
VSBY 1/2 MILE OR LESS
8 = SMOKE OR HAZE
[NO. OF DAYS WITH] [WEATHER - DAYS WITH] 9 = BLOWING SNOW
X = TORNADO
MAX 32 OR BELOW: 0 0.01 INCH OR MORE: 2
MAX 90 OR ABOVE: 0 0.10 INCH OR MORE: 0
MIN 32 OR BELOW: 6 0.50 INCH OR MORE: 0
MIN 0 OR BELOW: 0 1.00 INCH OR MORE: 0
[HDD (BASE 65) ]
TOTAL THIS MO. 377 CLEAR (SCALE 0-3) 24
DPTR FM NORMAL -89 PTCLDY (SCALE 4-7) 5
TOTAL FM JUL 1 4844 CLOUDY (SCALE 8-10) 1
DPTR FM NORMAL -349
[CDD (BASE 65) ]
TOTAL THIS MO. 2
DPTR FM NORMAL 1 [PRESSURE DATA]
TOTAL FM JAN 1 2 HIGHEST SLP 30.29 ON 29
DPTR FM NORMAL 1 LOWEST SLP 29.44 ON 13
[REMARKS]
#FINAL-04-21#