000
CXUS54 KFWD 010731
CF6TPL
PRELIMINARY LOCAL CLIMATOLOGICAL DATA (WS FORM: F-6)
STATION: TEMPLE
MONTH: MARCH
YEAR: 2023
LATITUDE: 31 8 N
LONGITUDE: 97 25 W
TEMPERATURE IN F: :PCPN: SNOW: WIND :SUNSHINE: SKY :PK WND
================================================================================
1 2 3 4 5 6A 6B 7 8 9 10 11 12 13 14 15 16 17 18
12Z AVG MX 2MIN
DY MAX MIN AVG DEP HDD CDD WTR SNW DPTH SPD SPD DIR MIN PSBL S-S WX SPD DR
================================================================================
1 82 67 75 21 0 10 0.00 M M 9.9 17 160 M M 6 24 160
2 80 54 67 12 0 2 0.60 M M 17.8 31 140 M M 9 3 41 270
3 68 45 57 2 8 0 0.01 M M 11.3 22 310 M M 1 31 320
4 79 44 62 7 3 0 0.00 M M 9.1 14 170 M M 0 20 160
5 78 53 66 10 0 1 0.00 M M 13.6 20 150 M M 2 23 170
6 82 54 68 12 0 3 0.00 M M 10.0 18 170 M M 4 17 180
7 83 61 72 16 0 7 0.00 M M 9.4 15 140 M M 8 20 140
8 72 55 64 8 1 0 0.00 M M 10.2 16 360 M M 6 20 350
9 82 55 69 12 0 4 0.00 M M 7.2 18 350 M M 9 29 360
10 69 52 61 4 4 0 0.02 M M 8.4 14 360 M M 6 22 360
11 88 57 73 16 0 8 0.00 M M 14.8 23 190 M M 4 33 190
12 73 54 64 6 1 0 M M M 13.5 20 170 M M 4 25 350
13 65 44 55 -3 10 0 0.00 M M 9.4 14 30 M M 0 20 60
14 61 44 53 -5 12 0 M M M 8.4 13 40 M M 8 16 90
15 72 49 61 3 4 0 0.00 M M 14.5 24 160 M M 8 30 150
16 77 46 62 3 3 0 0.11 M M 15.7 24 340 M M 8 39 330
17 57 40 49 -10 16 0 0.02 M M 15.2 23 360 M M 3 36 340
18 58 37 48 -11 17 0 0.00 M M 6.3 12 10 M M 3 M M
19 58 27 43 -16 22 0 0.00 M M 5.3 10 120 M M 0 M M
20 56 35 46 -14 19 0 0.00 M M 13.2 23 170 M M 7 31 170
21 68 49 59 -1 6 0 0.08 M M 13.6 20 160 M M 10 26 160
22 81 67 74 14 0 9 0.00 M M 18.3 28 160 M M 8 35 160
23 84 70 77 17 0 12 0.00 M M 18.5 25 160 M M 8 37 160
24 84 54 69 9 0 4 0.02 M M 13.2 22 280 M M 5 33 170
25 81 45 63 2 2 0 0.00 M M 5.8 13 300 M M 0 18 320
26 83 42 63 2 2 0 0.00 M M 5.5 10 350 M M 0 M M
27 76 48 62 1 3 0 0.00 M M 9.3 14 360 M M 3 M M
28 67 51 59 -2 6 0 0.02 M M 13.4 23 10 M M 3 3 32 360
29 71 48 60 -2 5 0 0.08 M M 9.0 16 140 M M 9 3 23 150
30 72 59 66 4 0 1 0.01 M M 15.1 30 150 M M 9 37 150
31 88 52 70 8 0 5 0.25 M M 15.2 29 190 M M 4 3 36 170
================================================================================
SM 2295 1558 144 66 1.22 M 359.9 M 155
================================================================================
AV 74.0 50.3 11.6 FASTST M M 5 MAX(MPH)
MISC ----> 31 140 41 270
================================================================================
NOTES:
# LAST OF SEVERAL OCCURRENCES
COLUMN 17 PEAK WIND IN M.P.H.
PRELIMINARY LOCAL CLIMATOLOGICAL DATA (WS FORM: F-6) , PAGE 2
STATION: TEMPLE
MONTH: MARCH
YEAR: 2023
LATITUDE: 31 8 N
LONGITUDE: 97 25 W
[TEMPERATURE DATA] [PRECIPITATION DATA] SYMBOLS USED IN COLUMN 16
AVERAGE MONTHLY: 62.1 TOTAL FOR MONTH: 1.22 1 = FOG OR MIST
DPTR FM NORMAL: 3.7 DPTR FM NORMAL: -1.92 2 = FOG REDUCING VISIBILITY
HIGHEST: 88 ON 31,11 GRTST 24HR 0.60 ON 2- 2 TO 1/4 MILE OR LESS
LOWEST: 27 ON 19 3 = THUNDER
SNOW, ICE PELLETS, HAIL 4 = ICE PELLETS
TOTAL MONTH: M 5 = HAIL
GRTST 24HR M ON M 6 = FREEZING RAIN OR DRIZZLE
GRTST DEPTH: M ON M 7 = DUSTSTORM OR SANDSTORM:
VSBY 1/2 MILE OR LESS
8 = SMOKE OR HAZE
[NO. OF DAYS WITH] [WEATHER - DAYS WITH] 9 = BLOWING SNOW
X = TORNADO
MAX 32 OR BELOW: 0 0.01 INCH OR MORE: 11
MAX 90 OR ABOVE: 0 0.10 INCH OR MORE: 3
MIN 32 OR BELOW: 1 0.50 INCH OR MORE: 1
MIN 0 OR BELOW: 0 1.00 INCH OR MORE: 0
[HDD (BASE 65) ]
TOTAL THIS MO. 144 CLEAR (SCALE 0-3) 9
DPTR FM NORMAL -96 PTCLDY (SCALE 4-7) 13
TOTAL FM JUL 1 1689 CLOUDY (SCALE 8-10) 9
DPTR FM NORMAL -359
[CDD (BASE 65) ]
TOTAL THIS MO. 66
DPTR FM NORMAL 29 [PRESSURE DATA]
TOTAL FM JAN 1 95 HIGHEST SLP M ON M
DPTR FM NORMAL 49 LOWEST SLP M ON M
[REMARKS]
#FINAL-03-23#