000
CXUS54 KMRX 011030
CF6TRI
PRELIMINARY LOCAL CLIMATOLOGICAL DATA (WS FORM: F-6)
STATION: TRI-CITIES AIRPORT
MONTH: JULY
YEAR: 2023
LATITUDE: 36 28 N
LONGITUDE: 82 24 W
TEMPERATURE IN F: :PCPN: SNOW: WIND :SUNSHINE: SKY :PK WND
================================================================================
1 2 3 4 5 6A 6B 7 8 9 10 11 12 13 14 15 16 17 18
12Z AVG MX 2MIN
DY MAX MIN AVG DEP HDD CDD WTR SNW DPTH SPD SPD DIR MIN PSBL S-S WX SPD DR
================================================================================
1 90 66 78 3 0 13 0.00 0.0 0 2.9 21 350 M M 7 13 30 340
2 88 65 77 2 0 12 0.08 0.0 0 3.7 15 310 M M 6 13 24 310
3 85 69 77 2 0 12 0.09 0.0 0 3.5 16 210 M M 6 138 26 320
4 87 67 77 2 0 12 0.00 0.0 0 2.1 10 210 M M 7 128 15 220
5 86 66 76 1 0 11 0.02 0.0 M 2.1 14 300 M M 6 138 18 300
6 89 65 77 1 0 12 T 0.0 0 3.2 16 280 M M 6 13 20 280
7 90 68 79 3 0 14 0.00 0.0 0 1.8 20 320 M M 7 18 24 320
8 88 63 76 0 0 11 0.00 0.0 0 2.3 10 280 M M 6 1 14 290
9 82 70 76 0 0 11 0.34 0.0 0 6.1 17 260 M M 9 13 22 280
10 85 61 73 -3 0 8 0.00 0.0 0 2.3 9 350 M M 5 14 30
11 87 56 72 -4 0 7 0.00 0.0 0 2.2 12 270 M M 1 16 280
12 90 60 75 -1 0 10 0.00 0.0 0 3.4 16 230 M M 3 22 260
13 90 63 77 1 0 12 0.14 0.0 0 4.7 15 240 M M 7 38 20 210
14 90 68 79 3 0 14 0.68 0.0 0 3.0 13 320 M M 8 13 20 250
15 90 66 78 2 0 13 0.85 0.0 0 2.3 23 230 M M 6 123 29 230
16 87 66 77 1 0 12 0.00 0.0 0 5.2 14 260 M M 6 18 19 290
17 86 62 74 -2 0 9 0.00 0.0 0 3.0 13 220 M M 4 128 18 230
18 87 65 76 0 0 11 0.13 0.0 0 4.2 14 240 M M 6 138 18 240
19 80 67 74 -2 0 9 T 0.0 0 5.6 20 230 M M 7 13 24 240
20 80 65 73 -3 0 8 0.18 0.0 0 4.4 15 250 M M 8 138 20 250
21 88 67 78 2 0 13 0.00 0.0 0 7.6 16 260 M M 8 18 23 220
22 84 67 76 0 0 11 0.03 0.0 0 1.9 13 290 M M 8 17 290
23 88 63 76 0 0 11 0.00 0.0 0 1.8 12 280 M M 5 18 16 230
24 87 61 74 -2 0 9 0.00 0.0 0 2.3 10 280 M M 3 12 14 280
25 89 63 76 0 0 11 T 0.0 0 3.6 13 280 M M 4 13 21 250
26 92 65 79 3 0 14 0.00 0.0 0 2.5 12 230 M M 3 1 18 250
27 92 68 80 4 0 15 0.00 0.0 0 2.5 14 260 M M 4 22 280
28 95 68 82 6 0 17 T 0.0 0 2.8 16 310 M M 3 13 27 320
29 93 68 81 5 0 16 0.09 0.0 0 4.3 37 280 M M 6 13 52 320
30 82 66 74 -1 0 9 0.83 0.0 0 2.6 18 350 M M 8 13 27 350
31 85 64 75 0 0 10 0.39 0.0 0 2.3 21 340 M M 8 123 32 340
================================================================================
SM 2712 2018 0 357 3.85 0.0 102.2 M 181
================================================================================
AV 87.5 65.1 3.3 FASTST M M 6 MAX(MPH)
MISC ----> 37 280 52 320
================================================================================
NOTES:
# LAST OF SEVERAL OCCURRENCES
COLUMN 17 PEAK WIND IN M.P.H.
PRELIMINARY LOCAL CLIMATOLOGICAL DATA (WS FORM: F-6) , PAGE 2
STATION: TRI-CITIES AIRPORT
MONTH: JULY
YEAR: 2023
LATITUDE: 36 28 N
LONGITUDE: 82 24 W
[TEMPERATURE DATA] [PRECIPITATION DATA] SYMBOLS USED IN COLUMN 16
AVERAGE MONTHLY: 76.3 TOTAL FOR MONTH: 3.85 1 = FOG OR MIST
DPTR FM NORMAL: 0.7 DPTR FM NORMAL: -1.15 2 = FOG REDUCING VISIBILITY
HIGHEST: 95 ON 28 GRTST 24HR 0.96 ON 14-15 TO 1/4 MILE OR LESS
LOWEST: 56 ON 11 3 = THUNDER
SNOW, ICE PELLETS, HAIL 4 = ICE PELLETS
TOTAL MONTH: 0.0 INCH 5 = HAIL
GRTST 24HR 0.0 6 = FREEZING RAIN OR DRIZZLE
GRTST DEPTH: 0 7 = DUSTSTORM OR SANDSTORM:
VSBY 1/2 MILE OR LESS
8 = SMOKE OR HAZE
[NO. OF DAYS WITH] [WEATHER - DAYS WITH] 9 = BLOWING SNOW
X = TORNADO
MAX 32 OR BELOW: 0 0.01 INCH OR MORE: 13
MAX 90 OR ABOVE: 10 0.10 INCH OR MORE: 8
MIN 32 OR BELOW: 0 0.50 INCH OR MORE: 3
MIN 0 OR BELOW: 0 1.00 INCH OR MORE: 0
[HDD (BASE 65) ]
TOTAL THIS MO. 0 CLEAR (SCALE 0-3) 4
DPTR FM NORMAL 0 PTCLDY (SCALE 4-7) 26
TOTAL FM JUL 1 0 CLOUDY (SCALE 8-10) 1
DPTR FM NORMAL 0
[CDD (BASE 65) ]
TOTAL THIS MO. 357
DPTR FM NORMAL 30 [PRESSURE DATA]
TOTAL FM JAN 1 568 HIGHEST SLP 30.14 ON 26
DPTR FM NORMAL -79 LOWEST SLP 29.77 ON 15
[REMARKS]
#FINAL-07-23#