000
CXUS54 KMRX 011030
CF6TRI
PRELIMINARY LOCAL CLIMATOLOGICAL DATA (WS FORM: F-6)
STATION: TRI-CITIES AIRPORT
MONTH: MAY
YEAR: 2022
LATITUDE: 36 28 N
LONGITUDE: 82 24 W
TEMPERATURE IN F: :PCPN: SNOW: WIND :SUNSHINE: SKY :PK WND
================================================================================
1 2 3 4 5 6A 6B 7 8 9 10 11 12 13 14 15 16 17 18
12Z AVG MX 2MIN
DY MAX MIN AVG DEP HDD CDD WTR SNW DPTH SPD SPD DIR MIN PSBL S-S WX SPD DR
================================================================================
1 76 57 67 6 0 2 0.01 0.0 0 4.7 20 230 M M 6 3 26 230
2 79 52 66 5 0 1 0.00 0.0 0 3.8 16 210 M M 4 1 21 260
3 86 50 68 7 0 3 0.00 0.0 0 5.7 17 260 M M 5 24 230
4 81 59 70 8 0 5 0.00 0.0 0 9.2 24 270 M M 6 34 240
5 82 50 66 4 0 1 0.00 0.0 0 2.5 12 240 M M 4 17 240
6 76 58 67 5 0 2 1.34 0.0 0 5.8 32 230 M M 9 138 44 210
7 60 54 57 -5 8 0 0.07 0.0 0 7.5 15 260 M M 10 18 21 250
8 69 50 60 -3 5 0 T 0.0 0 4.2 10 60 M M 6 1 18 50
9 78 44 61 -2 4 0 0.00 0.0 0 1.6 8 90 M M 1 12 70
10 82 43 63 0 2 0 0.00 0.0 0 1.4 8 280 M M 1 12 260
11 85 48 67 4 0 2 0.00 0.0 0 2.0 10 340 M M 1 16 310
12 83 49 66 2 0 1 0.00 0.0 0 3.6 14 80 M M 3 21 70
13 80 56 68 4 0 3 0.00 0.0 0 2.7 13 40 M M 5 25 40
14 81 54 68 4 0 3 0.00 0.0 0 3.5 13 290 M M 6 1 19 290
15 83 57 70 6 0 5 0.00 0.0 0 2.5 12 300 M M 5 1 16 300
16 78 55 67 2 0 2 0.04 0.0 0 6.1 23 290 M M 4 1 33 290
17 81 47 64 -1 1 0 0.00 0.0 0 4.0 16 260 M M 2 1 22 300
18 84 49 67 2 0 2 T 0.0 0 4.2 16 310 M M 4 8 24 310
19 85 62 74 9 0 9 0.14 0.0 0 4.0 15 240 M M 7 123 21 270
20 91 62 77 11 0 12 0.00 0.0 0 3.8 14 240 M M 5 2 18 260
21 88 62 75 9 0 10 0.02 0.0 0 2.3 32 190 M M 7 13 55 180
22 86 60 73 7 0 8 0.75 0.0 0 2.2 29 270 M M 6 123 45 260
23 69 62 66 0 0 1 1.31 0.0 0 2.6 10 350 M M 10 1 17 360
24 76 57 67 0 0 2 T 0.0 0 2.4 8 60 M M 9 1 14 30
25 83 60 72 5 0 7 0.00 0.0 0 5.2 14 170 M M 6 20 170
26 73 64 69 2 0 4 0.97 0.0 0 3.0 13 110 M M 9 1 20 130
27 73 56 65 -3 0 0 1.49 0.0 0 6.8 26 300 M M 8 1 37 310
28 74 53 64 -4 1 0 0.00 0.0 0 3.2 12 260 M M 7 1 17 260
29 86 54 70 2 0 5 0.00 0.0 0 1.8 8 140 M M 4 12 14 120
30 89 57 73 5 0 8 0.00 0.0 0 1.7 10 210 M M 3 15 260
31 90 59 75 7 0 10 0.00 0.0 0 1.3 7 340 M M 2 1 11 210
================================================================================
SM 2487 1700 21 108 6.14 0.0 115.3 M 165
================================================================================
AV 80.2 54.8 3.7 FASTST M M 5 MAX(MPH)
MISC ----> # 32 230 55 180
================================================================================
NOTES:
# LAST OF SEVERAL OCCURRENCES
COLUMN 17 PEAK WIND IN M.P.H.
PRELIMINARY LOCAL CLIMATOLOGICAL DATA (WS FORM: F-6) , PAGE 2
STATION: TRI-CITIES AIRPORT
MONTH: MAY
YEAR: 2022
LATITUDE: 36 28 N
LONGITUDE: 82 24 W
[TEMPERATURE DATA] [PRECIPITATION DATA] SYMBOLS USED IN COLUMN 16
AVERAGE MONTHLY: 67.5 TOTAL FOR MONTH: 6.14 1 = FOG OR MIST
DPTR FM NORMAL: 2.8 DPTR FM NORMAL: 2.32 2 = FOG REDUCING VISIBILITY
HIGHEST: 91 ON 20 GRTST 24HR 2.43 ON 26-27 TO 1/4 MILE OR LESS
LOWEST: 43 ON 10 3 = THUNDER
SNOW, ICE PELLETS, HAIL 4 = ICE PELLETS
TOTAL MONTH: 0.0 INCH 5 = HAIL
GRTST 24HR 0.0 6 = FREEZING RAIN OR DRIZZLE
GRTST DEPTH: 0 7 = DUSTSTORM OR SANDSTORM:
VSBY 1/2 MILE OR LESS
8 = SMOKE OR HAZE
[NO. OF DAYS WITH] [WEATHER - DAYS WITH] 9 = BLOWING SNOW
X = TORNADO
MAX 32 OR BELOW: 0 0.01 INCH OR MORE: 10
MAX 90 OR ABOVE: 2 0.10 INCH OR MORE: 6
MIN 32 OR BELOW: 0 0.50 INCH OR MORE: 5
MIN 0 OR BELOW: 0 1.00 INCH OR MORE: 3
[HDD (BASE 65) ]
TOTAL THIS MO. 21 CLEAR (SCALE 0-3) 6
DPTR FM NORMAL -70 PTCLDY (SCALE 4-7) 20
TOTAL FM JUL 1 3651 CLOUDY (SCALE 8-10) 5
DPTR FM NORMAL -491
[CDD (BASE 65) ]
TOTAL THIS MO. 108
DPTR FM NORMAL 27 [PRESSURE DATA]
TOTAL FM JAN 1 129 HIGHEST SLP 30.29 ON 10
DPTR FM NORMAL 34 LOWEST SLP 29.47 ON 6
[REMARKS]
#FINAL-05-22#