000
CXUS56 KSGX 011045
CF6TRM
PRELIMINARY LOCAL CLIMATOLOGICAL DATA (WS FORM: F-6)
STATION: THERMAL AIRPORT CA
MONTH: JUNE
YEAR: 2021
LATITUDE: 33 37 N
LONGITUDE: 116 10 W
TEMPERATURE IN F: :PCPN: SNOW: WIND :SUNSHINE: SKY :PK WND
================================================================================
1 2 3 4 5 6A 6B 7 8 9 10 11 12 13 14 15 16 17 18
12Z AVG MX 2MIN
DY MAX MIN AVG DEP HDD CDD WTR SNW DPTH SPD SPD DIR MIN PSBL S-S WX SPD DR
================================================================================
1 103 63 83 0 0 18 0.00 M M 5.2 14 160 M M 0 8 19 140
2 105 63 84 1 0 19 0.00 M M 5.2 15 150 M M 0 19 150
3 104 64 84 1 0 19 0.00 M M 5.8 14 140 M M 0 18 150
4 107 65 86 3 0 21 0.00 M M 8.3 22 330 M M 0 29 340
5 108 72 90 6 0 25 0.00 M M 10.4 26 330 M M 0 35 340
6 101 66 84 0 0 19 0.00 M M 9.2 21 320 M M 0 29 320
7 96 65 81 -3 0 16 0.00 M M 8.9 28 340 M M 0 33 340
8 96 66 81 -3 0 16 0.00 M M 9.7 21 320 M M 0 29 320
9 102 74 88 3 0 23 0.00 M M 10.4 23 270 M M 0 8 29 340
10 98 70 84 -1 0 19 0.00 M M 10.8 22 330 M M 0 30 330
11 105 73 89 4 0 24 0.00 M M 8.1 17 330 M M 0 22 330
12 110 78 94 9 0 29 0.00 M M 8.8 18 340 M M 0 24 320
13 111 79 95 9 0 30 0.00 M M 7.1 16 130 M M 0 24 300
14 111 65 88 2 0 23 0.00 M M 4.8 10 130 M M 0 8 M M
15 116 73 95 9 0 30 0.00 M M 5.0 17 120 M M 0 23 120
16 106 76 91 5 0 26 0.00 M M 6.3 14 150 M M 0 18 150
17 118 71 95 9 0 30 0.00 M M 5.8 17 340 M M 0 23 350
18 119 86 103 16 0 38 0.00 M M 9.7 21 330 M M 0 26 310
19 116 90 103 16 0 38 0.00 M M 9.9 22 340 M M 0 28 330
20 119 75 97 10 0 32 0.00 M M 10.2 25 280 M M 0 8 32 290
21 113 77 95 8 0 30 0.00 M M 5.9 18 340 M M 0 22 320
22 103 76 90 2 0 25 0.00 M M 4.6 17 140 M M 0 8 20 140
23 104 81 93 5 0 28 T M M 8.2 17 320 M M 1 3 21 290
24 106 78 92 4 0 27 0.00 M M 9.4 21 340 M M 0 28 330
25 111 80 96 8 0 31 0.00 M M 11.4 22 330 M M 0 27 340
26 116 76 96 8 0 31 0.00 M M 6.6 23 330 M M 0 30 330
27 120 72 96 7 0 31 0.00 M M 6.5 18 340 M M 0 25 320
28 116 82 99 10 0 34 0.00 M M 7.7 26 130 M M 0 8 32 130
29 104 75 90 1 0 25 0.00 M M 5.6 20 140 M M 0 27 130
30 106 76 91 2 0 26 0.00 M M 7.3 17 130 M M 0 23 130
================================================================================
SM 3250 2207 0 783 T M 232.8 M 1
================================================================================
AV108.3 73.6 7.8 FASTST M M 0 MAX(MPH)
MISC ----> 28 340 35 340
================================================================================
NOTES:
# LAST OF SEVERAL OCCURRENCES
COLUMN 17 PEAK WIND IN M.P.H.
PRELIMINARY LOCAL CLIMATOLOGICAL DATA (WS FORM: F-6) , PAGE 2
STATION: THERMAL AIRPORT CA
MONTH: JUNE
YEAR: 2021
LATITUDE: 33 37 N
LONGITUDE: 116 10 W
[TEMPERATURE DATA] [PRECIPITATION DATA] SYMBOLS USED IN COLUMN 16
AVERAGE MONTHLY: 91.0 TOTAL FOR MONTH: T 1 = FOG OR MIST
DPTR FM NORMAL: 4.8 DPTR FM NORMAL: -0.01 2 = FOG REDUCING VISIBILITY
HIGHEST: 120 ON 27 GRTST 24HR T ON 23-23 TO 1/4 MILE OR LESS
LOWEST: 63 ON 2, 1 3 = THUNDER
SNOW, ICE PELLETS, HAIL 4 = ICE PELLETS
TOTAL MONTH: M 5 = HAIL
GRTST 24HR M ON M 6 = FREEZING RAIN OR DRIZZLE
GRTST DEPTH: M ON M 7 = DUSTSTORM OR SANDSTORM:
VSBY 1/2 MILE OR LESS
8 = SMOKE OR HAZE
[NO. OF DAYS WITH] [WEATHER - DAYS WITH] 9 = BLOWING SNOW
X = TORNADO
MAX 32 OR BELOW: 0 0.01 INCH OR MORE: 0
MAX 90 OR ABOVE: 30 0.10 INCH OR MORE: 0
MIN 32 OR BELOW: 0 0.50 INCH OR MORE: 0
MIN 0 OR BELOW: 0 1.00 INCH OR MORE: 0
[HDD (BASE 65) ]
TOTAL THIS MO. 0 CLEAR (SCALE 0-3) 30
DPTR FM NORMAL 0 PTCLDY (SCALE 4-7) 0
TOTAL FM JUL 1 1033 CLOUDY (SCALE 8-10) 0
DPTR FM NORMAL -74
[CDD (BASE 65) ]
TOTAL THIS MO. 783
DPTR FM NORMAL 151 [PRESSURE DATA]
TOTAL FM JAN 1 1655 HIGHEST SLP 29.96 ON 10
DPTR FM NORMAL 305 LOWEST SLP 29.43 ON 27
[REMARKS]
#FINAL-06-21#