000
CXUS56 KSGX 011145
CF6TRM
PRELIMINARY LOCAL CLIMATOLOGICAL DATA (WS FORM: F-6)
STATION: THERMAL AIRPORT CA
MONTH: DECEMBER
YEAR: 2023
LATITUDE: 33 37 N
LONGITUDE: 116 10 W
TEMPERATURE IN F: :PCPN: SNOW: WIND :SUNSHINE: SKY :PK WND
================================================================================
1 2 3 4 5 6A 6B 7 8 9 10 11 12 13 14 15 16 17 18
12Z AVG MX 2MIN
DY MAX MIN AVG DEP HDD CDD WTR SNW DPTH SPD SPD DIR MIN PSBL S-S WX SPD DR
================================================================================
1 71 38 55 -1 10 0 0.00 M M 2.1 8 320 M M 0 11 300
2 69 37 53 -2 12 0 0.00 M M 2.9 9 140 M M 0 12 140
3 71 37 54 -1 11 0 0.00 M M 2.8 8 320 M M 0 9 320
4 74 39 57 2 8 0 0.00 M M 2.8 10 350 M M 0 11 360
5 78 43 61 6 4 0 0.00 M M 4.2 9 120 M M 0 12 130
6 80 42 61 7 4 0 0.00 M M 3.5 8 150 M M 0 11 130
7 78 41 60 6 5 0 0.00 M M 5.0 18 320 M M 0 8 26 320
8 75 43 59 5 6 0 0.00 M M 3.6 13 320 M M 0 17 320
9 69 38 54 0 11 0 0.00 M M 4.8 13 290 M M 0 8 16 290
10 71 32 52 -2 13 0 0.00 M M 3.8 10 320 M M 0 11 320
11 71 33 52 -1 13 0 0.00 M M 1.9 7 340 M M 0 7 330
12 70 32 51 -2 14 0 0.00 M M 2.9 9 140 M M 0 11 150
13 76 33 55 2 10 0 0.00 M M 4.4 12 130 M M 0 15 310
14 75 34 55 2 10 0 0.00 M M 3.5 8 330 M M 0 10 250
15 76 36 56 3 9 0 0.00 M M 3.2 9 330 M M 0 11 340
16 80 38 59 6 6 0 0.00 M M 2.9 9 350 M M 0 8 10 350
17 76 39 58 5 7 0 0.00 M M 3.2 9 360 M M 0 8 10 350
18 72 41 57 4 8 0 0.00 M M 3.2 8 260 M M 0 9 350
19 72 43 58 5 7 0 0.00 M M 2.8 9 300 M M 1 11 150
20 74 43 59 6 6 0 0.01 M M 3.3 9 120 M M 2 12 170
21 71 45 58 5 7 0 0.00 M M 2.5 7 260 M M 4 9 160
22 64 50 57 4 8 0 0.34 M M 5.3 14 120 M M 8 13 18 120
23 66 44 55 2 10 0 0.00 M M 1.6 8 250 M M 1 1 10 180
24 68 43 56 3 9 0 0.00 M M 2.7 7 130 M M 0 1 10 150
25 69 39 54 1 11 0 0.00 M M 2.6 9 330 M M 0 1 11 330
26 68 43 56 3 9 0 0.00 M M 2.4 9 330 M M 0 10 330
27 67 44 56 3 9 0 0.00 M M 2.0 7 330 M M 0 9 310
28 73 42 58 5 7 0 0.00 M M 2.3 7 340 M M 0 8 30
29 70 42 56 3 9 0 0.00 M M 1.9 7 350 M M 0 8 350
30 70 36 53 0 12 0 0.00 0.0 0 4.0 13 340 M M 0 16 330
31 65 38 52 -1 13 0 0.00 0.0 0 2.3 7 160 M M 0 1 9 300
================================================================================
SM 2229 1228 278 0 0.35 0.0 96.4 M 16
================================================================================
AV 71.9 39.6 3.1 FASTST M M 1 MAX(MPH)
MISC ----> 18 320 26 320
================================================================================
NOTES:
# LAST OF SEVERAL OCCURRENCES
COLUMN 17 PEAK WIND IN M.P.H.
PRELIMINARY LOCAL CLIMATOLOGICAL DATA (WS FORM: F-6) , PAGE 2
STATION: THERMAL AIRPORT CA
MONTH: DECEMBER
YEAR: 2023
LATITUDE: 33 37 N
LONGITUDE: 116 10 W
[TEMPERATURE DATA] [PRECIPITATION DATA] SYMBOLS USED IN COLUMN 16
AVERAGE MONTHLY: 55.8 TOTAL FOR MONTH: 0.35 1 = FOG OR MIST
DPTR FM NORMAL: 2.3 DPTR FM NORMAL: 0.01 2 = FOG REDUCING VISIBILITY
HIGHEST: 80 ON 16, 6 GRTST 24HR 0.34 ON 22-22 TO 1/4 MILE OR LESS
LOWEST: 32 ON 12,10 3 = THUNDER
SNOW, ICE PELLETS, HAIL 4 = ICE PELLETS
TOTAL MONTH: 0.0 INCH 5 = HAIL
GRTST 24HR 0.0 6 = FREEZING RAIN OR DRIZZLE
GRTST DEPTH: 0 7 = DUSTSTORM OR SANDSTORM:
VSBY 1/2 MILE OR LESS
8 = SMOKE OR HAZE
[NO. OF DAYS WITH] [WEATHER - DAYS WITH] 9 = BLOWING SNOW
X = TORNADO
MAX 32 OR BELOW: 0 0.01 INCH OR MORE: 2
MAX 90 OR ABOVE: 0 0.10 INCH OR MORE: 1
MIN 32 OR BELOW: 2 0.50 INCH OR MORE: 0
MIN 0 OR BELOW: 0 1.00 INCH OR MORE: 0
[HDD (BASE 65) ]
TOTAL THIS MO. 278 CLEAR (SCALE 0-3) 29
DPTR FM NORMAL -79 PTCLDY (SCALE 4-7) 2
TOTAL FM JUL 1 369 CLOUDY (SCALE 8-10) 0
DPTR FM NORMAL -137
[CDD (BASE 65) ]
TOTAL THIS MO. 0
DPTR FM NORMAL -1 [PRESSURE DATA]
TOTAL FM JAN 1 3925 HIGHEST SLP 30.38 ON 9
DPTR FM NORMAL 45 LOWEST SLP 29.81 ON 19
[REMARKS]
#FINAL-12-23#