000
CXUS54 KTSA 131517
CF6TUL
PRELIMINARY LOCAL CLIMATOLOGICAL DATA (WS FORM: F-6)
STATION: TULSA OKLAHOMA
MONTH: MAY
YEAR: 2021
LATITUDE: 36 12 N
LONGITUDE: 95 54 W
TEMPERATURE IN F: :PCPN: SNOW: WIND :SUNSHINE: SKY :PK WND
================================================================================
1 2 3 4 5 6A 6B 7 8 9 10 11 12 13 14 15 16 17 18
12Z AVG MX 2MIN
DY MAX MIN AVG DEP HDD CDD WTR SNW DPTH SPD SPD DIR MIN PSBL S-S WX SPD DR
================================================================================
1 76 55 66 1 0 1 0.00 0.0 0 10.8 22 170 M M 7 30 170
2 80 63 72 7 0 7 T 0.0 0 10.0 20 140 M M 8 1 25 140
3 80 61 71 5 0 6 0.75 0.0 0 8.9 29 40 M M 7 13 36 50
4 65 46 56 -10 9 0 0.24 0.0 0 12.9 26 350 M M 7 1 37 350
5 74 42 58 -8 7 0 T 0.0 0 3.9 10 350 M M 4 1 15 350
6 78 51 65 -1 0 0 0.00 0.0 0 8.9 21 360 M M 2 8 30 350
7 76 50 63 -4 2 0 T 0.0 0 9.8 23 130 M M 5 30 130
8 86 63 75 8 0 10 T 0.0 0 18.9 36 170 M M 7 3 48 180
9 78 55 67 0 0 2 0.00 0.0 0 16.3 28 180 M M 9 40 170
10 64 51 58 -10 7 0 0.00 0.0 0 10.2 18 40 M M 7 26 360
11 58 46 52 -16 13 0 0.44 0.0 0 8.0 18 40 M M 8 13 27 40
12 69 49 59 -9 6 0 0.00 0.0 0 7.2 13 360 M M 7 19 60
13 74 47 61 -8 4 0 0.00 0.0 0 4.1 9 40 M M 3 13 60
14 78 49 64 -5 1 0 0.00 0.0 0 9.8 23 170 M M 3 34 170
15 81 57 69 0 0 4 0.15 0.0 0 10.8 21 190 M M 9 13 28 190
16 79 66 73 3 0 8 0.02 0.0 0 11.4 22 140 M M 9 30 130
17 81 66 74 4 0 9 T 0.0 0 5.3 13 190 M M 8 18 180
18 79 65 72 2 0 7 0.00 0.0 0 10.5 20 150 M M 8 27 160
19 73 64 69 -1 0 4 1.46 0.0 0 6.1 13 140 M M 9 1 17 130
20 74 66 70 -1 0 5 0.28 0.0 0 8.3 20 170 M M 10 1 29 120
21 76 69 73 2 0 8 0.09 0.0 0 11.6 20 120 M M 10 1 28 130
22 78 68 73 1 0 8 0.02 0.0 0 9.0 20 160 M M 10 1 30 160
23 75 68 72 0 0 7 0.03 0.0 0 4.8 12 230 M M 9 1 17 230
24 79 67 73 1 0 8 T 0.0 0 8.1 18 170 M M 9 1 25 150
25 77 67 72 0 0 7 0.03 0.0 0 9.9 18 170 M M 9 24 160
26 85 64 75 2 0 10 0.00 0.0 0 8.0 17 170 M M 8 12 23 170
27 88 66 77 4 0 12 1.15 0.0 0 10.6 30 360 M M 9 123 41 320
28 74 56 65 -9 0 0 0.00 0.0 0 10.3 17 350 M M 4 23 340
29 68 53 61 -13 4 0 0.00 0.0 0 8.7 16 10 M M 4 25 70
30 75 51 63 -11 2 0 0.00 0.0 0 6.6 14 150 M M 9 18 170
31 66 60 63 -11 2 0 0.80 0.0 0 7.8 14 80 M M 10 1 20 90
================================================================================
SM 2344 1801 57 123 5.46 0.0 287.5 M 228
================================================================================
AV 75.6 58.1 9.3 FASTST M M 7 MAX(MPH)
MISC ----> 36 170 48 180
================================================================================
NOTES:
# LAST OF SEVERAL OCCURRENCES
COLUMN 17 PEAK WIND IN M.P.H.
PRELIMINARY LOCAL CLIMATOLOGICAL DATA (WS FORM: F-6) , PAGE 2
STATION: TULSA OKLAHOMA
MONTH: MAY
YEAR: 2021
LATITUDE: 36 12 N
LONGITUDE: 95 54 W
[TEMPERATURE DATA] [PRECIPITATION DATA] SYMBOLS USED IN COLUMN 16
AVERAGE MONTHLY: 66.9 TOTAL FOR MONTH: 5.46 1 = FOG OR MIST
DPTR FM NORMAL: -2.7 DPTR FM NORMAL: -0.27 2 = FOG REDUCING VISIBILITY
HIGHEST: 88 ON 27 GRTST 24HR 1.60 ON 19-20 TO 1/4 MILE OR LESS
LOWEST: 42 ON 5 3 = THUNDER
SNOW, ICE PELLETS, HAIL 4 = ICE PELLETS
TOTAL MONTH: 0.0 INCH 5 = HAIL
GRTST 24HR 0.0 6 = FREEZING RAIN OR DRIZZLE
GRTST DEPTH: 0 7 = DUSTSTORM OR SANDSTORM:
VSBY 1/2 MILE OR LESS
8 = SMOKE OR HAZE
[NO. OF DAYS WITH] [WEATHER - DAYS WITH] 9 = BLOWING SNOW
X = TORNADO
MAX 32 OR BELOW: 0 0.01 INCH OR MORE: 13
MAX 90 OR ABOVE: 0 0.10 INCH OR MORE: 8
MIN 32 OR BELOW: 0 0.50 INCH OR MORE: 4
MIN 0 OR BELOW: 0 1.00 INCH OR MORE: 2
[HDD (BASE 65) ]
TOTAL THIS MO. 57 CLEAR (SCALE 0-3) 2
DPTR FM NORMAL 16 PTCLDY (SCALE 4-7) 14
TOTAL FM JUL 1 3518 CLOUDY (SCALE 8-10) 15
DPTR FM NORMAL 70
[CDD (BASE 65) ]
TOTAL THIS MO. 123
DPTR FM NORMAL -60 [PRESSURE DATA]
TOTAL FM JAN 1 166 HIGHEST SLP 30.37 ON 13
DPTR FM NORMAL -87 LOWEST SLP 29.48 ON 9
[REMARKS]
#FINAL-05-21#