000
CXUS54 KMEG 011000
CF6TUP
PRELIMINARY LOCAL CLIMATOLOGICAL DATA (WS FORM: F-6)
STATION: TUPELO
MONTH: DECEMBER
YEAR: 2021
LATITUDE: 34 16 N
LONGITUDE: 88 46 W
TEMPERATURE IN F: :PCPN: SNOW: WIND :SUNSHINE: SKY :PK WND
================================================================================
1 2 3 4 5 6A 6B 7 8 9 10 11 12 13 14 15 16 17 18
12Z AVG MX 2MIN
DY MAX MIN AVG DEP HDD CDD WTR SNW DPTH SPD SPD DIR MIN PSBL S-S WX SPD DR
================================================================================
1 71 42 57 8 8 0 0.00 0.0 0 4.9 15 210 M M 1 1 22 190
2 76 41 59 11 6 0 0.00 0.0 0 2.6 10 250 M M 0 14 250
3 75 44 60 12 5 0 0.00 0.0 0 3.0 13 240 M M 0 1 16 250
4 70 56 63 15 2 0 0.01 0.0 0 2.3 7 190 M M 10 128 9 190
5 76 60 68 20 0 3 0.00 0.0 0 7.7 17 180 M M 8 12 20 190
6 69 36 53 5 12 0 0.86 0.0 0 13.2 24 360 M M 5 13 29 350
7 46 33 40 -7 25 0 0.00 0.0 0 6.7 14 40 M M 8 18 40
8 57 36 47 0 18 0 0.00 0.0 0 2.3 10 360 M M 3 14 20
9 62 34 48 1 17 0 0.00 0.0 0 7.8 18 170 M M 5 1 23 170
10 79 60 70 23 0 5 0.04 0.0 0 11.9 24 190 M M 9 1 32 180
11 75 38 57 10 8 0 1.01 0.0 0 11.2 26 250 M M 5 138 35 250
12 55 30 43 -3 22 0 0.00 0.0 0 2.7 13 50 M M 0 8 16 50
13 63 30 47 1 18 0 0.00 0.0 0 1.7 9 160 M M 1 13 170
14 70 42 56 10 9 0 0.00 0.0 0 3.5 10 140 M M 4 12 130
15 70 50 60 14 5 0 0.00 0.0 0 9.1 18 170 M M 2 23 170
16 68 61 65 19 0 0 0.33 0.0 0 10.3 18 180 M M 10 1 24 180
17 66 62 64 18 1 0 0.15 0.0 0 6.6 14 170 M M 10 12 17 180
18 74 46 60 14 5 0 0.16 0.0 0 10.2 22 360 M M 9 1 26 360
19 49 32 41 -4 24 0 0.00 0.0 0 11.7 25 10 M M 6 31 10
20 48 30 39 -6 26 0 0.00 0.0 0 3.6 9 10 M M 4 10 70
21 53 40 47 2 18 0 T 0.0 0 3.1 8 330 M M 5 11 240
22 54 33 44 -1 21 0 0.00 0.0 0 5.3 18 10 M M M 23 350
23 63 29 46 1 19 0 0.00 0.0 0 6.0 16 190 M M 0 20 170
24 75 47 61 16 4 0 0.00 0.0 0 12.4 23 200 M M 3 31 220
25 77 59 68 24 0 3 0.00 0.0 0 8.8 18 250 M M 7 1 27 210
26 72 55 64 20 1 0 0.00 0.0 0 4.3 12 180 M M 7 12 15 170
27 73 63 68 24 0 3 0.00 0.0 0 7.0 14 210 M M 9 20 210
28 77 63 70 26 0 5 0.01 0.0 M 9.8 23 200 M M 8 28 200
29 72 58 65 21 0 0 2.08 0.0 0 4.4 17 150 M M 8 13 22 150
30 74 57 66 22 0 1 T 0.0 0 4.1 8 190 M M 5 1 11 330
31 78 59 69 25 0 4 0.01 0.0 0 7.7 16 190 M M 6 1 21 200
================================================================================
SM 2087 1426 274 24 4.66 0.0 205.9 M 158
================================================================================
AV 67.3 46.0 6.6 FASTST M M 5 MAX(MPH)
MISC ----> 26 250 35 250
================================================================================
NOTES:
# LAST OF SEVERAL OCCURRENCES
COLUMN 17 PEAK WIND IN M.P.H.
PRELIMINARY LOCAL CLIMATOLOGICAL DATA (WS FORM: F-6) , PAGE 2
STATION: TUPELO
MONTH: DECEMBER
YEAR: 2021
LATITUDE: 34 16 N
LONGITUDE: 88 46 W
[TEMPERATURE DATA] [PRECIPITATION DATA] SYMBOLS USED IN COLUMN 16
AVERAGE MONTHLY: 56.7 TOTAL FOR MONTH: 4.66 1 = FOG OR MIST
DPTR FM NORMAL: 10.8 DPTR FM NORMAL: -1.28 2 = FOG REDUCING VISIBILITY
HIGHEST: 79 ON 10 GRTST 24HR 2.08 ON 29-29 TO 1/4 MILE OR LESS
LOWEST: 29 ON 23 3 = THUNDER
SNOW, ICE PELLETS, HAIL 4 = ICE PELLETS
TOTAL MONTH: 0.0 INCH 5 = HAIL
GRTST 24HR 0.0 6 = FREEZING RAIN OR DRIZZLE
GRTST DEPTH: 0 7 = DUSTSTORM OR SANDSTORM:
VSBY 1/2 MILE OR LESS
8 = SMOKE OR HAZE
[NO. OF DAYS WITH] [WEATHER - DAYS WITH] 9 = BLOWING SNOW
X = TORNADO
MAX 32 OR BELOW: 0 0.01 INCH OR MORE: 10
MAX 90 OR ABOVE: 0 0.10 INCH OR MORE: 6
MIN 32 OR BELOW: 5 0.50 INCH OR MORE: 3
MIN 0 OR BELOW: 0 1.00 INCH OR MORE: 2
[HDD (BASE 65) ]
TOTAL THIS MO. 274 CLEAR (SCALE 0-3) 9
DPTR FM NORMAL -320 PTCLDY (SCALE 4-7) 14
TOTAL FM JUL 1 746 CLOUDY (SCALE 8-10) 8
DPTR FM NORMAL -339
[CDD (BASE 65) ]
TOTAL THIS MO. 24
DPTR FM NORMAL 21 [PRESSURE DATA]
TOTAL FM JAN 1 2330 HIGHEST SLP 30.41 ON 14
DPTR FM NORMAL 96 LOWEST SLP 29.69 ON 29
[REMARKS]
#FINAL-12-21#