000
CXUS55 KTWC 010855
CF6TUS
PRELIMINARY LOCAL CLIMATOLOGICAL DATA (WS FORM: F-6)
STATION: TUCSON AZ
MONTH: JULY
YEAR: 2023
LATITUDE: 32 7 N
LONGITUDE: 110 56 W
TEMPERATURE IN F: :PCPN: SNOW: WIND :SUNSHINE: SKY :PK WND
================================================================================
1 2 3 4 5 6A 6B 7 8 9 10 11 12 13 14 15 16 17 18
12Z AVG MX 2MIN
DY MAX MIN AVG DEP HDD CDD WTR SNW DPTH SPD SPD DIR MIN PSBL S-S WX SPD DR
================================================================================
1 107 71 89 0 0 24 0.00 M M 5.6 14 320 M M 0 21 310
2 110 74 92 3 0 27 0.00 M M 7.2 20 350 M M 0 26 340
3 110 78 94 5 0 29 0.00 M M 8.3 22 350 M M 0 28 340
4 108 78 93 4 0 28 0.00 M M 7.3 20 300 M M 0 27 270
5 107 77 92 3 0 27 0.00 M M 6.5 17 270 M M 0 23 280
6 110 77 94 5 0 29 0.00 M M 6.1 18 290 M M 0 25 300
7 110 82 96 7 0 31 0.00 M M 7.1 17 290 M M 0 24 270
8 108 82 95 6 0 30 0.00 M M 5.9 15 310 M M 0 25 270
9 105 85 95 6 0 30 0.00 M M 5.7 21 250 M M 0 29 250
10 107 83 95 6 0 30 0.00 M M 9.5 25 220 M M 0 36 200
11 105 82 94 5 0 29 0.00 M M 8.2 21 160 M M 1 3 27 130
12 101 85 93 4 0 28 0.00 M M 6.9 15 150 M M 2 19 280
13 107 87 97 9 0 32 0.00 M M 6.6 22 260 M M 1 3 29 240
14 108 85 97 9 0 32 0.00 M M 7.3 18 190 M M 0 24 190
15 110 86 98 10 0 33 0.00 M M 9.3 37 170 M M 0 8 51 170
16 111 82 97 9 0 32 0.00 M M 7.3 18 210 M M 0 25 200
17 111 77 94 6 0 29 0.45 M M 7.6 40 240 M M 1 38 64 240
18 112 80 96 8 0 31 0.00 M M 6.6 16 290 M M 0 27 310
19 112 82 97 9 0 32 T M M 7.9 40 200 M M 0 38 55 200
20 112 78 95 7 0 30 0.00 M M 8.6 29 150 M M 0 37 150
21 110 83 97 9 0 32 T M M 11.0 35 110 M M M 3 52 120
22 111 81 96 8 0 31 T M M 10.0 32 170 M M M 3 42 180
23 106 78 92 4 0 27 0.06 M M 7.9 28 340 M M M 3 42 340
24 108 77 93 5 0 28 0.04 M M 5.7 23 230 M M 0 3 30 220
25 112 78 95 7 0 30 0.11 M M 7.1 21 240 M M 0 3 32 270
26 110 78 94 6 0 29 0.41 M M 8.6 24 250 M M 1 3 37 300
27 108 79 94 6 0 29 T M M 7.4 21 40 M M 1 3 28 40
28 109 83 96 8 0 31 T M M 7.6 40 60 M M 1 38 64 60
29 108 81 95 7 0 30 0.18 M M 9.1 24 200 M M 1 3 32 190
30 106 79 93 5 0 28 0.00 M M 7.2 18 260 M M 0 3 27 260
31 101 73 87 0 0 22 0.75 M M 6.9 35 130 M M 1 38 50 130
================================================================================
SM 3360 2481 0 910 2.00 M 234.0 M 10
================================================================================
AV108.4 80.0 7.5 FASTST M M 0 MAX(MPH)
MISC ----> # 40 240 # 64 240
================================================================================
NOTES:
# LAST OF SEVERAL OCCURRENCES
COLUMN 17 PEAK WIND IN M.P.H.
PRELIMINARY LOCAL CLIMATOLOGICAL DATA (WS FORM: F-6) , PAGE 2
STATION: TUCSON AZ
MONTH: JULY
YEAR: 2023
LATITUDE: 32 7 N
LONGITUDE: 110 56 W
[TEMPERATURE DATA] [PRECIPITATION DATA] SYMBOLS USED IN COLUMN 16
AVERAGE MONTHLY: 94.2 TOTAL FOR MONTH: 2.00 1 = FOG OR MIST
DPTR FM NORMAL: 6.0 DPTR FM NORMAL: -0.21 2 = FOG REDUCING VISIBILITY
HIGHEST: 112 ON 25,20 GRTST 24HR 0.75 ON 31-31 TO 1/4 MILE OR LESS
LOWEST: 71 ON 1 3 = THUNDER
SNOW, ICE PELLETS, HAIL 4 = ICE PELLETS
TOTAL MONTH: M 5 = HAIL
GRTST 24HR M ON M 6 = FREEZING RAIN OR DRIZZLE
GRTST DEPTH: M ON M 7 = DUSTSTORM OR SANDSTORM:
VSBY 1/2 MILE OR LESS
8 = SMOKE OR HAZE
[NO. OF DAYS WITH] [WEATHER - DAYS WITH] 9 = BLOWING SNOW
X = TORNADO
MAX 32 OR BELOW: 0 0.01 INCH OR MORE: 7
MAX 90 OR ABOVE: 31 0.10 INCH OR MORE: 5
MIN 32 OR BELOW: 0 0.50 INCH OR MORE: 1
MIN 0 OR BELOW: 0 1.00 INCH OR MORE: 0
[HDD (BASE 65) ]
TOTAL THIS MO. 0 CLEAR (SCALE 0-3) 28
DPTR FM NORMAL 0 PTCLDY (SCALE 4-7) 0
TOTAL FM JUL 1 0 CLOUDY (SCALE 8-10) 3
DPTR FM NORMAL 0
[CDD (BASE 65) ]
TOTAL THIS MO. 910
DPTR FM NORMAL 189 [PRESSURE DATA]
TOTAL FM JAN 1 2088 HIGHEST SLP M ON M
DPTR FM NORMAL 178 LOWEST SLP 27.23 ON 21
[REMARKS]
#FINAL-07-23#