000
CXUS55 KTWC 020328
CLMTUS
CLIMATE REPORT
NATIONAL WEATHER SERVICE TUCSON AZ
828 PM MST MON MAY 01 2023
...................................
...THE TUCSON AZ CLIMATE SUMMARY FOR THE MONTH OF APRIL 2023...
CLIMATE NORMAL PERIOD 1991 TO 2020
CLIMATE RECORD PERIOD 1895 TO 2023
WEATHER OBSERVED NORMAL DEPART LAST YEAR`S
VALUE DATE(S) VALUE FROM VALUE
NORMAL
..............................................................
TEMPERATURE (F)
RECORD
HIGH 104 04/21/1989
04/20/1989
LOW 27 04/04/1945
HIGHEST 100 04/30 94 6
LOWEST 32 04/05 41 -9
AVG. MAXIMUM 86.8 82.9 3.9
AVG. MINIMUM 53.1 53.3 -0.2
MEAN 70.0 68.1 1.9
DAYS MAX >= 90 12 8.0 4.0 14
DAYS MAX >= 100 1 1
DAYS MIN <= 32 1 0.0 1.0 0
DAYS MIN >= 80 0 0
PRECIPITATION (INCHES)
RECORD
MAXIMUM 3.53 1905
MINIMUM 0.00 2023
TOTALS 0.00R 0.24 -0.24 0.00
DAILY AVG. 0.00 0.01 -0.01 0.00
DAYS >= .01 0 1.6 -1.6 0
DAYS >= .10 0 0.7 -0.7 0
DAYS >= .50 0 0.1 -0.1 0
DAYS >= 1.00 0 0.0 0.0 0
DEGREE DAYS
HEATING TOTAL 32 44 -12
SINCE 7/1 1495 1327 168
COOLING TOTAL 188 137 51
SINCE 1/1 193 185 8
..............................................................
WIND (MPH)
AVERAGE WIND SPEED 7.6
HIGHEST WIND SPEED/DIRECTION 29/240 DATE 04/03
HIGHEST GUST SPEED/DIRECTION 40/230 DATE 04/03
SKY COVER
POSSIBLE SUNSHINE (PERCENT) MM
AVERAGE SKY COVER 0.00
NUMBER OF DAYS FAIR 22
NUMBER OF DAYS PC 0
NUMBER OF DAYS CLOUDY 0
AVERAGE RH (PERCENT) 19
WEATHER CONDITIONS. NUMBER OF DAYS WITH
THUNDERSTORM 0 MIXED PRECIP 0
HEAVY RAIN 0 RAIN 0
LIGHT RAIN 0 FREEZING RAIN 0
LT FREEZING RAIN 0 HAIL 0
HEAVY SNOW 0 SLEET 0
FOG 0 FOG W/VIS <= 1/4 MILE 0
HAZE 4
- INDICATES NEGATIVE NUMBERS.
R INDICATES RECORD WAS SET OR TIED.
MM INDICATES DATA IS MISSING.
T INDICATES TRACE AMOUNT.
$$