000
CXUS53 KAPX 010730
CF6TVC
PRELIMINARY LOCAL CLIMATOLOGICAL DATA (WS FORM: F-6)
STATION: TRAVERSE CITY MI
MONTH: APRIL
YEAR: 2021
LATITUDE: 44 44 N
LONGITUDE: 85 34 W
TEMPERATURE IN F: :PCPN: SNOW: WIND :SUNSHINE: SKY :PK WND
================================================================================
1 2 3 4 5 6A 6B 7 8 9 10 11 12 13 14 15 16 17 18
12Z AVG MX 2MIN
DY MAX MIN AVG DEP HDD CDD WTR SNW DPTH SPD SPD DIR MIN PSBL S-S WX SPD DR
================================================================================
1 33 20 27 -10 38 0 T M M 11.0 20 340 M M 5 30 320
2 49 17 33 -5 32 0 0.00 M M 4.0 15 270 M M 1 18 23 270
3 60 32 46 8 19 0 0.00 M M 6.9 18 230 M M 3 27 210
4 66 28 47 9 18 0 0.00 M M 3.2 13 280 M M 4 1 15 180
5 76 48 62 23 3 0 0.00 M M 7.9 14 180 M M 4 26 160
6 76 49 63 24 2 0 0.00 M M 5.8 17 330 M M 5 25 220
7 83 48 66 26 0 1 0.00 M M 3.8 17 10 M M 6 24 180
8 82 53 68 28 0 3 0.31 M M 8.6 21 150 M M 8 138 38 160
9 61 52 57 17 8 0 0.01 M M 8.0 23 190 M M 9 1 36 170
10 64 47 56 15 9 0 0.13 M M 5.3 12 20 M M 8 1 18 200
11 58 44 51 10 14 0 0.25 M M 3.2 10 20 M M 10 1 14 10
12 57 44 51 9 14 0 0.11 M M 2.5 10 260 M M 10 12 15 340
13 55 40 48 6 17 0 0.00 M M 8.9 20 270 M M 7 28 250
14 43 37 40 -2 25 0 0.02 M M 7.4 20 270 M M 10 148 25 270
15 41 36 39 -4 26 0 0.09 M M 11.2 20 330 M M 10 1 28 340
16 45 36 41 -2 24 0 T M M 9.2 15 350 M M 7 1 21 330
17 51 29 40 -4 25 0 0.00 M M 3.5 13 40 M M 4 22 40
18 54 27 41 -3 24 0 0.00 M M 2.8 10 20 M M 1 16 20
19 49 34 42 -2 23 0 0.01 M M 11.8 23 320 M M 9 1 31 320
20 39 30 35 -10 30 0 T M M 12.4 22 300 M M 8 30 320
21 39 27 33 -12 32 0 T M M 7.2 17 350 M M 8 25 330
22 49 25 37 -9 28 0 T M M 6.1 21 280 M M 3 1 26 270
23 66 40 53 7 12 0 0.00 M M 8.5 20 260 M M 5 29 260
24 63 37 50 4 15 0 0.03 M M 8.2 20 270 M M 7 1 26 320
25 42 31 37 -10 28 0 T M M 10.7 20 320 M M 8 31 340
26 45 32 39 -8 26 0 0.05 M M 8.4 16 130 M M 10 14 25 120
27 61 40 51 4 14 0 0.00 M M 5.2 15 320 M M 9 3 20 330
28 51 42 47 -1 18 0 0.16 M M 5.8 14 320 M M 10 138 24 270
29 57 42 50 2 15 0 0.11 M M 5.8 17 320 M M 9 18 24 340
30 50 31 41 -7 24 0 0.03 M M 10.0 23 340 M M 5 1 37 360
================================================================================
SM 1665 1098 563 4 1.31 M 213.3 M 203
================================================================================
AV 55.5 36.6 7.1 FASTST M M 7 MAX(MPH)
MISC ----> # 23 190 38 160
================================================================================
NOTES:
# LAST OF SEVERAL OCCURRENCES
COLUMN 17 PEAK WIND IN M.P.H.
PRELIMINARY LOCAL CLIMATOLOGICAL DATA (WS FORM: F-6) , PAGE 2
STATION: TRAVERSE CITY MI
MONTH: APRIL
YEAR: 2021
LATITUDE: 44 44 N
LONGITUDE: 85 34 W
[TEMPERATURE DATA] [PRECIPITATION DATA] SYMBOLS USED IN COLUMN 16
AVERAGE MONTHLY: 46.1 TOTAL FOR MONTH: 1.31 1 = FOG OR MIST
DPTR FM NORMAL: 3.0 DPTR FM NORMAL: -1.47 2 = FOG REDUCING VISIBILITY
HIGHEST: 83 ON 7 GRTST 24HR 0.37 ON 10-11 TO 1/4 MILE OR LESS
LOWEST: 17 ON 2 3 = THUNDER
SNOW, ICE PELLETS, HAIL 4 = ICE PELLETS
TOTAL MONTH: M 5 = HAIL
GRTST 24HR M ON M 6 = FREEZING RAIN OR DRIZZLE
GRTST DEPTH: M ON M 7 = DUSTSTORM OR SANDSTORM:
VSBY 1/2 MILE OR LESS
8 = SMOKE OR HAZE
[NO. OF DAYS WITH] [WEATHER - DAYS WITH] 9 = BLOWING SNOW
X = TORNADO
MAX 32 OR BELOW: 0 0.01 INCH OR MORE: 13
MAX 90 OR ABOVE: 0 0.10 INCH OR MORE: 6
MIN 32 OR BELOW: 12 0.50 INCH OR MORE: 0
MIN 0 OR BELOW: 0 1.00 INCH OR MORE: 0
[HDD (BASE 65) ]
TOTAL THIS MO. 563 CLEAR (SCALE 0-3) 4
DPTR FM NORMAL -102 PTCLDY (SCALE 4-7) 16
TOTAL FM JUL 1 6111 CLOUDY (SCALE 8-10) 10
DPTR FM NORMAL -957
[CDD (BASE 65) ]
TOTAL THIS MO. 4
DPTR FM NORMAL 1 [PRESSURE DATA]
TOTAL FM JAN 1 4 HIGHEST SLP 30.55 ON 2
DPTR FM NORMAL 1 LOWEST SLP 29.33 ON 11
[REMARKS]
#FINAL-04-21#