000
CXUS55 KREV 011120
CLMTVL
CLIMATE REPORT
NATIONAL WEATHER SERVICE RENO NV
320 AM PST FRI DEC 01 2023
...................................
...THE SOUTH LAKE TAHOE CA CLIMATE SUMMARY FOR THE MONTH OF NOVEMBER 2023...
THE AVERAGE TEMPERATURE FOR NOVEMBER 2023 AT THE SOUTH LAKE TAHOE
AIRPORT WAS 36.3 DEGREES, WHICH IS 0.8 DEGREES BELOW NORMAL. THE
HIGHEST TEMPERATURE FOR NOVEMBER WAS 65 DEGREES, WHICH OCCURRED ON
THE 3RD AND 4TH. THE LOWEST TEMPERATURE FOR THE MONTH WAS 10 DEGREES, WHICH
OCCURRED ON THE 26TH.
FOR NOVEMBER 2023, 1.44 INCHES OF PRECIPITATION WERE RECORDED AT THE
SOUTH LAKE TAHOE AIRPORT. THIS IS 0.5 INCHES BELOW NORMAL FOR THE
MONTH.
THE AVERAGE WIND SPEED FOR NOVEMBER 2023 WAS 3.7 MPH. THE PEAK WIND
GUST FOR THE MONTH WAS 55 MPH FROM THE SOUTH ON THE 18TH.
CLIMATE NORMAL PERIOD 1991 TO 2020
CLIMATE RECORD PERIOD 1968 TO 2023
WEATHER OBSERVED NORMAL DEPART LAST YEAR`S
VALUE DATE(S) VALUE FROM VALUE
NORMAL
..............................................................
TEMPERATURE (F)
RECORD
HIGH 71 11/05/2020
LOW -6 11/29/1975
HIGHEST 65 11/03 70 -5
11/04
LOWEST 10 11/26 -6 16
AVG. MAXIMUM 49.8 50.9 -1.1
AVG. MINIMUM 22.9 23.3 -0.4
MEAN 36.3 37.1 -0.8
DAYS MAX >= 90 0 0.0 0.0
DAYS MAX <= 32 0 1.2 -1.2
DAYS MIN <= 32 28 27.2 0.8
DAYS MIN <= 0 0 0.5 -0.5
PRECIPITATION (INCHES)
RECORD
MAXIMUM 6.22 2017
MINIMUM 0.37 2013
TOTALS 1.44
DAILY AVG. 0.05 0.06 -0.01
DAYS >= .01 8 7.5 0.5
DAYS >= .10 3 4.4 -1.4
DAYS >= .50 1 1.0 0.0
DAYS >= 1.00 0 0.4 -0.4
GREATEST
24 HR. TOTAL 0.70 11/06 TO 11/06
STORM TOTAL 0.70
(MM/DD(HH))
DEGREE DAYS
HEATING TOTAL 824 837 -13
SINCE 7/1 1933 2034 -101
COOLING TOTAL 0 0 0
SINCE 1/1 49 28 21
..............................................................
WIND (MPH)
AVERAGE WIND SPEED 3.7
HIGHEST WIND SPEED/DIRECTION 33/190 DATE 11/18
HIGHEST GUST SPEED/DIRECTION 55/170 DATE 11/18
AVERAGE RH (PERCENT) 64
WEATHER CONDITIONS. NUMBER OF DAYS WITH
THUNDERSTORM 0 MIXED PRECIP 0
HEAVY RAIN 1 RAIN 4
LIGHT RAIN 7 FREEZING RAIN 0
LT FREEZING RAIN 0 HAIL 0
HEAVY SNOW 0 SNOW 0
LIGHT SNOW 6 SLEET 0
FOG 8 FOG W/VIS <= 1/4 MILE 0
HAZE 2
- INDICATES NEGATIVE NUMBERS.
R INDICATES RECORD WAS SET OR TIED.
MM INDICATES DATA IS MISSING.
T INDICATES TRACE AMOUNT.
$$