020
CXUS54 KJAN 011414
CF6TVR
PRELIMINARY LOCAL CLIMATOLOGICAL DATA (WS FORM: F-6)
STATION: VICKSBURG
MONTH: MAY
YEAR: 2020
LATITUDE: 32 20 N
LONGITUDE: 91 2 W
TEMPERATURE IN F: :PCPN: SNOW: WIND :SUNSHINE: SKY :PK WND
================================================================================
1 2 3 4 5 6A 6B 7 8 9 10 11 12 13 14 15 16 17 18
12Z AVG MX 2MIN
DY MAX MIN AVG DEP HDD CDD WTR SNW DPTH SPD SPD DIR MIN PSBL S-S WX SPD DR
================================================================================
1 81 54 68 -1 0 3 0.00 0.0 0 4.0 14 170 M M 0 21 160
2 83 59 71 2 0 6 0.00 0.0 0 5.6 16 170 M M 0 23 170
3 84 63 74 5 0 9 0.00 0.0 0 5.8 17 170 M M 2 18 27 170
4 85 65 75 5 0 10 0.00 0.0 0 5.8 20 170 M M 3 18 27 160
5 86 67 77 7 0 12 0.02 0.0 0 4.5 16 360 M M 2 128 23 10
6 79 55 67 -3 0 2 0.00 0.0 0 8.0 21 20 M M 0 18 30 10
7 76 53 65 -5 0 0 0.00 0.0 0 6.7 15 170 M M 0 20 160
8 70 60 65 -6 0 0 0.53 0.0 0 10.1 22 170 M M 6 13 30 180
9 69 55 62 -9 3 0 0.00 0.0 0 8.0 20 50 M M 0 26 100
10 76 49 63 -8 2 0 0.00 0.0 0 2.1 10 30 M M 0 1 14 360
11 77 56 67 -5 0 2 0.00 0.0 0 5.9 16 50 M M 0 1 22 50
12 83 59 71 -1 0 6 0.00 0.0 0 9.7 18 160 M M 1 26 130
13 83 66 75 3 0 10 T 0.0 0 7.1 17 170 M M 2 24 160
14 85 67 76 4 0 11 0.14 0.0 0 9.4 23 150 M M 3 13 32 160
15 89 68 79 6 0 14 0.15 0.0 0 6.4 16 170 M M 5 3 20 170
16 85 71 78 5 0 13 0.05 0.0 0 10.9 24 140 M M 4 18 34 140
17 84 71 78 5 0 13 0.07 0.0 0 7.5 22 180 M M 5 18 31 170
18 84 66 75 2 0 10 0.36 0.0 0 5.3 13 310 M M 3 1 24 310
19 83 63 73 -1 0 8 T 0.0 0 5.7 14 40 M M 3 19 40
20 85 68 77 3 0 12 0.00 0.0 0 5.4 10 30 M M 4 15 50
21 89 70 80 6 0 15 0.00 0.0 0 4.8 12 170 M M 5 16 170
22 91 71 81 7 0 16 0.00 0.0 0 5.8 17 180 M M 2 28 180
23 91 69 80 5 0 15 0.52 0.0 0 5.6 23 290 M M 2 138 42 280
24 90 68 79 4 0 14 T 0.0 0 6.7 15 150 M M 1 20 140
25 89 69 79 4 0 14 0.10 0.0 0 9.6 22 150 M M 2 13 30 170
26 86 73 80 5 0 15 0.31 0.0 0 4.6 13 160 M M 6 13 18 140
27 87 67 77 1 0 12 0.01 0.0 0 2.8 12 130 M M 3 138 15 120
28 82 66 74 -2 0 9 T 0.0 0 3.8 12 160 M M 1 1 19 220
29 88 68 78 2 0 13 0.00 0.0 0 2.3 9 330 M M 2 1 16 310
30 90 70 80 4 0 15 0.00 0.0 0 6.2 14 30 M M 0 19 50
31 89 65 77 0 0 12 0.00 0.0 0 4.7 14 10 M M 0 1 20 20
================================================================================
SM 2599 1991 5 291 2.26 0.0 190.8 M 67
================================================================================
AV 83.8 64.2 6.2 FASTST M M 2 MAX(MPH)
MISC ----> # 24 140 # 42 280
================================================================================
NOTES:
# LAST OF SEVERAL OCCURRENCES
COLUMN 17 PEAK WIND IN M.P.H.
PRELIMINARY LOCAL CLIMATOLOGICAL DATA (WS FORM: F-6) , PAGE 2
STATION: VICKSBURG
MONTH: MAY
YEAR: 2020
LATITUDE: 32 20 N
LONGITUDE: 91 2 W
[TEMPERATURE DATA] [PRECIPITATION DATA] SYMBOLS USED IN COLUMN 16
AVERAGE MONTHLY: 74.0 TOTAL FOR MONTH: 2.26 1 = FOG OR MIST
DPTR FM NORMAL: 1.2 DPTR FM NORMAL: -2.70 2 = FOG REDUCING VISIBILITY
HIGHEST: 91 ON 23,22 GRTST 24HR 0.53 ON 8- 8 TO 1/4 MILE OR LESS
LOWEST: 49 ON 10 3 = THUNDER
SNOW, ICE PELLETS, HAIL 4 = ICE PELLETS
TOTAL MONTH: 0.0 INCH 5 = HAIL
GRTST 24HR 0.0 6 = FREEZING RAIN OR DRIZZLE
GRTST DEPTH: 0 7 = DUSTSTORM OR SANDSTORM:
VSBY 1/2 MILE OR LESS
8 = SMOKE OR HAZE
[NO. OF DAYS WITH] [WEATHER - DAYS WITH] 9 = BLOWING SNOW
X = TORNADO
MAX 32 OR BELOW: 0 0.01 INCH OR MORE: 11
MAX 90 OR ABOVE: 4 0.10 INCH OR MORE: 7
MIN 32 OR BELOW: 0 0.50 INCH OR MORE: 2
MIN 0 OR BELOW: 0 1.00 INCH OR MORE: 0
[HDD (BASE 65) ]
TOTAL THIS MO. 5 CLEAR (SCALE 0-3) 22
DPTR FM NORMAL -5 PTCLDY (SCALE 4-7) 9
TOTAL FM JUL 1 1643 CLOUDY (SCALE 8-10) 0
DPTR FM NORMAL -708
[CDD (BASE 65) ]
TOTAL THIS MO. 291
DPTR FM NORMAL 39 [PRESSURE DATA]
TOTAL FM JAN 1 521 HIGHEST SLP M ON M
DPTR FM NORMAL 151 LOWEST SLP 29.71 ON 17
[REMARKS]
#FINAL-05-20#