000
CXUS55 KBOI 011002
CF6TWF
PRELIMINARY LOCAL CLIMATOLOGICAL DATA (WS FORM: F-6)
STATION: TWIN FALLS ID
MONTH: JUNE
YEAR: 2021
LATITUDE: 42 28 N
LONGITUDE: 114 29 W
TEMPERATURE IN F: :PCPN: SNOW: WIND :SUNSHINE: SKY :PK WND
================================================================================
1 2 3 4 5 6A 6B 7 8 9 10 11 12 13 14 15 16 17 18
12Z AVG MX 2MIN
DY MAX MIN AVG DEP HDD CDD WTR SNW DPTH SPD SPD DIR MIN PSBL S-S WX SPD DR
================================================================================
1 87 58 73 13 0 8 0.00 M M 11.9 18 290 M M 0 26 290
2 91 57 74 14 0 9 0.00 M M 9.9 16 210 M M 0 20 200
3 98 59 79 19 0 14 0.00 M M 8.1 16 230 M M 0 8 23 250
4 95 69 82 22 0 17 0.00 M M 12.5 28 180 M M 0 37 180
5 86 61 74 13 0 9 0.00 M M 15.2 23 290 M M 0 31 270
6 79 46 63 2 2 0 0.00 M M 11.3 23 260 M M 0 32 260
7 80 48 64 3 1 0 0.00 M M 8.6 21 230 M M 0 28 230
8 80 51 66 5 0 1 0.00 M M 9.7 17 280 M M 0 24 310
9 81 53 67 5 0 2 0.00 M M 11.7 20 230 M M 0 28 230
10 58 37 48 -14 17 0 0.02 M M 15.6 31 260 M M 5 43 260
11 80 34 57 -5 8 0 0.00 M M 8.7 18 70 M M 0 24 80
12 82 54 68 6 0 3 0.00 M M 9.7 18 300 M M 0 22 300
13 100 49 75 12 0 10 0.00 M M 9.6 23 170 M M 0 8 36 160
14 94 67 81 18 0 16 0.00 M M 10.9 18 270 M M 0 25 240
15 89 63 76 13 0 11 0.00 M M 11.5 23 260 M M 0 8 36 260
16 81 53 67 3 0 2 0.00 M M 10.5 24 260 M M 0 33 250
17 88 55 72 8 0 7 0.00 M M 10.3 16 210 M M 0 22 220
18 92 57 75 11 0 10 0.00 M M 8.2 15 210 M M 0 21 220
19 94 63 79 14 0 14 0.00 M M 13.2 24 310 M M 0 31 290
20 88 60 74 9 0 9 0.00 M M 17.8 30 290 M M 0 38 290
21 91 51 71 6 0 6 0.00 M M 10.5 22 90 M M 0 30 90
22 98 67 83 17 0 18 0.00 M M 13.0 44 280 M M 1 8 58 280
23 90 59 75 9 0 10 0.00 M M 10.8 21 230 M M 0 30 230
24 89 61 75 9 0 10 0.00 M M 9.9 17 220 M M 1 25 200
25 88 60 74 7 0 9 0.00 M M 11.8 21 210 M M 0 30 190
26 87 57 72 5 0 7 0.00 M M 10.5 21 90 M M 0 28 80
27 90 61 76 8 0 11 0.00 M M 12.5 23 80 M M 0 32 80
28 93 63 78 10 0 13 0.00 M M 11.3 18 70 M M 0 26 60
29 95 57 76 8 0 11 0.00 M M 9.0 18 70 M M 0 8 24 80
30 95 64 80 11 0 15 0.00 M M 10.4 17 60 M M 0 24 70
================================================================================
SM 2639 1694 28 252 0.02 M 334.6 M 7
================================================================================
AV 88.0 56.5 11.2 FASTST M M 0 MAX(MPH)
MISC ----> 44 280 58 280
================================================================================
NOTES:
# LAST OF SEVERAL OCCURRENCES
COLUMN 17 PEAK WIND IN M.P.H.
PRELIMINARY LOCAL CLIMATOLOGICAL DATA (WS FORM: F-6) , PAGE 2
STATION: TWIN FALLS ID
MONTH: JUNE
YEAR: 2021
LATITUDE: 42 28 N
LONGITUDE: 114 29 W
[TEMPERATURE DATA] [PRECIPITATION DATA] SYMBOLS USED IN COLUMN 16
AVERAGE MONTHLY: 72.2 TOTAL FOR MONTH: 0.02 1 = FOG OR MIST
DPTR FM NORMAL: 8.4 DPTR FM NORMAL: -0.97 2 = FOG REDUCING VISIBILITY
HIGHEST: 100 ON 13 GRTST 24HR 0.02 ON 10-10 TO 1/4 MILE OR LESS
LOWEST: 34 ON 11 3 = THUNDER
SNOW, ICE PELLETS, HAIL 4 = ICE PELLETS
TOTAL MONTH: M 5 = HAIL
GRTST 24HR M ON M 6 = FREEZING RAIN OR DRIZZLE
GRTST DEPTH: M ON M 7 = DUSTSTORM OR SANDSTORM:
VSBY 1/2 MILE OR LESS
8 = SMOKE OR HAZE
[NO. OF DAYS WITH] [WEATHER - DAYS WITH] 9 = BLOWING SNOW
X = TORNADO
MAX 32 OR BELOW: 0 0.01 INCH OR MORE: 1
MAX 90 OR ABOVE: 14 0.10 INCH OR MORE: 0
MIN 32 OR BELOW: 0 0.50 INCH OR MORE: 0
MIN 0 OR BELOW: 0 1.00 INCH OR MORE: 0
[HDD (BASE 65) ]
TOTAL THIS MO. 28 CLEAR (SCALE 0-3) 29
DPTR FM NORMAL -82 PTCLDY (SCALE 4-7) 1
TOTAL FM JUL 1 5888 CLOUDY (SCALE 8-10) 0
DPTR FM NORMAL -499
[CDD (BASE 65) ]
TOTAL THIS MO. 252
DPTR FM NORMAL 178 [PRESSURE DATA]
TOTAL FM JAN 1 258 HIGHEST SLP 30.19 ON 10
DPTR FM NORMAL 169 LOWEST SLP 29.51 ON 7
[REMARKS]
#FINAL-06-21#