000
CXUS54 KSHV 011300
CF6TXK
PRELIMINARY LOCAL CLIMATOLOGICAL DATA (WS FORM: F-6)
STATION: TEXARKANA
MONTH: JUNE
YEAR: 2021
LATITUDE: 33 27 N
LONGITUDE: 94 0 W
TEMPERATURE IN F: :PCPN: SNOW: WIND :SUNSHINE: SKY :PK WND
================================================================================
1 2 3 4 5 6A 6B 7 8 9 10 11 12 13 14 15 16 17 18
12Z AVG MX 2MIN
DY MAX MIN AVG DEP HDD CDD WTR SNW DPTH SPD SPD DIR MIN PSBL S-S WX SPD DR
================================================================================
1 81 68 75 -1 0 10 0.09 0.0 0 7.0 20 260 M M 7 138 27 260
2 80 65 73 -3 0 8 0.00 0.0 0 6.1 14 330 M M 6 18 330
3 84 62 73 -4 0 8 0.00 0.0 0 3.1 10 10 M M 0 12 20
4 85 65 75 -2 0 10 0.00 0.0 0 4.0 12 190 M M 0 1 15 150
5 80 70 75 -2 0 10 0.66 0.0 0 5.3 13 140 M M 7 13 17 140
6 83 70 77 0 0 12 0.79 0.0 0 4.9 13 240 M M 5 13 14 220
7 85 70 78 0 0 13 0.45 0.0 0 7.2 21 280 M M 7 138 30 260
8 90 71 81 3 0 16 0.00 0.0 0 8.1 18 230 M M 6 1 24 190
9 94 77 86 8 0 21 0.00 0.0 0 7.7 15 240 M M 5 1 30 220
10 92 79 86 8 0 21 0.00 0.0 0 8.3 16 230 M M 2 33 230
11 92 77 85 7 0 20 0.00 0.0 0 8.2 15 220 M M 5 19 240
12 93 76 85 7 0 20 0.00 0.0 0 5.6 14 220 M M 1 8 18 230
13 100 76 88 9 0 23 0.00 0.0 0 3.9 10 310 M M 1 3 13 330
14 95 76 86 7 0 21 0.00 0.0 0 3.5 9 70 M M 0 8 15 20
15 96 71 84 5 0 19 0.00 0.0 0 2.0 7 340 M M 0 18 11 10
16 97 73 85 6 0 20 0.00 0.0 0 3.0 9 170 M M 0 13 70
17 93 75 84 5 0 19 0.00 0.0 0 5.8 12 150 M M 0 8 15 180
18 93 74 84 4 0 19 0.00 0.0 0 4.6 12 150 M M 2 8 18 160
19 95 70 83 3 0 18 0.00 0.0 0 4.6 10 220 M M 1 8 13 220
20 96 77 87 7 0 22 0.00 0.0 0 9.2 17 200 M M 1 22 240
21 95 73 84 4 0 19 0.53 0.0 0 8.4 26 290 M M 3 1238 39 300
22 84 64 74 -6 0 9 0.00 0.0 0 5.4 15 80 M M 0 21 70
23 90 66 78 -2 0 13 0.00 0.0 0 5.6 10 140 M M 5 16 140
24 94 78 86 6 0 21 0.00 0.0 0 8.1 16 220 M M 3 8 19 210
25 94 79 87 7 0 22 0.00 0.0 0 9.3 15 180 M M 4 8 23 220
26 93 79 86 5 0 21 T 0.0 0 8.8 16 180 M M 4 8 20 170
27 94 76 85 4 0 20 0.03 0.0 0 7.8 14 180 M M 3 21 180
28 89 72 81 0 0 16 0.75 0.0 0 4.8 24 190 M M 4 138 30 190
29 91 72 82 1 0 17 T 0.0 0 5.0 16 150 M M 2 18 22 160
30 93 74 84 3 0 19 0.00 0.0 0 4.6 9 240 M M 1 8 12 190
================================================================================
SM 2721 2175 0 507 3.30 0.0 179.9 M 85
================================================================================
AV 90.7 72.5 6.0 FASTST M M 3 MAX(MPH)
MISC ----> 26 290 39 300
================================================================================
NOTES:
# LAST OF SEVERAL OCCURRENCES
COLUMN 17 PEAK WIND IN M.P.H.
PRELIMINARY LOCAL CLIMATOLOGICAL DATA (WS FORM: F-6) , PAGE 2
STATION: TEXARKANA
MONTH: JUNE
YEAR: 2021
LATITUDE: 33 27 N
LONGITUDE: 94 0 W
[TEMPERATURE DATA] [PRECIPITATION DATA] SYMBOLS USED IN COLUMN 16
AVERAGE MONTHLY: 81.6 TOTAL FOR MONTH: 3.30 1 = FOG OR MIST
DPTR FM NORMAL: 2.7 DPTR FM NORMAL: -0.62 2 = FOG REDUCING VISIBILITY
HIGHEST: 100 ON 13 GRTST 24HR 0.89 ON 5- 6 TO 1/4 MILE OR LESS
LOWEST: 62 ON 3 3 = THUNDER
SNOW, ICE PELLETS, HAIL 4 = ICE PELLETS
TOTAL MONTH: 0.0 INCH 5 = HAIL
GRTST 24HR 0.0 6 = FREEZING RAIN OR DRIZZLE
GRTST DEPTH: 0 7 = DUSTSTORM OR SANDSTORM:
VSBY 1/2 MILE OR LESS
8 = SMOKE OR HAZE
[NO. OF DAYS WITH] [WEATHER - DAYS WITH] 9 = BLOWING SNOW
X = TORNADO
MAX 32 OR BELOW: 0 0.01 INCH OR MORE: 7
MAX 90 OR ABOVE: 21 0.10 INCH OR MORE: 5
MIN 32 OR BELOW: 0 0.50 INCH OR MORE: 4
MIN 0 OR BELOW: 0 1.00 INCH OR MORE: 0
[HDD (BASE 65) ]
TOTAL THIS MO. 0 CLEAR (SCALE 0-3) 17
DPTR FM NORMAL 0 PTCLDY (SCALE 4-7) 13
TOTAL FM JUL 1 2288 CLOUDY (SCALE 8-10) 0
DPTR FM NORMAL -290
[CDD (BASE 65) ]
TOTAL THIS MO. 507
DPTR FM NORMAL 90 [PRESSURE DATA]
TOTAL FM JAN 1 827 HIGHEST SLP 30.12 ON 30
DPTR FM NORMAL 89 LOWEST SLP 29.70 ON 21
[REMARKS]
#FINAL-06-21#