000
CXUS54 KSHV 180922
CF6TYR
PRELIMINARY LOCAL CLIMATOLOGICAL DATA (WS FORM: F-6)
STATION: TYLER
MONTH: AUGUST
YEAR: 2022
LATITUDE: 32 22 N
LONGITUDE: 95 24 W
TEMPERATURE IN F: :PCPN: SNOW: WIND :SUNSHINE: SKY :PK WND
================================================================================
1 2 3 4 5 6A 6B 7 8 9 10 11 12 13 14 15 16 17 18
12Z AVG MX 2MIN
DY MAX MIN AVG DEP HDD CDD WTR SNW DPTH SPD SPD DIR MIN PSBL S-S WX SPD DR
================================================================================
1 99 78 89 3 0 24 0.00 0.0 0 7.8 15 160 M M 1 19 210
2 102 81 92 6 0 27 0.00 0.0 0 9.7 20 200 M M 0 24 200
3 103 80 92 6 0 27 0.00 0.0 0 10.9 20 210 M M 1 22 200
4 102 80 91 5 0 26 0.00 0.0 0 9.6 17 200 M M 0 22 200
5 104 78 91 6 0 26 0.00 0.0 0 10.0 28 150 M M 1 3 35 140
6 96 75 86 1 0 21 T 0.0 0 8.3 24 180 M M 4 3 29 140
7 101 75 88 3 0 23 0.00 0.0 0 9.0 16 200 M M 2 21 150
8 101 77 89 4 0 24 0.00 0.0 0 7.4 15 190 M M 1 19 210
9 100 77 89 4 0 24 0.02 0.0 0 8.7 31 360 M M 0 3 41 350
10 99 76 88 3 0 23 0.01 0.0 0 6.3 20 300 M M 2 3 25 310
11 97 74 86 1 0 21 0.00 0.0 0 5.8 16 50 M M 1 24 30
12 98 75 87 2 0 22 0.00 0.0 0 7.8 17 80 M M 2 22 50
13 100 75 88 3 0 23 0.00 0.0 0 8.0 15 70 M M 1 22 100
14 99 75 87 2 0 22 0.00 0.0 0 7.0 14 160 M M 3 19 160
15 101 79 90 5 0 25 0.00 0.0 0 6.3 14 170 M M 1 17 160
16 101 80 91 6 0 26 0.00 0.0 0 5.7 15 200 M M 0 19 190
17 102 80 91 7 0 26 0.49 0.0 0 8.6 41 180 M M 2 3 52 180
18 86 75 81 -3 0 16 T 0.0 0 6.8 15 40 M M 4 1 19 50
19 95 74 85 1 0 20 0.00 0.0 0 5.7 20 190 M M 5 23 190
20 93 74 84 0 0 19 0.03 0.0 0 8.0 17 140 M M 4 23 190
21 97 75 86 2 0 21 0.13 0.0 0 10.6 23 230 M M 6 13 29 220
22 79 73 76 -8 0 11 2.35 0.0 0 6.7 22 170 M M 10 13 32 240
23 83 73 78 -6 0 13 0.02 0.0 0 3.0 10 320 M M 9 18 12 220
24 85 74 80 -4 0 15 0.00 0.0 0 6.4 14 40 M M 7 18 17 40
25 86 72 79 -4 0 14 T 0.0 0 5.5 12 50 M M 8 18 17 30
26 94 74 84 1 0 19 0.00 0.0 0 5.7 14 60 M M 4 17 60
27 94 76 85 2 0 20 T 0.0 0 6.6 14 110 M M 2 23 150
28 96 77 87 4 0 22 0.00 0.0 0 10.6 20 160 M M 2 24 190
29 93 76 85 3 0 20 T 0.0 0 8.6 23 120 M M 4 26 110
30 83 74 79 -3 0 14 0.50 0.0 0 4.9 13 200 M M 6 13 16 160
31 94 73 84 2 0 19 0.22 0.0 0 2.6 24 170 M M 4 3 30 170
================================================================================
SM 2963 2355 0 653 3.77 0.0 228.6 M 97
================================================================================
AV 95.6 76.0 7.4 FASTST M M 3 MAX(MPH)
MISC ----> 41 180 52 180
================================================================================
NOTES:
# LAST OF SEVERAL OCCURRENCES
COLUMN 17 PEAK WIND IN M.P.H.
PRELIMINARY LOCAL CLIMATOLOGICAL DATA (WS FORM: F-6) , PAGE 2
STATION: TYLER
MONTH: AUGUST
YEAR: 2022
LATITUDE: 32 22 N
LONGITUDE: 95 24 W
[TEMPERATURE DATA] [PRECIPITATION DATA] SYMBOLS USED IN COLUMN 16
AVERAGE MONTHLY: 85.8 TOTAL FOR MONTH: 3.77 1 = FOG OR MIST
DPTR FM NORMAL: 1.5 DPTR FM NORMAL: 1.16 2 = FOG REDUCING VISIBILITY
HIGHEST: 104 ON 5 GRTST 24HR 2.35 ON 22-22 TO 1/4 MILE OR LESS
LOWEST: 72 ON 25 3 = THUNDER
SNOW, ICE PELLETS, HAIL 4 = ICE PELLETS
TOTAL MONTH: 0.0 INCH 5 = HAIL
GRTST 24HR 0.0 6 = FREEZING RAIN OR DRIZZLE
GRTST DEPTH: 0 7 = DUSTSTORM OR SANDSTORM:
VSBY 1/2 MILE OR LESS
8 = SMOKE OR HAZE
[NO. OF DAYS WITH] [WEATHER - DAYS WITH] 9 = BLOWING SNOW
X = TORNADO
MAX 32 OR BELOW: 0 0.01 INCH OR MORE: 9
MAX 90 OR ABOVE: 25 0.10 INCH OR MORE: 5
MIN 32 OR BELOW: 0 0.50 INCH OR MORE: 2
MIN 0 OR BELOW: 0 1.00 INCH OR MORE: 1
[HDD (BASE 65) ]
TOTAL THIS MO. 0 CLEAR (SCALE 0-3) 18
DPTR FM NORMAL 0 PTCLDY (SCALE 4-7) 11
TOTAL FM JUL 1 0 CLOUDY (SCALE 8-10) 2
DPTR FM NORMAL 0
[CDD (BASE 65) ]
TOTAL THIS MO. 653
DPTR FM NORMAL 53 [PRESSURE DATA]
TOTAL FM JAN 1 2616 HIGHEST SLP 30.13 ON 7
DPTR FM NORMAL 510 LOWEST SLP 29.77 ON 28
[REMARKS]
#FINAL-08-22#