000
CXUS54 KEWX 011110
CF6UVA
PRELIMINARY LOCAL CLIMATOLOGICAL DATA (WS FORM: F-6)
STATION: UVALDE
MONTH: DECEMBER
YEAR: 2021
LATITUDE: 29 12 N
LONGITUDE: 99 44 W
TEMPERATURE IN F: :PCPN: SNOW: WIND :SUNSHINE: SKY :PK WND
================================================================================
1 2 3 4 5 6A 6B 7 8 9 10 11 12 13 14 15 16 17 18
12Z AVG MX 2MIN
DY MAX MIN AVG DEP HDD CDD WTR SNW DPTH SPD SPD DIR MIN PSBL S-S WX SPD DR
================================================================================
1 73 50 62 M 3 0 0.00 M M 3.5 7 60 M M 2 1 M M
2 80 53 67 M 0 2 0.00 M M 4.7 10 140 M M 0 1 M M
3 83 60 72 M 0 7 0.00 M M 4.4 12 120 M M 3 1 M M
4 75 60 68 M 0 3 0.00 M M 4.4 8 60 M M 4 12 M M
5 73 63 68 M 0 3 0.00 M M 4.7 8 130 M M 6 1 M M
6 65 51 58 M 7 0 0.02 M M 7.3 20 360 M M 2 1 26 360
7 69 44 57 M 8 0 0.00 M M 3.4 7 210 M M 0 M M
8 79 42 61 M 4 0 0.00 M M 2.4 7 160 M M 0 M M
9 81 56 69 M 0 4 0.00 M M 3.6 7 60 M M 5 1 M M
10 83 61 72 M 0 7 0.00 M M 5.1 9 30 M M 4 1 M M
11 73 37 55 M 10 0 0.00 M M 11.2 23 20 M M 5 33 10
12 63 32 48 M 17 0 0.00 M M 4.2 9 100 M M 0 M M
13 66 39 53 M 12 0 0.00 M M 3.6 7 90 M M 7 M M
14 77 58 68 M 0 3 0.00 M M 5.8 13 150 M M 9 17 150
15 82 67 75 M 0 10 0.00 M M 10.1 17 160 M M 8 27 160
16 75 65 70 M 0 5 0.00 M M 5.0 10 120 M M 7 16 120
17 78 66 72 M 0 7 0.00 M M 9.4 16 150 M M 7 22 150
18 74 49 62 M 3 0 0.00 M M 8.0 22 20 M M 5 1 31 350
19 50 41 46 M 19 0 0.00 M M 4.7 9 330 M M 10 M M
20 61 35 48 M 17 0 0.00 M M 1.8 6 190 M M 3 8 M M
21 69 36 53 M 12 0 0.00 M M 3.5 7 250 M M 0 1 M M
22 80 42 61 M 4 0 0.00 M M 3.1 8 250 M M 0 M M
23 76 45 61 M 4 0 0.00 M M 5.8 10 160 M M 3 1 M M
24 77 56 67 M 0 2 0.00 M M 6.0 10 120 M M 5 M M
25 80 57 69 M 0 4 0.00 M M 4.5 7 80 M M 4 1 M M
26 75 59 67 M 0 2 0.00 M M 6.0 8 130 M M 5 12 M M
27 66 54 60 M 5 0 0.00 M M 4.2 7 110 M M 7 12 M M
28 71 51 61 M 4 0 0.00 M M 5.0 13 120 M M 7 12 M M
29 84 56 70 M 0 5 0.00 M M 4.6 10 300 M M 4 12 20 300
30 84 56 70 M 0 5 0.00 M M 3.8 9 210 M M 1 8 16 210
31 81 59 70 M 0 5 0.00 M M 6.5 13 120 M M 4 12 18 150
================================================================================
SM 2303 1600 129 74 0.02 M 160.2 M 127
================================================================================
AV 74.3 51.6 5.2 FASTST M M 4 MAX(MPH)
MISC ----> 23 20 33 10
================================================================================
NOTES:
# LAST OF SEVERAL OCCURRENCES
COLUMN 17 PEAK WIND IN M.P.H.
PRELIMINARY LOCAL CLIMATOLOGICAL DATA (WS FORM: F-6) , PAGE 2
STATION: UVALDE
MONTH: DECEMBER
YEAR: 2021
LATITUDE: 29 12 N
LONGITUDE: 99 44 W
[TEMPERATURE DATA] [PRECIPITATION DATA] SYMBOLS USED IN COLUMN 16
AVERAGE MONTHLY: 63.0 TOTAL FOR MONTH: 0.02 1 = FOG OR MIST
DPTR FM NORMAL: 0.0 DPTR FM NORMAL: M 2 = FOG REDUCING VISIBILITY
HIGHEST: 84 ON 30,29 GRTST 24HR 0.02 ON 6- 6 TO 1/4 MILE OR LESS
LOWEST: 32 ON 12 3 = THUNDER
SNOW, ICE PELLETS, HAIL 4 = ICE PELLETS
TOTAL MONTH: M 5 = HAIL
GRTST 24HR M ON M 6 = FREEZING RAIN OR DRIZZLE
GRTST DEPTH: M ON M 7 = DUSTSTORM OR SANDSTORM:
VSBY 1/2 MILE OR LESS
8 = SMOKE OR HAZE
[NO. OF DAYS WITH] [WEATHER - DAYS WITH] 9 = BLOWING SNOW
X = TORNADO
MAX 32 OR BELOW: 0 0.01 INCH OR MORE: 1
MAX 90 OR ABOVE: 0 0.10 INCH OR MORE: 0
MIN 32 OR BELOW: 1 0.50 INCH OR MORE: 0
MIN 0 OR BELOW: 0 1.00 INCH OR MORE: 0
[HDD (BASE 65) ]
TOTAL THIS MO. 129 CLEAR (SCALE 0-3) 11
DPTR FM NORMAL M PTCLDY (SCALE 4-7) 18
TOTAL FM JUL 1 271 CLOUDY (SCALE 8-10) 2
DPTR FM NORMAL M
[CDD (BASE 65) ]
TOTAL THIS MO. 74
DPTR FM NORMAL M [PRESSURE DATA]
TOTAL FM JAN 1 3070 HIGHEST SLP M ON M
DPTR FM NORMAL M LOWEST SLP M ON M
[REMARKS]
#FINAL-12-21#