000
CXUS56 KSTO 102242
CF6VCB
PRELIMINARY LOCAL CLIMATOLOGICAL DATA (WS FORM: F-6)
STATION: VACAVILLE
MONTH: JULY
YEAR: 2021
LATITUDE: 38 22 N
LONGITUDE: 121-58 E
TEMPERATURE IN F: :PCPN: SNOW: WIND :SUNSHINE: SKY :PK WND
================================================================================
1 2 3 4 5 6A 6B 7 8 9 10 11 12 13 14 15 16 17 18
12Z AVG MX 2MIN
DY MAX MIN AVG DEP HDD CDD WTR SNW DPTH SPD SPD DIR MIN PSBL S-S WX SPD DR
================================================================================
1 89 61 75 -1 0 10 0.00 M M 10.1 16 200 M M 0 23 190
2 94 59 77 1 0 12 0.00 M M 8.3 16 220 M M 0 21 210
3 96 59 78 2 0 13 0.00 M M 8.5 17 220 M M 0 23 200
4 95 63 79 2 0 14 0.00 M M 8.8 20 220 M M 0 26 220
5 96 58 77 0 0 12 0.00 0.0 M 7.8 17 220 M M 0 25 220
6 98 56 77 0 0 12 0.00 0.0 M 7.1 18 220 M M 0 25 220
7 96 56 76 -1 0 11 0.00 M M 8.1 15 220 M M 0 18 220
8 103 57 80 3 0 15 0.00 0.0 M 4.9 12 190 M M 0 17 200
9 112 64 88 11 0 23 0.00 0.0 M 5.5 14 220 M M 0 20 240
10 115 69 92 15 0 27 0.00 0.0 M 5.0 17 260 M M 0 18 240
11 105 64 85 8 0 20 0.00 0.0 M 8.4 15 240 M M 0 21 210
12 95 58 77 0 0 12 0.00 0.0 M 8.2 16 220 M M 0 21 220
13 87 57 72 -5 0 7 0.00 M M 10.4 18 210 M M 0 25 210
14 89 56 73 -4 0 8 0.00 M M 10.8 20 220 M M 0 26 200
15 87 57 72 -5 0 7 0.00 0.0 M 10.1 15 220 M M 0 24 210
16 91 55 73 -4 0 8 0.00 M M 6.6 15 220 M M 0 19 220
17 98 57 78 1 0 13 0.00 0.0 M 5.4 13 190 M M 0 17 200
18 101 59 80 3 0 15 0.00 0.0 M 5.8 15 210 M M 0 22 220
19 98 65 82 5 0 17 0.00 0.0 M 7.9 16 230 M M 0 23 210
20 96 60 78 1 0 13 0.00 0.0 M 8.3 17 220 M M 0 24 220
21 98 57 78 1 0 13 0.00 M M 6.8 14 190 M M 0 19 220
22 96 57 77 0 0 12 0.00 M M 6.5 16 190 M M 0 8 21 180
23 100 57 79 2 0 14 0.00 0.0 M 5.8 15 180 M M 0 20 180
24 101 62 82 5 0 17 0.00 0.0 M 6.3 15 220 M M 0 20 220
25 102 62 82 5 0 17 0.00 0.0 M 7.8 17 230 M M 0 24 240
26 85 63 74 -3 0 9 0.00 0.0 M 11.3 24 220 M M 0 33 220
27 97 67 82 5 0 17 0.00 0.0 M 6.0 16 360 M M 0 22 30
28 106 63 85 8 0 20 0.00 M M 5.0 17 250 M M 0 21 250
29 105 64 85 8 0 20 0.00 M M 5.4 15 240 M M 0 20 230
30 107 66 87 10 0 22 0.00 M M 6.3 16 270 M M 0 8 20 230
31 98 65 82 5 0 17 0.00 M M 8.4 17 220 M M 0 24 220
================================================================================
SM 3036 1873 0 447 0.00 0.0 231.6 M 0
================================================================================
AV 97.9 60.4 7.5 FASTST M M 0 MAX(MPH)
MISC ----> 24 220 33 220
================================================================================
NOTES:
# LAST OF SEVERAL OCCURRENCES
COLUMN 17 PEAK WIND IN M.P.H.
PRELIMINARY LOCAL CLIMATOLOGICAL DATA (WS FORM: F-6) , PAGE 2
STATION: VACAVILLE
MONTH: JULY
YEAR: 2021
LATITUDE: 38 22 N
LONGITUDE: 121-58 E
[TEMPERATURE DATA] [PRECIPITATION DATA] SYMBOLS USED IN COLUMN 16
AVERAGE MONTHLY: 79.2 TOTAL FOR MONTH: 0.00 1 = FOG OR MIST
DPTR FM NORMAL: 2.2 DPTR FM NORMAL: -0.01 2 = FOG REDUCING VISIBILITY
HIGHEST: 115 ON 10 GRTST 24HR 0.00 ON 1- 1 TO 1/4 MILE OR LESS
LOWEST: 55 ON 16 3 = THUNDER
SNOW, ICE PELLETS, HAIL 4 = ICE PELLETS
TOTAL MONTH: 0.0 INCH 5 = HAIL
GRTST 24HR 0.0 6 = FREEZING RAIN OR DRIZZLE
GRTST DEPTH: M ON M 7 = DUSTSTORM OR SANDSTORM:
VSBY 1/2 MILE OR LESS
8 = SMOKE OR HAZE
[NO. OF DAYS WITH] [WEATHER - DAYS WITH] 9 = BLOWING SNOW
X = TORNADO
MAX 32 OR BELOW: 0 0.01 INCH OR MORE: 0
MAX 90 OR ABOVE: 26 0.10 INCH OR MORE: 0
MIN 32 OR BELOW: 0 0.50 INCH OR MORE: 0
MIN 0 OR BELOW: 0 1.00 INCH OR MORE: 0
[HDD (BASE 65) ]
TOTAL THIS MO. 0 CLEAR (SCALE 0-3) 31
DPTR FM NORMAL 0 PTCLDY (SCALE 4-7) 0
TOTAL FM JUL 1 0 CLOUDY (SCALE 8-10) 0
DPTR FM NORMAL 0
[CDD (BASE 65) ]
TOTAL THIS MO. 447
DPTR FM NORMAL 75 [PRESSURE DATA]
TOTAL FM JAN 1 968 HIGHEST SLP 30.01 ON 27
DPTR FM NORMAL 231 LOWEST SLP 29.70 ON 11
[REMARKS]
#FINAL-07-21#