000
CXUS56 KSTO 011300
CF6VCB
PRELIMINARY LOCAL CLIMATOLOGICAL DATA (WS FORM: F-6)
STATION: VACAVILLE
MONTH: AUGUST
YEAR: 2023
LATITUDE: 38 22 N
LONGITUDE: 121-58 E
TEMPERATURE IN F: :PCPN: SNOW: WIND :SUNSHINE: SKY :PK WND
================================================================================
1 2 3 4 5 6A 6B 7 8 9 10 11 12 13 14 15 16 17 18
12Z AVG MX 2MIN
DY MAX MIN AVG DEP HDD CDD WTR SNW DPTH SPD SPD DIR MIN PSBL S-S WX SPD DR
================================================================================
1 90 59 75 -2 0 10 0.00 M M 7.5 16 210 M M 0 27 210
2 88 59 74 -2 0 9 0.00 M M 9.2 16 220 M M 0 24 220
3 86 57 72 -4 0 7 0.00 M M 7.6 15 180 M M 0 22 210
4 97 56 77 1 0 12 0.00 M M 4.6 14 220 M M 0 20 220
5 101 60 81 5 0 16 0.00 M M 4.6 17 240 M M 0 21 270
6 105 61 83 7 0 18 0.00 M M 3.5 13 130 M M 0 20 140
7 105 63 84 8 0 19 0.00 0.0 M 6.2 17 260 M M 0 23 240
8 87 62 75 -1 0 10 0.00 M M 10.8 18 220 M M 0 27 230
9 89 59 74 -2 0 9 0.00 M M 6.8 17 220 M M 0 23 210
10 89 60 75 -1 0 10 0.00 M M 6.4 15 210 M M 0 23 190
11 90 61 76 0 0 11 0.00 M M 6.1 14 180 M M 0 19 180
12 97 61 79 3 0 14 0.00 M M 4.5 14 210 M M 0 19 220
13 100 65 83 7 0 18 0.00 M M 4.4 18 170 M M 0 30 180
14 100 71 86 10 0 21 0.00 M M 3.6 14 50 M M 0 18 70
15 103 68 86 10 0 21 0.01 M M 3.7 12 160 M M 0 14 180
16 105 69 87 11 0 22 0.00 M M 4.6 13 220 M M 0 18 220
17 104 69 87 11 0 22 0.00 M M 5.7 15 230 M M 0 19 220
18 93 67 80 4 0 15 0.00 M M 7.2 16 230 M M 0 22 210
19 95 63 79 3 0 14 0.00 M M 6.7 22 220 M M 0 29 220
20 98 69 84 8 0 19 T M M 4.5 13 70 M M 2 17 70
21 81 67 74 -2 0 9 0.01 M M 10.2 24 230 M M 4 31 250
22 91 60 76 0 0 11 0.00 M M 3.8 13 220 M M 1 17 240
23 98 61 80 4 0 15 0.00 M M 2.9 12 40 M M 0 16 350
24 96 65 81 5 0 16 0.00 M M 6.6 18 260 M M 0 24 250
25 94 62 78 2 0 13 0.00 M M 6.8 14 220 M M 0 19 210
26 94 52 73 -3 0 8 0.00 M M 4.6 12 240 M M 0 16 270
27 95 52 74 -1 0 9 0.00 M M 2.9 9 200 M M 0 13 200
28 98 53 76 1 0 11 0.00 0.0 M 3.3 13 210 M M 0 16 220
29 97 60 79 4 0 14 0.00 0.0 M 4.0 13 30 M M 0 18 40
30 101 56 79 4 0 14 0.00 M M 5.3 17 30 M M 0 8 22 30
31 92 55 74 -1 0 9 0.00 M M 7.8 24 220 M M 0 31 230
================================================================================
SM 2959 1902 0 426 0.02 0.0 176.4 M 7
================================================================================
AV 95.5 61.4 5.7 FASTST M M 0 MAX(MPH)
MISC ----> # 24 230 # 31 250
================================================================================
NOTES:
# LAST OF SEVERAL OCCURRENCES
COLUMN 17 PEAK WIND IN M.P.H.
PRELIMINARY LOCAL CLIMATOLOGICAL DATA (WS FORM: F-6) , PAGE 2
STATION: VACAVILLE
MONTH: AUGUST
YEAR: 2023
LATITUDE: 38 22 N
LONGITUDE: 121-58 E
[TEMPERATURE DATA] [PRECIPITATION DATA] SYMBOLS USED IN COLUMN 16
AVERAGE MONTHLY: 78.4 TOTAL FOR MONTH: 0.02 1 = FOG OR MIST
DPTR FM NORMAL: 2.5 DPTR FM NORMAL: 0.00 2 = FOG REDUCING VISIBILITY
HIGHEST: 105 ON 16, 7 GRTST 24HR 0.01 ON 15-15 TO 1/4 MILE OR LESS
LOWEST: 52 ON 27,26 3 = THUNDER
SNOW, ICE PELLETS, HAIL 4 = ICE PELLETS
TOTAL MONTH: 0.0 INCH 5 = HAIL
GRTST 24HR 0.0 6 = FREEZING RAIN OR DRIZZLE
GRTST DEPTH: M ON M 7 = DUSTSTORM OR SANDSTORM:
VSBY 1/2 MILE OR LESS
8 = SMOKE OR HAZE
[NO. OF DAYS WITH] [WEATHER - DAYS WITH] 9 = BLOWING SNOW
X = TORNADO
MAX 32 OR BELOW: 0 0.01 INCH OR MORE: 2
MAX 90 OR ABOVE: 25 0.10 INCH OR MORE: 0
MIN 32 OR BELOW: 0 0.50 INCH OR MORE: 0
MIN 0 OR BELOW: 0 1.00 INCH OR MORE: 0
[HDD (BASE 65) ]
TOTAL THIS MO. 0 CLEAR (SCALE 0-3) 30
DPTR FM NORMAL 0 PTCLDY (SCALE 4-7) 1
TOTAL FM JUL 1 0 CLOUDY (SCALE 8-10) 0
DPTR FM NORMAL 0
[CDD (BASE 65) ]
TOTAL THIS MO. 426
DPTR FM NORMAL 90 [PRESSURE DATA]
TOTAL FM JAN 1 1105 HIGHEST SLP 30.05 ON 3
DPTR FM NORMAL 32 LOWEST SLP 29.57 ON 20
[REMARKS]
#FINAL-08-23#