000
CXUS54 KCRP 011310
CF6VCT
PRELIMINARY LOCAL CLIMATOLOGICAL DATA (WS FORM: F-6)
STATION: VICTORIA
MONTH: FEBRUARY
YEAR: 2024
LATITUDE: 28 51 N
LONGITUDE: 96 55 W
TEMPERATURE IN F: :PCPN: SNOW: WIND :SUNSHINE: SKY :PK WND
================================================================================
1 2 3 4 5 6A 6B 7 8 9 10 11 12 13 14 15 16 17 18
12Z AVG MX 2MIN
DY MAX MIN AVG DEP HDD CDD WTR SNW DPTH SPD SPD DIR MIN PSBL S-S WX SPD DR
================================================================================
1 74 50 62 6 3 0 0.00 0.0 0 7.2 20 150 M M 1 1 36 150
2 73 54 64 8 1 0 0.06 0.0 0 11.9 29 130 M M 9 123 37 120
3 75 57 66 10 0 1 2.68 0.0 0 7.5 35 330 M M 5 13 53 320
4 73 51 62 6 3 0 0.00 0.0 0 15.6 35 290 M M 1 55 300
5 63 48 56 0 9 0 0.00 0.0 0 14.0 26 350 M M 3 51 340
6 71 42 57 0 8 0 0.00 0.0 0 4.2 9 150 M M 0 18 12 150
7 72 43 58 1 7 0 0.00 0.0 0 13.0 30 150 M M 5 12 38 140
8 76 60 68 11 0 3 T 0.0 0 8.3 20 160 M M 9 18 25 150
9 79 59 69 12 0 4 0.00 0.0 0 10.1 22 160 M M 8 1 28 170
10 74 67 71 14 0 6 T 0.0 0 11.0 23 190 M M 10 12 31 180
11 77 51 64 6 1 0 0.01 0.0 0 13.6 25 330 M M 5 18 36 330
12 63 44 54 -4 11 0 0.00 0.0 0 12.4 29 310 M M 0 38 310
13 68 40 54 -4 11 0 0.00 0.0 0 5.1 16 130 M M 0 20 140
14 69 45 57 -1 8 0 0.00 0.0 0 8.9 17 120 M M 5 24 140
15 77 58 68 10 0 3 0.00 0.0 0 6.6 16 170 M M 7 23 130
16 66 60 63 4 2 0 0.41 0.0 0 6.7 18 360 M M 8 1 23 360
17 61 36 49 -10 16 0 0.00 0.0 0 17.1 29 10 M M 4 1 43 10
18 57 36 47 -12 18 0 0.00 0.0 0 7.0 15 350 M M 1 20 350
19 68 37 53 -6 12 0 0.00 0.0 0 6.2 16 150 M M 0 20 150
20 79 45 62 2 3 0 0.00 0.0 0 7.8 18 170 M M 2 12 25 160
21 78 54 66 6 0 1 0.00 0.0 0 13.0 26 170 M M 5 12 37 170
22 81 61 71 11 0 6 0.00 0.0 0 8.8 22 180 M M 6 18 31 190
23 79 50 65 5 0 0 0.00 0.0 0 9.4 20 10 M M 0 1 26 10
24 80 48 64 4 1 0 0.00 0.0 0 7.5 18 170 M M 0 23 160
25 80 51 66 6 0 1 0.00 0.0 0 12.1 23 180 M M 0 1 32 180
26 83 63 73 12 0 8 0.00 0.0 0 12.3 23 180 M M 6 18 31 180
27 82 67 75 14 0 10 0.00 0.0 0 15.1 28 190 M M 7 18 37 190
28 70 51 61 0 4 0 0.00 0.0 0 15.0 29 20 M M 5 18 40 20
29 54 49 52 -9 13 0 T 0.0 0 11.3 17 20 M M 10 26 20
================================================================================
SM 2102 1477 131 43 3.16 0.0 298.7 M 122
================================================================================
AV 72.5 50.9 10.3 FASTST M M 4 MAX(MPH)
MISC ----> # 35 330 55 300
================================================================================
NOTES:
# LAST OF SEVERAL OCCURRENCES
COLUMN 17 PEAK WIND IN M.P.H.
PRELIMINARY LOCAL CLIMATOLOGICAL DATA (WS FORM: F-6) , PAGE 2
STATION: VICTORIA
MONTH: FEBRUARY
YEAR: 2024
LATITUDE: 28 51 N
LONGITUDE: 96 55 W
[TEMPERATURE DATA] [PRECIPITATION DATA] SYMBOLS USED IN COLUMN 16
AVERAGE MONTHLY: 61.7 TOTAL FOR MONTH: 3.16 1 = FOG OR MIST
DPTR FM NORMAL: 3.3 DPTR FM NORMAL: 1.20 2 = FOG REDUCING VISIBILITY
HIGHEST: 83 ON 26 GRTST 24HR 2.74 ON 2- 3 TO 1/4 MILE OR LESS
LOWEST: 36 ON 18,17 3 = THUNDER
SNOW, ICE PELLETS, HAIL 4 = ICE PELLETS
TOTAL MONTH: 0.0 INCH 5 = HAIL
GRTST 24HR 0.0 6 = FREEZING RAIN OR DRIZZLE
GRTST DEPTH: 0 7 = DUSTSTORM OR SANDSTORM:
VSBY 1/2 MILE OR LESS
8 = SMOKE OR HAZE
[NO. OF DAYS WITH] [WEATHER - DAYS WITH] 9 = BLOWING SNOW
X = TORNADO
MAX 32 OR BELOW: 0 0.01 INCH OR MORE: 4
MAX 90 OR ABOVE: 0 0.10 INCH OR MORE: 2
MIN 32 OR BELOW: 0 0.50 INCH OR MORE: 1
MIN 0 OR BELOW: 0 1.00 INCH OR MORE: 1
[HDD (BASE 65) ]
TOTAL THIS MO. 131 CLEAR (SCALE 0-3) 11
DPTR FM NORMAL -88 PTCLDY (SCALE 4-7) 14
TOTAL FM JUL 1 909 CLOUDY (SCALE 8-10) 4
DPTR FM NORMAL -135
[CDD (BASE 65) ]
TOTAL THIS MO. 43
DPTR FM NORMAL 9 [PRESSURE DATA]
TOTAL FM JAN 1 45 HIGHEST SLP 30.35 ON 18
DPTR FM NORMAL -6 LOWEST SLP 29.55 ON 3
[REMARKS]
#FINAL-02-24#