000
CXUS55 KVEF 010910
CF6VGT
PRELIMINARY LOCAL CLIMATOLOGICAL DATA (WS FORM: F-6)
STATION: NORTH_LAS_VEGAS NV
MONTH: DECEMBER
YEAR: 2020
LATITUDE: 36 12 N
LONGITUDE: 115 12 W
TEMPERATURE IN F: :PCPN: SNOW: WIND :SUNSHINE: SKY :PK WND
================================================================================
1 2 3 4 5 6A 6B 7 8 9 10 11 12 13 14 15 16 17 18
12Z AVG MX 2MIN
DY MAX MIN AVG DEP HDD CDD WTR SNW DPTH SPD SPD DIR MIN PSBL S-S WX SPD DR
================================================================================
1 67 43 55 5 10 0 0.00 M M 4.3 13 80 M M 0 16 360
2 60 38 49 -1 16 0 0.00 M M 8.4 28 40 M M 0 37 50
3 58 37 48 -1 17 0 0.00 M M 7.1 16 360 M M 0 23 330
4 61 32 47 -2 18 0 0.00 M M 4.0 10 270 M M 0 11 280
5 64 34 49 1 16 0 0.00 M M 3.0 12 290 M M 0 12 290
6 61 36 49 1 16 0 0.00 M M 3.2 13 320 M M 0 8 15 320
7 73 47 60 12 5 0 0.00 M M 4.4 13 330 M M 0 17 340
8 71 40 56 8 9 0 0.00 M M 4.4 13 340 M M 0 16 340
9 67 39 53 6 12 0 0.00 M M 4.0 9 320 M M 0 12 130
10 65 42 54 7 11 0 0.00 M M 3.8 9 280 M M 0 10 310
11 56 38 47 0 18 0 0.00 M M 3.5 10 300 M M 0 12 310
12 61 37 49 2 16 0 0.00 M M 8.1 25 340 M M 1 33 340
13 49 32 41 -5 24 0 0.00 M M 4.5 10 120 M M 1 13 130
14 59 39 49 3 16 0 0.00 M M 11.3 28 320 M M 3 37 340
15 56 41 49 3 16 0 0.00 M M 10.2 22 340 M M 0 32 320
16 58 35 47 1 18 0 0.00 M M 3.4 12 300 M M 0 12 320
17 62 39 51 5 14 0 0.11 M M 6.7 33 320 M M 1 42 320
18 58 44 51 5 14 0 0.00 M M 13.9 26 310 M M 1 35 310
19 58 37 48 2 17 0 0.00 M M 4.7 14 310 M M 0 17 310
20 63 36 50 4 15 0 0.00 M M 3.0 9 300 M M 0 11 280
21 68 41 55 9 10 0 0.00 M M 3.6 9 280 M M 0 11 350
22 73 43 58 12 7 0 0.00 M M 9.1 22 340 M M 0 28 350
23 56 37 47 1 18 0 0.00 M M 8.8 22 330 M M 0 27 330
24 51 33 42 -4 23 0 0.00 M M 2.8 9 360 M M 0 11 360
25 59 34 47 1 18 0 0.00 M M 3.9 9 310 M M 1 11 110
26 58 34 46 0 19 0 0.00 M M 3.6 13 280 M M 0 13 280
27 57 43 50 4 15 0 0.00 M M 4.9 12 320 M M 4 15 320
28 51 39 45 -1 20 0 T M M 4.6 16 320 M M 4 18 320
29 56 42 49 3 16 0 0.00 M M 13.7 24 330 M M 3 32 310
30 56 38 47 1 18 0 0.00 M M 6.4 21 330 M M 0 28 330
31 54 39 47 1 18 0 T M M 8.3 26 330 M M 4 35 330
================================================================================
SM 1866 1189 480 0 0.11 M 185.6 M 23
================================================================================
AV 60.2 38.4 6.0 FASTST M M 1 MAX(MPH)
MISC ----> 33 320 42 320
================================================================================
NOTES:
# LAST OF SEVERAL OCCURRENCES
COLUMN 17 PEAK WIND IN M.P.H.
PRELIMINARY LOCAL CLIMATOLOGICAL DATA (WS FORM: F-6) , PAGE 2
STATION: NORTH_LAS_VEGAS NV
MONTH: DECEMBER
YEAR: 2020
LATITUDE: 36 12 N
LONGITUDE: 115 12 W
[TEMPERATURE DATA] [PRECIPITATION DATA] SYMBOLS USED IN COLUMN 16
AVERAGE MONTHLY: 49.3 TOTAL FOR MONTH: 0.11 1 = FOG OR MIST
DPTR FM NORMAL: 2.6 DPTR FM NORMAL: -0.46 2 = FOG REDUCING VISIBILITY
HIGHEST: 73 ON 22, 7 GRTST 24HR 0.11 ON 17-17 TO 1/4 MILE OR LESS
LOWEST: 32 ON 13, 4 3 = THUNDER
SNOW, ICE PELLETS, HAIL 4 = ICE PELLETS
TOTAL MONTH: M 5 = HAIL
GRTST 24HR M ON M 6 = FREEZING RAIN OR DRIZZLE
GRTST DEPTH: M ON M 7 = DUSTSTORM OR SANDSTORM:
VSBY 1/2 MILE OR LESS
8 = SMOKE OR HAZE
[NO. OF DAYS WITH] [WEATHER - DAYS WITH] 9 = BLOWING SNOW
X = TORNADO
MAX 32 OR BELOW: 0 0.01 INCH OR MORE: 1
MAX 90 OR ABOVE: 0 0.10 INCH OR MORE: 1
MIN 32 OR BELOW: 2 0.50 INCH OR MORE: 0
MIN 0 OR BELOW: 0 1.00 INCH OR MORE: 0
[HDD (BASE 65) ]
TOTAL THIS MO. 480 CLEAR (SCALE 0-3) 27
DPTR FM NORMAL -87 PTCLDY (SCALE 4-7) 4
TOTAL FM JUL 1 720 CLOUDY (SCALE 8-10) 0
DPTR FM NORMAL -155
[CDD (BASE 65) ]
TOTAL THIS MO. 0
DPTR FM NORMAL 0 [PRESSURE DATA]
TOTAL FM JAN 1 4313 HIGHEST SLP M ON M
DPTR FM NORMAL 1019 LOWEST SLP 29.77 ON 17
[REMARKS]
#FINAL-12-20#