000
CXUS53 KSGF 011312 CCA
CF6VIH
PRELIMINARY LOCAL CLIMATOLOGICAL DATA (WS FORM: F-6)
STATION: VICHY-ROLLA MO
MONTH: MAY
YEAR: 2022
LATITUDE: 38 7 N
LONGITUDE: 91 46 W
TEMPERATURE IN F: :PCPN: SNOW: WIND :SUNSHINE: SKY :PK WND
================================================================================
1 2 3 4 5 6A 6B 7 8 9 10 11 12 13 14 15 16 17 18
12Z AVG MX 2MIN
DY MAX MIN AVG DEP HDD CDD WTR SNW DPTH SPD SPD DIR MIN PSBL S-S WX SPD DR
================================================================================
1 70 47 59 -1 6 0 0.00 M M 12.4 23 280 M M 0 34 280
2 59 47 53 -8 12 0 0.51 M M 10.7 20 110 M M 5 13 28 110
3 63 49 56 -5 9 0 0.02 M M 10.3 21 270 M M 9 1 27 280
4 54 49 52 -9 13 0 M M M 8.1 20 140 M M 10 13 26 140
5 61 51 56 -6 9 0 M M M 7.1 21 100 M M 10 13 29 100
6 63 52 58 -4 7 0 0.57 M M 9.8 21 30 M M 9 1 28 30
7 72 47 60 -2 5 0 0.00 M M 6.4 15 10 M M 2 21 110
8 77 54 66 4 0 1 0.00 M M 15.0 30 170 M M 3 43 150
9 87 64 76 13 0 11 0.00 M M 16.8 26 160 M M 2 35 190
10 88 71 80 17 0 15 0.00 M M 10.9 20 180 M M 3 27 180
11 91 71 81 18 0 16 0.00 M M 8.1 17 150 M M 0 23 130
12 91 65 78 14 0 13 0.00 M M 6.5 13 160 M M 0 17 160
13 90 65 78 14 0 13 0.00 M M 6.7 24 160 M M 1 3 34 170
14 87 62 75 11 0 10 0.02 M M 3.5 17 200 M M 2 3 22 190
15 76 57 67 3 0 2 0.46 M M 5.5 38 270 M M 1 13 55 270
16 77 49 63 -2 2 0 0.00 M M 4.9 15 320 M M 0 19 300
17 79 54 67 2 0 2 0.00 M M 8.6 17 200 M M 1 23 180
18 80 61 71 6 0 6 0.20 M M 7.5 18 160 M M 3 13 26 150
19 75 59 67 1 0 2 0.97 M M 8.8 25 270 M M 2 13 34 190
20 85 68 77 11 0 12 T M M 13.7 22 190 M M 2 35 190
21 68 52 60 -6 5 0 1.50 M M 9.4 33 250 M M 10 13 44 260
22 60 46 53 -13 12 0 0.00 M M 7.7 15 10 M M 1 20 360
23 65 44 55 -12 10 0 0.00 M M 7.5 18 80 M M 7 27 70
24 66 53 60 -7 5 0 0.07 M M 10.3 16 100 M M 7 1 26 80
25 73 57 65 -2 0 0 1.67 M M 9.9 24 220 M M 8 13 40 170
26 62 55 59 -9 6 0 0.22 M M 7.1 17 220 M M 8 1 23 300
27 70 52 61 -7 4 0 0.05 M M 9.0 17 300 M M 7 1 24 290
28 77 52 65 -3 0 0 0.00 M M 10.4 17 160 M M 0 25 180
29 85 64 75 7 0 10 0.00 M M 16.1 24 160 M M 0 40 150
30 84 68 76 7 0 11 0.00 M M 14.9 26 160 M M 1 37 180
31 85 71 78 9 0 13 0.00 M M 11.0 18 200 M M 3 31 180
================================================================================
SM 2320 1756 105 137 6.26 M 294.6 M 117
================================================================================
AV 74.8 56.6 9.5 FASTST M M 4 MAX(MPH)
MISC ----> 38 270 55 270
================================================================================
NOTES:
# LAST OF SEVERAL OCCURRENCES
COLUMN 17 PEAK WIND IN M.P.H.
PRELIMINARY LOCAL CLIMATOLOGICAL DATA (WS FORM: F-6) , PAGE 2
STATION: VICHY-ROLLA MO
MONTH: MAY
YEAR: 2022
LATITUDE: 38 7 N
LONGITUDE: 91 46 W
[TEMPERATURE DATA] [PRECIPITATION DATA] SYMBOLS USED IN COLUMN 16
AVERAGE MONTHLY: 65.7 TOTAL FOR MONTH: M 1 = FOG OR MIST
DPTR FM NORMAL: 1.0 DPTR FM NORMAL: M 2 = FOG REDUCING VISIBILITY
HIGHEST: 91 ON 12,11 GRTST 24HR M ON M TO 1/4 MILE OR LESS
LOWEST: 44 ON 23 3 = THUNDER
SNOW, ICE PELLETS, HAIL 4 = ICE PELLETS
TOTAL MONTH: M 5 = HAIL
GRTST 24HR M ON M 6 = FREEZING RAIN OR DRIZZLE
GRTST DEPTH: M ON M 7 = DUSTSTORM OR SANDSTORM:
VSBY 1/2 MILE OR LESS
8 = SMOKE OR HAZE
[NO. OF DAYS WITH] [WEATHER - DAYS WITH] 9 = BLOWING SNOW
X = TORNADO
MAX 32 OR BELOW: 0 0.01 INCH OR MORE: 12
MAX 90 OR ABOVE: 3 0.10 INCH OR MORE: 8
MIN 32 OR BELOW: 0 0.50 INCH OR MORE: 5
MIN 0 OR BELOW: 0 1.00 INCH OR MORE: 2
[HDD (BASE 65) ]
TOTAL THIS MO. 105 CLEAR (SCALE 0-3) 20
DPTR FM NORMAL -2 PTCLDY (SCALE 4-7) 5
TOTAL FM JUL 1 4061 CLOUDY (SCALE 8-10) 6
DPTR FM NORMAL -651
[CDD (BASE 65) ]
TOTAL THIS MO. 137
DPTR FM NORMAL 41 [PRESSURE DATA]
TOTAL FM JAN 1 155 HIGHEST SLP M ON M
DPTR FM NORMAL 30 LOWEST SLP 29.44 ON 20
[REMARKS]
PRECIPITATION DATA FOR THE MONTH IS MISSING DUE TO MULTIPLE
DAYS(4TH AND 5TH) MISSING PRECIPITATION. ASOS RAIN
GAUGE WAS CLOGGED ON THESE DAYS.
#FINAL-05-22#